07-03 18:52:03.114 1283 1698 D ACDB-LOADER: ACDB -> ACDB_AVSYNC_INFO: ACDB_CMD_GET_DEVICE_PROPERTY
07-03 18:52:03.114 1283 1698 I audio_hw_utils: audio_extn_utils_send_app_type_cfg: PLAYBACK app_type 69936, acdb_dev_id 15, sample_rate 48000
07-03 18:52:03.114 1283 1698 D audio_hw_primary: enable_audio_route: apply mixer and update path: low-latency-playback
07-03 18:52:03.115 1283 1698 D audio_hw_primary: select_devices: done
07-03 18:52:03.141 1283 1698 D msm8916_platform: platform_set_channel_map mixer_ctl_name:Playback Channel Map12
07-03 18:52:03.141 1283 1698 D msm8916_platform: platform_set_channel_map: set mapping(1 2 3 0 0 0 0 0) for channel:2
07-03 18:52:03.141 1283 1698 D audio_hw_primary: start_output_stream: exit
07-03 18:52:03.191 5271 5271 I SlideTouchEvent: vel=0.0, MinimumFlingVelocity=90
07-03 18:52:03.209 1247 5183 I ActivityManager: START u0 {act=android.intent.action.MAIN cat=[android.intent.category.HOME] flg=0x10200000 cmp=com.teslacoilsw.launcher/.NovaLauncher (has extras)} from uid 1000 on display 0
07-03 18:52:03.260 19764 19816 I Adreno-EGL: : EGL 1.4 QUALCOMM build: (Ifd751822f5)
07-03 18:52:03.260 19764 19816 I Adreno-EGL: OpenGL ES Shader Compiler Version: XE031.06.00.05
07-03 18:52:03.260 19764 19816 I Adreno-EGL: Build Date: 01/26/16 Tue 07-03 18:52:03.260 19764 19816 I Adreno-EGL: Local Branch: AU12_SBA
07-03 18:52:03.260 19764 19816 I Adreno-EGL: Remote Branch:
07-03 18:52:03.260 19764 19816 I Adreno-EGL: Local Patches:
07-03 18:52:03.260 19764 19816 I Adreno-EGL: Reconstruct Branch:
07-03 18:52:03.260 19764 19816 I OpenGLRenderer: Initialized EGL, version 1.4
07-03 18:52:03.260 19764 19816 D OpenGLRenderer: Swap behavior 1
07-03 18:52:03.524 19764 19764 W SessionLifecycleManager: Handover failed. Creating new session controller.
07-03 18:52:03.555 1247 1265 I art : Background partial concurrent mark sweep GC freed 71487(4MB) AllocSpace objects, 23(888KB) LOS objects, 33% free, 18MB/28MB, paused 8.140ms total 298.834ms
07-03 18:52:03.560 19764 19764 I OptInState: There is a new client and it does not support opt-in. Dropping request.
07-03 18:52:03.630 19764 19926 W LocationOracle: No location history returned by ContextManager
07-03 18:52:03.852 6261 12331 I PlaceInferenceEngine: [anon] Changed inference mode: 105
07-03 18:52:03.925 6261 6261 E ctxmgr : [WorkInfo]Attribution was already enqueued pkg=com.google.android.gms, lbl=PlacesProducer_receive, start=unspec, stop=unspec.
07-03 18:52:03.954 6261 19555 E ctxmgr : [WorkManager]Ongoing task not found: PlacesProducer_receive
07-03 18:52:03.959 6261 12331 I Places : ?: PlacesBleScanner start() with priority 2
07-03 18:52:03.959 6261 12331 I PlaceInferenceEngine: [anon] Changed inference mode: 102
07-03 18:52:03.963 6261 6261 D Error : ERR: exClass=android.os.StrictMode$StrictModeDiskReadViolation
07-03 18:52:03.963 6261 6261 D Error : ERR: exMsg=policy=23068679 violation=2
07-03 18:52:03.963 6261 6261 D Error : ERR: file=StrictMode.java
07-03 18:52:03.963 6261 6261 D Error : ERR: class=android.os.StrictMode$AndroidBlockGuardPolicy
07-03 18:52:03.963 6261 6261 D Error : ERR: method=onReadFromDisk line=1293
07-03 18:52:03.968 6261 6261 D Error : ERR: stack=android.os.StrictMode$StrictModeDiskReadViolation: policy=23068679 violation=2
07-03 18:52:03.968 6261 6261 D Error : at android.os.StrictMode$AndroidBlockGuardPolicy.onReadFromDisk(StrictMode.java:1293)
07-03 18:52:03.968 6261 6261 D Error : at java.io.UnixFileSystem.checkAccess(UnixFileSystem.java:249)
07-03 18:52:03.968 6261 6261 D Error : at java.io.File.exists(File.java:780)
07-03 18:52:03.968 6261 6261 D Error : at android.app.ContextImpl.ensurePrivateDirExists(ContextImpl.java:512)
07-03 18:52:03.968 6261 6261 D Error : at android.app.ContextImpl.getPreferencesDir(ContextImpl.java:468)
07-03 18:52:03.968 6261 6261 D Error : at android.app.ContextImpl.getSharedPreferencesPath(ContextImpl.java:627)
07-03 18:52:03.968 6261 6261 D Error : at android.app.ContextImpl.getSharedPreferences(ContextImpl.java:345)
07-03 18:52:03.968 6261 6261 D Error : at android.content.ContextWrapper.getSharedPreferences(ContextWrapper.java:164)
07-03 18:52:03.968 6261 6261 D Error : at android.content.ContextWrapper.getSharedPreferences(ContextWrapper.java:164)
07-03 18:52:03.968 6261 6261 D Error : at clo.(:com.google.android.gms:0)
07-03 18:52:03.968 6261 6261 D Error : at ckp.K(:com.google.android.gms:1)
07-03 18:52:03.968 6261 6261 D Error : at ckp.a(:com.google.android.gms:5)
07-03 18:52:03.968 6261 6261 D Error : at ckp.k(:com.google.android.gms:0)
07-03 18:52:03.968 6261 6261 D Error : at com.google.android.contextmanager.service.ContextManagerChimeraService.onCreate(:com.google.android.gms:2)
07-03 18:52:03.968 6261 6261 D Error : at byx.onCreate(:com.google.android.gms:0)
07-03 18:52:03.968 6261 6261 D Error : at jda.onCreate(:com.google.android.gms:4)
07-03 18:52:03.968 6261 6261 D Error : at android.app.ActivityThread.handleCreateService(ActivityThread.java:3210)
07-03 18:52:03.968 6261 6261 D Error : at android.app.ActivityThread.-wrap5(ActivityThread.java)
07-03 18:52:03.968 6261 6261 D Error : at android.app.ActivityThread$H.handleMessage(ActivityThread.java:1582)
07-03 18:52:03.968 6261 6261 D Error : at android.os.Handler.dispatchMessage(Handler.java:102)
07-03 18:52:03.968 6261 6261 D Error : at android.os.Looper.loop(Looper.java:154)
07-03 18:52:03.968 6261 6261 D Error : at android.app.ActivityThread.main(ActivityThread.java:6208)
07-03 18:52:03.968 6261 6261 D Error : at java.lang.reflect.Method.invoke(Native Method)
07-03 18:52:03.968 6261 6261 D Error : at com.android.internal.os.ZygoteInit$MethodAndArgsCaller.run(ZygoteInit.java:891)
07-03 18:52:03.968 6261 6261 D Error : at com.android.internal.os.ZygoteInit.main(ZygoteInit.java:781)
07-03 18:52:03.968 6261 6261 D Error : # via Binder call with stack:
07-03 18:52:03.968 6261 6261 D Error : android.os.StrictMode$LogStackTrace
07-03 18:52:03.968 6261 6261 D Error : at android.os.StrictMode.readAndHandleBinderCallViolations(StrictMode.java:1954)
07-03 18:52:03.968 6261 6261 D Error : at android.os.Parcel.readExceptionCode(Parcel.java:1665)
07-03 18:52:03.968 6261 6261 D Error : at android.os.Parcel.readException(Parcel.java:1634)
07-03 18:52:03.968 6261 6261 D Error : at oz.b(:com.google.android.gms.GoogleCertificates:9)
07-03 18:52:03.968 6261 6261 D Error : at os.a(:com.google.android.gms.GoogleCertificates:47)
07-03 18:52:03.968 6261 6261 D Error : at os.(:com.google.android.gms.GoogleCertificates:3)
07-03 18:52:03.968 6261 6261 D Error : at ot.createFromParcel(:com.google.android.gms.GoogleCertificates:71)
07-03 18:52:03.968 6261 6261 D Error : at pb.onTransact(:com.google.android.gms.GoogleCertificates:54)
07-03 18:52:03.968 6261 6261 D Error : at android.os.Binder.transact(Binder.java:499)
07-03 18:52:03.968 6261 6261 D Error : at kwl.isGoogleOrPlatformSigned(:com.google.android.gms:3)
07-03 18:52:03.968 6261 6261 D Error : at joo.a(:com.google.android.gms:25)
07-03 18:52:03.968 6261 6261 D Error : at joo.a(:com.google.android.gms:20)
07-03 18:52:03.968 6261 6261 D Error : at keq.b(:com.google.android.gms:3)
07-03 18:52:03.968 6261 6261 D Error : at keq.a(:com.google.android.gms:25)
07-03 18:52:03.968 6261 6261 D Error : at keq.b(:com.google.android.gms:16)
07-03 18:52:03.968 6261 6261 D Error : at keq.c(:com.google.android.gms:3)
07-03 18:52:03.968 6261 6261 D Error : at com.google.android.gms.auth.account.be.legacy.AccountChimeraContentProvider.call(:com.google.android.gms:1)
07-03 18:52:03.968 6261 6261 D Error : at bxn.call(:com.google.android.gms:0)
07-03 18:52:03.968 6261 6261 D Error : at android.content.ContentProvider$Transport.call(ContentProvider.java:400)
07-03 18:52:03.968 6261 6261 D Error : at android.content.ContentProviderClient.call(ContentProviderClient.java:456)
07-03 18:52:03.968 6261 6261 D Error : at dzg.f(:com.google.android.gms:1)
07-03 18:52:03.968 6261 6261 D Error : at dze.d(:com.google.android.gms:2)
07-03 18:52:03.968 6261 6261 D Error : at akvc.b(:com.google.android.gms:0)
07-03 18:52:03.968 6261 6261 D Error : at akvc.(:com.google.android.gms:2)
07-03 18:52:03.968 6261 6261 D Error : at akvc.a(:com.google.android.gms:0)
07-03 18:52:03.968 6261 6261 D Error : at akqa.a(:com.google.android.gms:1)
07-03 18:52:03.968 6261 6261 D Error : at com.google.android.location.reporting.service.ReportingAndroidChimeraService.onCreate(:com.google.android.gms:0)
07-03 18:52:03.968 6261 6261 D Error : at byx.onCreate(:com.google.android.gms:0)
07-03 18:52:03.968 6261 6261 D Error : at jda.onCreate(:com.google.android.gms:4)
07-03 18:52:03.968 6261 6261 D Error : at android.app.ActivityThread.handleCreateService(ActivityThread.java:3210)
07-03 18:52:03.968 6261 6261 D Error : at android.app.ActivityThread.-wrap5(ActivityThread.java)
07-03 18:52:03.968 6261 6261 D Error : at android.app.ActivityThread$H.handleMessage(ActivityThread.java:1582)
07-03 18:52:03.968 6261 6261 D Error : at android.os.Handler.dispatchMessage(Handler.java:102)
07-03 18:52:03.968 6261 6261 D Error : at android.os.Looper.loop(Looper.java:154)
07-03 18:52:03.968 6261 6261 D Error : at android.app.ActivityThread.main(ActivityThread.java:6208)
07-03 18:52:03.968 6261 6261 D Error : at java.lang.reflect.Method.invoke(Native Method)
07-03 18:52:03.968 6261 6261 D Error : at com.android.internal.os.ZygoteInit$MethodAndArgsCaller.run(ZygoteInit.java:891)
07-03 18:52:03.968 6261 6261 D Error : at com.android.internal.os.ZygoteInit.main(ZygoteInit.java:781)
07-03 18:52:03.968 6261 6261 D Error : # via Binder call with stack:
07-03 18:52:03.968 6261 6261 D Error : android.os.StrictMode$LogStackTrace
07-03 18:52:03.968 6261 6261 D Error : at android.os.StrictMode.readAndHandleBinderCallViolations(StrictMode.java:1954)
07-03 18:52:03.968 6261 6261 D Error : at android.os.Parcel.readExceptionCode(Pa
07-03 18:52:03.968 6261 6261 D Error : ERR: TOTAL BYTES WRITTEN: 41352
07-03 18:52:03.969 6261 6261 D Error : ERR: exClass=android.os.StrictMode$StrictModeDiskReadViolation
07-03 18:52:03.969 6261 6261 D Error : ERR: exMsg=policy=23068679 violation=2
07-03 18:52:03.969 6261 6261 D Error : ERR: file=StrictMode.java
07-03 18:52:03.969 6261 6261 D Error : ERR: class=android.os.StrictMode$AndroidBlockGuardPolicy
07-03 18:52:03.969 6261 6261 D Error : ERR: method=onReadFromDisk line=1293
07-03 18:52:03.971 6261 6261 D Error : ERR: stack=android.os.StrictMode$StrictModeDiskReadViolation: policy=23068679 violation=2
07-03 18:52:03.971 6261 6261 D Error : at android.os.StrictMode$AndroidBlockGuardPolicy.onReadFromDisk(StrictMode.java:1293)
07-03 18:52:03.971 6261 6261 D Error : at java.io.UnixFileSystem.checkAccess(UnixFileSystem.java:249)
07-03 18:52:03.971 6261 6261 D Error : at java.io.File.exists(File.java:780)
07-03 18:52:03.971 6261 6261 D Error : at android.app.ContextImpl.ensurePrivateDirExists(ContextImpl.java:512)
07-03 18:52:03.971 6261 6261 D Error : at android.app.ContextImpl.getDatabasesDir(ContextImpl.java:715)
07-03 18:52:03.971 6261 6261 D Error : at android.app.ContextImpl.getDatabasePath(ContextImpl.java:694)
07-03 18:52:03.971 6261 6261 D Error : at android.app.ContextImpl.openOrCreateDatabase(ContextImpl.java:644)
07-03 18:52:03.971 6261 6261 D Error : at android.content.ContextWrapper.openOrCreateDatabase(ContextWrapper.java:289)
07-03 18:52:03.971 6261 6261 D Error : at android.content.ContextWrapper.openOrCreateDatabase(ContextWrapper.java:289)
07-03 18:52:03.971 6261 6261 D Error : at android.database.sqlite.SQLiteOpenHelper.getDatabaseLocked(SQLiteOpenHelper.java:223)
07-03 18:52:03.971 6261 6261 D Error : at android.database.sqlite.SQLiteOpenHelper.getWritableDatabase(SQLiteOpenHelper.java:163)
07-03 18:52:03.971 6261 6261 D Error : at cqt.getWritableDatabase(:com.google.android.gms:0)
07-03 18:52:03.971 6261 6261 D Error : at cqp.a(:com.google.android.gms:3)
07-03 18:52:03.971 6261 6261 D Error : at crh.b(:com.google.android.gms:5)
07-03 18:52:03.971 6261 6261 D Error : at crh.a(:com.google.android.gms:132)
07-03 18:52:03.971 6261 6261 D Error : at ckp.N(:com.google.android.gms:1)
07-03 18:52:03.971 6261 6261 D Error : at ckp.n(:com.google.android.gms:0)
07-03 18:52:03.971 6261 6261 D Error : at che.a(:com.google.android.gms:12)
07-03 18:52:03.971 6261 6261 D Error : at crm.(:com.google.android.gms:1)
07-03 18:52:03.971 6261 6261 D Error : at cqw.(:com.google.android.gms:0)
07-03 18:52:03.971 6261 6261 D Error : at ckp.L(:com.google.android.gms:1)
07-03 18:52:03.971 6261 6261 D Error : at ckp.a(:com.google.android.gms:5)
07-03 18:52:03.971 6261 6261 D Error : at ckp.k(:com.google.android.gms:0)
07-03 18:52:03.971 6261 6261 D Error : at com.google.android.contextmanager.service.ContextManagerChimeraService.onCreate(:com.google.android.gms:2)
07-03 18:52:03.971 6261 6261 D Error : at byx.onCreate(:com.google.android.gms:0)
07-03 18:52:03.971 6261 6261 D Error : at jda.onCreate(:com.google.android.gms:4)
07-03 18:52:03.971 6261 6261 D Error : at android.app.ActivityThread.handleCreateService(ActivityThread.java:3210)
07-03 18:52:03.971 6261 6261 D Error : at android.app.ActivityThread.-wrap5(ActivityThread.java)
07-03 18:52:03.971 6261 6261 D Error : at android.app.ActivityThread$H.handleMessage(ActivityThread.java:1582)
07-03 18:52:03.971 6261 6261 D Error : at android.os.Handler.dispatchMessage(Handler.java:102)
07-03 18:52:03.971 6261 6261 D Error : at android.os.Looper.loop(Looper.java:154)
07-03 18:52:03.971 6261 6261 D Error : at android.app.ActivityThread.main(ActivityThread.java:6208)
07-03 18:52:03.971 6261 6261 D Error : at java.lang.reflect.Method.invoke(Native Method)
07-03 18:52:03.971 6261 6261 D Error : at com.android.internal.os.ZygoteInit$MethodAndArgsCaller.run(ZygoteInit.java:891)
07-03 18:52:03.971 6261 6261 D Error : at com.android.internal.os.ZygoteInit.main(ZygoteInit.java:781)
07-03 18:52:03.971 6261 6261 D Error : # via Binder call with stack:
07-03 18:52:03.971 6261 6261 D Error : android.os.StrictMode$LogStackTrace
07-03 18:52:03.971 6261 6261 D Error : at android.os.StrictMode.readAndHandleBinderCallViolations(StrictMode.java:1954)
07-03 18:52:03.971 6261 6261 D Error : at android.os.Parcel.readExceptionCode(Parcel.java:1665)
07-03 18:52:03.971 6261 6261 D Error : at android.os.Parcel.readException(Parcel.java:1634)
07-03 18:52:03.971 6261 6261 D Error : at oz.b(:com.google.android.gms.GoogleCertificates:9)
07-03 18:52:03.971 6261 6261 D Error : at os.a(:com.google.android.gms.GoogleCertificates:47)
07-03 18:52:03.971 6261 6261 D Error : at os.(:com.google.android.gms.GoogleCertificates:3)
07-03 18:52:03.971 6261 6261 D Error : at ot.createFromParcel(:com.google.android.gms.GoogleCertificates:71)
07-03 18:52:03.971 6261 6261 D Error : at pb.onTransact(:com.google.android.gms.GoogleCertificates:54)
07-03 18:52:03.971 6261 6261 D Error : at android.os.Binder.transact(Binder.java:499)
07-03 18:52:03.971 6261 6261 D Error : at kwl.isGoogleOrPlatformSigned(:com.google.android.gms:3)
07-03 18:52:03.971 6261 6261 D Error : at joo.a(:com.google.android.gms:25)
07-03 18:52:03.971 6261 6261 D Error : at joo.a(:com.google.android.gms:20)
07-03 18:52:03.971 6261 6261 D Error : at keq.b(:com.google.android.gms:3)
07-03 18:52:03.971 6261 6261 D Error : at keq.a(:com.google.android.gms:25)
07-03 18:52:03.971 6261 6261 D Error : at keq.b(:com.google.android.gms:16)
07-03 18:52:03.971 6261 6261 D Error : at keq.c(:com.google.android.gms:3)
07-03 18:52:03.971 6261 6261 D Error : at com.google.android.gms.auth.account.be.legacy.AccountChimeraContentProvider.call(:com.google.android.gms:1)
07-03 18:52:03.971 6261 6261 D Error : at bxn.call(:com.google.android.gms:0)
07-03 18:52:03.971 6261 6261 D Error : at android.content.ContentProvider$Transport.call(ContentProvider.java:400)
07-03 18:52:03.971 6261 6261 D Error : at android.content.ContentProviderClient.call(ContentProviderClient.java:456)
07-03 18:52:03.971 6261 6261 D Error : at dzg.f(:com.google.android.gms:1)
07-03 18:52:03.971 6261 6261 D Error : at dze.d(:com.google.android.gms:2)
07-03 18:52:03.971 6261 6261 D Error : at akvc.b(:com.google.android.gms:0)
07-03 18:52:03.971 6261 6261 D Error : at akvc.(:com.google.android.gms:2)
07-03 18:52:03.971 6261 6261 D Error : at akvc.a(:com.google.android.gms:0)
07-03 18:52:03.971 6261 6261 D Error : at akqa.a(:com.google.android.gms:1)
07-03 18:52:03.971 6261 6261 D Error : at com.google.android.location.reporting.service.ReportingAndroidChimeraService.onCreate(:com.google.android.gms:0)
07-03 18:52:03.971 6261 6261 D Error : at byx.onCreate(:com.google.android.gms:0)
07-03 18:52:03.971 6261 6261 D Error : at jda.onCreate(:com.google.android.gms:4)
07-03 18:52:03.971 6261 6261 D Error : at android.app.ActivityThread.handleCreateService(ActivityThread.java:3210)
07-03 18:52:03.971 6261 6261 D Error : at android.app.ActivityThread.-wrap5(ActivityThread.java)
07-03 18:52:03.971 6261 6261 D Error : at android.app.ActivityThread$H.handleMessage(ActivityThread.java:1582)
07-03 18:52:03.971 6261 6261 D Error : at android.os.Handler.dispatchMessage(Handler.java:102)
07-03 18:52:03.971 6261 6261 D Error : at
07-03 18:52:03.971 6261 6261 D Error : ERR: TOTAL BYTES WRITTEN: 41352
07-03 18:52:03.971 6261 6261 D Error : ERR: exClass=android.os.StrictMode$StrictModeDiskReadViolation
07-03 18:52:03.971 6261 6261 D Error : ERR: exMsg=policy=23068679 violation=2
07-03 18:52:03.971 6261 6261 D Error : ERR: file=StrictMode.java
07-03 18:52:03.971 6261 6261 D Error : ERR: class=android.os.StrictMode$AndroidBlockGuardPolicy
07-03 18:52:03.971 6261 6261 D Error : ERR: method=onReadFromDisk line=1293
07-03 18:52:03.972 6261 6261 D Error : ERR: stack=android.os.StrictMode$StrictModeDiskReadViolation: policy=23068679 violation=2
07-03 18:52:03.972 6261 6261 D Error : at android.os.StrictMode$AndroidBlockGuardPolicy.onReadFromDisk(StrictMode.java:1293)
07-03 18:52:03.972 6261 6261 D Error : at android.database.sqlite.SQLiteConnection.applyBlockGuardPolicy(SQLiteConnection.java:1041)
07-03 18:52:03.972 6261 6261 D Error : at android.database.sqlite.SQLiteConnection.executeForLong(SQLiteConnection.java:595)
07-03 18:52:03.972 6261 6261 D Error : at android.database.sqlite.SQLiteConnection.setPageSize(SQLiteConnection.java:251)
07-03 18:52:03.972 6261 6261 D Error : at android.database.sqlite.SQLiteConnection.open(SQLiteConnection.java:213)
07-03 18:52:03.972 6261 6261 D Error : at android.database.sqlite.SQLiteConnection.open(SQLiteConnection.java:193)
07-03 18:52:03.972 6261 6261 D Error : at android.database.sqlite.SQLiteConnectionPool.openConnectionLocked(SQLiteConnectionPool.java:463)
07-03 18:52:03.972 6261 6261 D Error : at android.database.sqlite.SQLiteConnectionPool.open(SQLiteConnectionPool.java:185)
07-03 18:52:03.972 6261 6261 D Error : at android.database.sqlite.SQLiteConnectionPool.open(SQLiteConnectionPool.java:177)
07-03 18:52:03.972 6261 6261 D Error : at android.database.sqlite.SQLiteDatabase.openInner(SQLiteDatabase.java:808)
07-03 18:52:03.972 6261 6261 D Error : at android.database.sqlite.SQLiteDatabase.open(SQLiteDatabase.java:793)
07-03 18:52:03.972 6261 6261 D Error : at android.database.sqlite.SQLiteDatabase.openDatabase(SQLiteDatabase.java:696)
07-03 18:52:03.972 6261 6261 D Error : at android.app.ContextImpl.openOrCreateDatabase(ContextImpl.java:652)
07-03 18:52:03.972 6261 6261 D Error : at android.content.ContextWrapper.openOrCreateDatabase(ContextWrapper.java:289)
07-03 18:52:03.972 6261 6261 D Error : at android.content.ContextWrapper.openOrCreateDatabase(ContextWrapper.java:289)
07-03 18:52:03.972 6261 6261 D Error : at android.database.sqlite.SQLiteOpenHelper.getDatabaseLocked(SQLiteOpenHelper.java:223)
07-03 18:52:03.972 6261 6261 D Error : at android.database.sqlite.SQLiteOpenHelper.getWritableDatabase(SQLiteOpenHelper.java:163)
07-03 18:52:03.972 6261 6261 D Error : at cqt.getWritableDatabase(:com.google.android.gms:0)
07-03 18:52:03.972 6261 6261 D Error : at cqp.a(:com.google.android.gms:3)
07-03 18:52:03.972 6261 6261 D Error : at crh.b(:com.google.android.gms:5)
07-03 18:52:03.972 6261 6261 D Error : at crh.a(:com.google.android.gms:132)
07-03 18:52:03.972 6261 6261 D Error : at ckp.N(:com.google.android.gms:1)
07-03 18:52:03.972 6261 6261 D Error : at ckp.n(:com.google.android.gms:0)
07-03 18:52:03.972 6261 6261 D Error : at che.a(:com.google.android.gms:12)
07-03 18:52:03.972 6261 6261 D Error : at crm.(:com.google.android.gms:1)
07-03 18:52:03.972 6261 6261 D Error : at cqw.(:com.google.android.gms:0)
07-03 18:52:03.972 6261 6261 D Error : at ckp.L(:com.google.android.gms:1)
07-03 18:52:03.972 6261 6261 D Error : at ckp.a(:com.google.android.gms:5)
07-03 18:52:03.972 6261 6261 D Error : at ckp.k(:com.google.android.gms:0)
07-03 18:52:03.972 6261 6261 D Error : at com.google.android.contextmanager.service.ContextManagerChimeraService.onCreate(:com.google.android.gms:2)
07-03 18:52:03.972 6261 6261 D Error : at byx.onCreate(:com.google.android.gms:0)
07-03 18:52:03.972 6261 6261 D Error : at jda.onCreate(:com.google.android.gms:4)
07-03 18:52:03.972 6261 6261 D Error : at android.app.ActivityThread.handleCreateService(ActivityThread.java:3210)
07-03 18:52:03.972 6261 6261 D Error : at android.app.ActivityThread.-wrap5(ActivityThread.java)
07-03 18:52:03.972 6261 6261 D Error : at android.app.ActivityThread$H.handleMessage(ActivityThread.java:1582)
07-03 18:52:03.972 6261 6261 D Error : at android.os.Handler.dispatchMessage(Handler.java:102)
07-03 18:52:03.972 6261 6261 D Error : at android.os.Looper.loop(Looper.java:154)
07-03 18:52:03.972 6261 6261 D Error : at android.app.ActivityThread.main(ActivityThread.java:6208)
07-03 18:52:03.972 6261 6261 D Error : at java.lang.reflect.Method.invoke(Native Method)
07-03 18:52:03.972 6261 6261 D Error : at com.android.internal.os.ZygoteInit$MethodAndArgsCaller.run(ZygoteInit.java:891)
07-03 18:52:03.972 6261 6261 D Error : at com.android.internal.os.ZygoteInit.main(ZygoteInit.java:781)
07-03 18:52:03.972 6261 6261 D Error : # via Binder call with stack:
07-03 18:52:03.972 6261 6261 D Error : android.os.StrictMode$LogStackTrace
07-03 18:52:03.972 6261 6261 D Error : at android.os.StrictMode.readAndHandleBinderCallViolations(StrictMode.java:1954)
07-03 18:52:03.972 6261 6261 D Error : at android.os.Parcel.readExceptionCode(Parcel.java:1665)
07-03 18:52:03.972 6261 6261 D Error : at android.os.Parcel.readException(Parcel.java:1634)
07-03 18:52:03.972 6261 6261 D Error : at oz.b(:com.google.android.gms.GoogleCertificates:9)
07-03 18:52:03.972 6261 6261 D Error : at os.a(:com.google.android.gms.GoogleCertificates:47)
07-03 18:52:03.972 6261 6261 D Error : at os.(:com.google.android.gms.GoogleCertificates:3)
07-03 18:52:03.972 6261 6261 D Error : at ot.createFromParcel(:com.google.android.gms.GoogleCertificates:71)
07-03 18:52:03.972 6261 6261 D Error : at pb.onTransact(:com.google.android.gms.GoogleCertificates:54)
07-03 18:52:03.972 6261 6261 D Error : at android.os.Binder.transact(Binder.java:499)
07-03 18:52:03.972 6261 6261 D Error : at kwl.isGoogleOrPlatformSigned(:com.google.android.gms:3)
07-03 18:52:03.972 6261 6261 D Error : at joo.a(:com.google.android.gms:25)
07-03 18:52:03.972 6261 6261 D Error : at joo.a(:com.google.android.gms:20)
07-03 18:52:03.972 6261 6261 D Error : at keq.b(:com.google.android.gms:3)
07-03 18:52:03.972 6261 6261 D Error : at keq.a(:com.google.android.gms:25)
07-03 18:52:03.972 6261 6261 D Error : at keq.b(:com.google.android.gms:16)
07-03 18:52:03.972 6261 6261 D Error : at keq.c(:com.google.android.gms:3)
07-03 18:52:03.972 6261 6261 D Error : at com.google.android.gms.auth.account.be.legacy.AccountChimeraContentProvider.call(:com.google.android.gms:1)
07-03 18:52:03.972 6261 6261 D Error : at bxn.call(:com.google.android.gms:0)
07-03 18:52:03.972 6261 6261 D Error : at android.content.ContentProvider$Transport.call(ContentProvider.java:400)
07-03 18:52:03.972 6261 6261 D Error : at android.content.ContentProviderClient.call(ContentProviderClient.java:456)
07-03 18:52:03.972 6261 6261 D Error : at dzg.f(:com.google.android.gms:1)
07-03 18:52:03.972 6261 6261 D Error : at dze.d(:com.google.android.gms:2)
07-03 18:52:03.972 6261 6261 D Error : at akvc.b(:com.
07-03 18:52:03.972 6261 6261 D Error : ERR: TOTAL BYTES WRITTEN: 41352
07-03 18:52:03.977 1356 1356 I perfprofd: profile collection skipped (missing semaphore file)
07-03 18:52:04.852 6162 6162 E NEW_BHD : Open /sys/class/power_supply/gb_battery
07-03 18:52:04.873 5502 5502 D VideoCall_LowBattery: BatteryIntent received: android.intent.action.BATTERY_CHANGED
07-03 18:52:04.873 1247 1717 E BatteryStatsService: power: Missing API
07-03 18:52:04.935 5502 5502 D VideoCall_LowBattery: allowVideoCallsInLowBattery: false isCarrierOneSupported: false mIsLowbattery: false
07-03 18:52:04.944 6162 6162 E NEW_BHD : Open /sys/class/power_supply/gb_battery
07-03 18:52:04.960 1247 1717 E BatteryStatsService: modem info is invalid: ModemActivityInfo{ mTimestamp=0 mSleepTimeMs=0 mIdleTimeMs=0 mTxTimeMs[]=[0, 0, 0, 0, 0] mRxTimeMs=0 mEnergyUsed=0}
07-03 18:52:06.000 5235 5235 D wpa_supplicant: wlan0: Control interface command 'SIGNAL_POLL'
07-03 18:52:06.282 1283 1698 D audio_hw_primary: out_standby: enter: stream (0xb61c4380) usecase(1: low-latency-playback)
07-03 18:52:06.369 1283 1698 D audio_hw_primary: disable_audio_route: reset and update mixer path: low-latency-playback
07-03 18:52:06.371 1283 1698 D hardware_info: hw_info_append_hw_type : device_name = speaker
07-03 18:52:06.371 1283 1698 D audio_hw_primary: disable_snd_device: snd_device(2: speaker)
07-03 18:52:07.172 6467 6827 W OpenGLRenderer: Points are too far apart 4.001877
07-03 18:52:07.172 6467 6827 W OpenGLRenderer: Points are too far apart 4.001877
07-03 18:52:07.546 7207 7207 W ResourceType: No known package when getting value for resource number 0xff000000
07-03 18:52:07.550 7207 7207 W ResourceType: No known package when getting value for resource number 0xff000000
07-03 18:52:07.568 1247 6426 I ActivityManager: Process com.android.cellbroadcastreceiver (pid 19997) has died
07-03 18:52:07.568 1247 6426 D ActivityManager: cleanUpApplicationRecord -- 19997
07-03 18:52:07.599 1247 7028 I ActivityManager: Process com.android.defcontainer (pid 19277) has died
07-03 18:52:07.600 1247 7028 D ActivityManager: cleanUpApplicationRecord -- 19277
07-03 18:52:07.626 1247 5464 I ActivityManager: Process com.android.printspooler (pid 20023) has died
07-03 18:52:07.626 1247 5464 D ActivityManager: cleanUpApplicationRecord -- 20023
07-03 18:52:09.040 5235 5235 D wpa_supplicant: wlan0: Control interface command 'SIGNAL_POLL'
07-03 18:52:09.044 1247 5194 D WifiStateMachine: updateCapabilities for config:INFINITUMjhgcfalse,false
07-03 18:52:10.947 1283 1698 D audio_hw_primary: start_output_stream: enter: stream(0xb61c4380)usecase(1: low-latency-playback) devices(0x2)
07-03 18:52:10.947 1283 1698 D audio_hw_primary: select_devices: out_snd_device(2: speaker) in_snd_device(0: )
07-03 18:52:10.947 1283 1698 W msm8916_platform: Codec backend bitwidth 16, samplerate 48000
07-03 18:52:10.947 1283 1698 D hardware_info: hw_info_append_hw_type : device_name = speaker
07-03 18:52:10.947 1283 1698 D audio_hw_primary: enable_snd_device: snd_device(2: speaker)
07-03 18:52:10.960 6467 6827 W OpenGLRenderer: Points are too far apart 4.001877
07-03 18:52:10.960 6467 6827 W OpenGLRenderer: Points are too far apart 4.001877
07-03 18:52:10.961 1283 1698 W audio_hw_utils: audio_extn_utils_update_stream_app_type_cfg: App type could not be selected. Falling back to default
07-03 18:52:10.961 1283 1698 I audio_hw_primary: select_devices Selected apptype: 69936
07-03 18:52:10.961 1283 1698 D ACDB-LOADER: ACDB -> send_audio_cal, acdb_id = 15, path = 0
07-03 18:52:10.961 1283 1698 D ACDB-LOADER: ACDB -> send_asm_topology
07-03 18:52:10.961 1283 1698 D ACDB-LOADER: ACDB -> ACDB_CMD_GET_AUDPROC_STREAM_TOPOLOGY_ID
07-03 18:52:10.961 1283 1698 D ACDB-LOADER: ACDB -> send_adm_topology
07-03 18:52:10.961 1283 1698 D ACDB-LOADER: ACDB -> ACDB_CMD_GET_AUDPROC_COMMON_TOPOLOGY_ID
07-03 18:52:10.961 1283 1698 D ACDB-LOADER: ACDB -> send_audtable
07-03 18:52:10.961 1283 1698 D ACDB-LOADER: ACDB -> ACDB_CMD_GET_AUDPROC_COMMON_TABLE
07-03 18:52:10.961 1283 1698 D ACDB-LOADER: ACDB -> AUDIO_SET_AUDPROC_CAL
07-03 18:52:10.961 1283 1698 D ACDB-LOADER: ACDB -> send_audvoltable
07-03 18:52:10.961 1283 1698 D ACDB-LOADER: ACDB -> ACDB_CMD_GET_AUDPROC_GAIN_DEP_STEP_TABLE
07-03 18:52:10.961 1283 1698 D ACDB-LOADER: ACDB -> AUDIO_SET_AUDPROC_VOL_CAL
07-03 18:52:10.961 1283 1698 D ACDB-LOADER: ACDB -> send_afe_cal
07-03 18:52:10.961 1283 1698 D ACDB-LOADER: ACDB -> ACDB_CMD_GET_AFE_COMMON_TABLE
07-03 18:52:10.961 1283 1698 D : Failed to fetch the lookup information of the device 0000000F
07-03 18:52:10.962 1283 1698 D ACDB-LOADER: ACDB -> AUDIO_SET_AFE_CAL
07-03 18:52:10.962 1283 1698 D ACDB-LOADER: ACDB -> send_hw_delay : acdb_id = 15 path = 0
07-03 18:52:10.962 1283 1698 D ACDB-LOADER: ACDB -> ACDB_AVSYNC_INFO: ACDB_CMD_GET_DEVICE_PROPERTY
07-03 18:52:10.962 1283 1698 I audio_hw_utils: audio_extn_utils_send_app_type_cfg: PLAYBACK app_type 69936, acdb_dev_id 15, sample_rate 48000
07-03 18:52:10.962 1283 1698 D audio_hw_primary: enable_audio_route: apply mixer and update path: low-latency-playback
07-03 18:52:10.966 1283 1698 D audio_hw_primary: select_devices: done
07-03 18:52:10.995 1283 1698 D msm8916_platform: platform_set_channel_map mixer_ctl_name:Playback Channel Map12
07-03 18:52:10.996 1283 1698 D msm8916_platform: platform_set_channel_map: set mapping(1 2 3 0 0 0 0 0) for channel:2
07-03 18:52:10.996 1283 1698 D audio_hw_primary: start_output_stream: exit
07-03 18:52:12.095 5235 5235 D wpa_supplicant: wlan0: Control interface command 'SIGNAL_POLL'
07-03 18:52:12.656 6467 6827 W OpenGLRenderer: Points are too far apart 4.001877
07-03 18:52:12.656 6467 6827 W OpenGLRenderer: Points are too far apart 4.001877
07-03 18:52:12.677 6467 6467 W IInputConnectionWrapper: finishComposingText on inactive InputConnection
07-03 18:52:12.700 6467 6485 I art : Background sticky concurrent mark sweep GC freed 90874(5MB) AllocSpace objects, 69(2MB) LOS objects, 29% free, 18MB/26MB, paused 1.218ms total 110.548ms
07-03 18:52:12.976 7207 7207 W ResourceType: No known package when getting value for resource number 0xff000000
07-03 18:52:12.976 7207 7207 W ResourceType: No known package when getting value for resource number 0xff000000
07-03 18:52:15.143 5235 5235 D wpa_supplicant: wlan0: Control interface command 'SIGNAL_POLL'
07-03 18:52:15.147 1247 5194 D WifiStateMachine: updateCapabilities for config:INFINITUMjhgcfalse,false
07-03 18:52:16.110 1247 7033 I ActivityManager: START u0 {act=android.intent.action.MAIN cat=[android.intent.category.LAUNCHER] flg=0x10200000 cmp=org.libreoffice.impressremote/.activity.ComputersActivity (has extras)} from uid 10112 on display 0
07-03 18:52:16.159 19764 19764 I MemoryTrimmer: Trimming objects from memory, since app is in the background.
07-03 18:52:16.180 1247 6017 I ActivityManager: Start proc 20235:org.libreoffice.impressremote/u0a144 for activity org.libreoffice.impressremote/.activity.ComputersActivity
07-03 18:52:16.196 1247 16832 I ActivityManager: Process com.google.process.gapps (pid 19702) has died
07-03 18:52:16.196 1247 16832 D ActivityManager: cleanUpApplicationRecord -- 19702
07-03 18:52:16.279 20235 20235 W System : ClassLoader referenced unknown path: /data/app/org.libreoffice.impressremote-1/lib/arm
07-03 18:52:16.316 19764 19764 I MemoryTrimmer: Trimming objects from memory, since app is in the background.
07-03 18:52:16.626 20235 20252 I Adreno-EGL: : EGL 1.4 QUALCOMM build: (Ifd751822f5)
07-03 18:52:16.626 20235 20252 I Adreno-EGL: OpenGL ES Shader Compiler Version: XE031.06.00.05
07-03 18:52:16.626 20235 20252 I Adreno-EGL: Build Date: 01/26/16 Tue 07-03 18:52:16.626 20235 20252 I Adreno-EGL: Local Branch: AU12_SBA
07-03 18:52:16.626 20235 20252 I Adreno-EGL: Remote Branch:
07-03 18:52:16.626 20235 20252 I Adreno-EGL: Local Patches:
07-03 18:52:16.626 20235 20252 I Adreno-EGL: Reconstruct Branch:
07-03 18:52:16.632 20235 20235 I RenderThread: type=1400 audit(0.0:119): avc: denied { read } for uid=10144 name="gpuclk" dev="sysfs" ino=11450 scontext=u:r:untrusted_app:s0:c512,c768 tcontext=u:object_r:sysfs:s0 tclass=file permissive=1
07-03 18:52:16.632 20235 20235 I RenderThread: type=1400 audit(0.0:120): avc: denied { open } for uid=10144 path="/sys/devices/soc.0/1c00000.qcom,kgsl-3d0/kgsl/kgsl-3d0/gpuclk" dev="sysfs" ino=11450 scontext=u:r:untrusted_app:s0:c512,c768 tcontext=u:object_r:sysfs:s0 tclass=file permissive=1
07-03 18:52:16.632 20235 20235 I RenderThread: type=1400 audit(0.0:121): avc: denied { getattr } for uid=10144 path="/sys/devices/soc.0/1c00000.qcom,kgsl-3d0/kgsl/kgsl-3d0/gpuclk" dev="sysfs" ino=11450 scontext=u:r:untrusted_app:s0:c512,c768 tcontext=u:object_r:sysfs:s0 tclass=file permissive=1
07-03 18:52:16.631 20235 20252 I OpenGLRenderer: Initialized EGL, version 1.4
07-03 18:52:16.631 20235 20252 D OpenGLRenderer: Swap behavior 1
07-03 18:52:16.733 1247 1847 I ActivityManager: Displayed org.libreoffice.impressremote/.activity.ComputersActivity: +570ms
07-03 18:52:16.737 6467 6467 W IInputConnectionWrapper: reportFullscreenMode on inexistent InputConnection
07-03 18:52:16.737 6467 6467 W IInputConnectionWrapper: finishComposingText on inactive InputConnection
07-03 18:52:17.449 19764 19819 I PBSessionCacheImpl: Deleted sessionId[64130263053924] from persistence.
07-03 18:52:17.461 19764 19769 I art : Do full code cache collection, code=160KB, data=252KB
07-03 18:52:17.462 19764 19769 I art : Starting a blocking GC JitCodeCache
07-03 18:52:17.463 19764 19769 I art : After code cache collection, code=154KB, data=211KB
07-03 18:52:17.492 19764 19764 W SearchService: Abort, client detached.
07-03 18:52:17.510 19764 19764 I MemoryTrimmer: Trimming objects from memory, since app is in the background.
07-03 18:52:17.565 6261 18662 E ctxmgr : [ProducerActiveIntervalImpl]closeActiveInterval: Error: ongoing, trying to close
07-03 18:52:17.595 6261 12331 I PlaceInferenceEngine: [anon] Changed inference mode: 105
07-03 18:52:17.648 7855 7855 I BgHandler: type=1400 audit(0.0:122): avc: denied { read } for uid=10117 name="mem" dev="debugfs" ino=49639 scontext=u:r:untrusted_app:s0:c512,c768 tcontext=u:object_r:debugfs:s0 tclass=file permissive=1
07-03 18:52:17.648 7855 7855 I BgHandler: type=1400 audit(0.0:123): avc: denied { open } for uid=10117 path="/sys/kernel/debug/kgsl/proc/7855/mem" dev="debugfs" ino=49639 scontext=u:r:untrusted_app:s0:c512,c768 tcontext=u:object_r:debugfs:s0 tclass=file permissive=1
07-03 18:52:17.648 7855 7855 I BgHandler: type=1400 audit(0.0:124): avc: denied { getattr } for uid=10117 path="/sys/kernel/debug/kgsl/proc/7855/mem" dev="debugfs" ino=49639 scontext=u:r:untrusted_app:s0:c512,c768 tcontext=u:object_r:debugfs:s0 tclass=file permissive=1
07-03 18:52:18.205 5235 5235 D wpa_supplicant: wlan0: Control interface command 'SIGNAL_POLL'
07-03 18:52:18.904 1283 1698 D audio_hw_primary: out_standby: enter: stream (0xb61c4380) usecase(1: low-latency-playback)
07-03 18:52:19.002 1283 1698 D audio_hw_primary: disable_audio_route: reset and update mixer path: low-latency-playback
07-03 18:52:19.005 1283 1698 D hardware_info: hw_info_append_hw_type : device_name = speaker
07-03 18:52:19.005 1283 1698 D audio_hw_primary: disable_snd_device: snd_device(2: speaker)
07-03 18:52:21.251 5235 5235 D wpa_supplicant: wlan0: Control interface command 'SIGNAL_POLL'
07-03 18:52:24.303 5235 5235 D wpa_supplicant: wlan0: Control interface command 'SIGNAL_POLL'
07-03 18:52:26.419 1247 5464 I ActivityManager: START u0 {cmp=org.libreoffice.impressremote/.activity.ComputerConnectionActivity (has extras)} from uid 10144 on display 0
07-03 18:52:26.420 1283 1698 D audio_hw_primary: start_output_stream: enter: stream(0xb61c4380)usecase(1: low-latency-playback) devices(0x2)
07-03 18:52:26.421 1283 1698 D audio_hw_primary: select_devices: out_snd_device(2: speaker) in_snd_device(0: )
07-03 18:52:26.421 1283 1698 W msm8916_platform: Codec backend bitwidth 16, samplerate 48000
07-03 18:52:26.421 1283 1698 D hardware_info: hw_info_append_hw_type : device_name = speaker
07-03 18:52:26.421 1283 1698 D audio_hw_primary: enable_snd_device: snd_device(2: speaker)
07-03 18:52:26.427 1283 1698 W audio_hw_utils: audio_extn_utils_update_stream_app_type_cfg: App type could not be selected. Falling back to default
07-03 18:52:26.427 1283 1698 I audio_hw_primary: select_devices Selected apptype: 69936
07-03 18:52:26.427 1283 1698 D ACDB-LOADER: ACDB -> send_audio_cal, acdb_id = 15, path = 0
07-03 18:52:26.427 1283 1698 D ACDB-LOADER: ACDB -> send_asm_topology
07-03 18:52:26.427 1283 1698 D ACDB-LOADER: ACDB -> ACDB_CMD_GET_AUDPROC_STREAM_TOPOLOGY_ID
07-03 18:52:26.427 1283 1698 D ACDB-LOADER: ACDB -> send_adm_topology
07-03 18:52:26.427 1283 1698 D ACDB-LOADER: ACDB -> ACDB_CMD_GET_AUDPROC_COMMON_TOPOLOGY_ID
07-03 18:52:26.427 1283 1698 D ACDB-LOADER: ACDB -> send_audtable
07-03 18:52:26.427 1283 1698 D ACDB-LOADER: ACDB -> ACDB_CMD_GET_AUDPROC_COMMON_TABLE
07-03 18:52:26.427 1283 1698 D ACDB-LOADER: ACDB -> AUDIO_SET_AUDPROC_CAL
07-03 18:52:26.428 1283 1698 D ACDB-LOADER: ACDB -> send_audvoltable
07-03 18:52:26.428 1283 1698 D ACDB-LOADER: ACDB -> ACDB_CMD_GET_AUDPROC_GAIN_DEP_STEP_TABLE
07-03 18:52:26.428 1283 1698 D ACDB-LOADER: ACDB -> AUDIO_SET_AUDPROC_VOL_CAL
07-03 18:52:26.428 1283 1698 D ACDB-LOADER: ACDB -> send_afe_cal
07-03 18:52:26.428 1283 1698 D ACDB-LOADER: ACDB -> ACDB_CMD_GET_AFE_COMMON_TABLE
07-03 18:52:26.428 1283 1698 D : Failed to fetch the lookup information of the device 0000000F
07-03 18:52:26.428 1283 1698 D ACDB-LOADER: ACDB -> AUDIO_SET_AFE_CAL
07-03 18:52:26.428 1283 1698 D ACDB-LOADER: ACDB -> send_hw_delay : acdb_id = 15 path = 0
07-03 18:52:26.428 1283 1698 D ACDB-LOADER: ACDB -> ACDB_AVSYNC_INFO: ACDB_CMD_GET_DEVICE_PROPERTY
07-03 18:52:26.428 1283 1698 I audio_hw_utils: audio_extn_utils_send_app_type_cfg: PLAYBACK app_type 69936, acdb_dev_id 15, sample_rate 48000
07-03 18:52:26.428 1283 1698 D audio_hw_primary: enable_audio_route: apply mixer and update path: low-latency-playback
07-03 18:52:26.429 1283 1698 D audio_hw_primary: select_devices: done
07-03 18:52:26.459 1283 1698 D msm8916_platform: platform_set_channel_map mixer_ctl_name:Playback Channel Map12
07-03 18:52:26.459 1283 1698 D msm8916_platform: platform_set_channel_map: set mapping(1 2 3 0 0 0 0 0) for channel:2
07-03 18:52:26.460 1283 1698 D audio_hw_primary: start_output_stream: exit
07-03 18:52:26.580 1247 5464 I ActivityManager: START u0 {cmp=org.libreoffice.impressremote/.activity.SlideShowActivity} from uid 10144 on display 0
07-03 18:52:26.751 20235 20235 D AndroidRuntime: Shutting down VM
07-03 18:52:26.762 20235 20235 E AndroidRuntime: FATAL EXCEPTION: main
07-03 18:52:26.762 20235 20235 E AndroidRuntime: Process: org.libreoffice.impressremote, PID: 20235
07-03 18:52:26.762 20235 20235 E AndroidRuntime: android.os.NetworkOnMainThreadException
07-03 18:52:26.762 20235 20235 E AndroidRuntime: at android.os.StrictMode$AndroidBlockGuardPolicy.onNetwork(StrictMode.java:1303)
07-03 18:52:26.762 20235 20235 E AndroidRuntime: at java.net.SocketOutputStream.socketWrite(SocketOutputStream.java:111)
07-03 18:52:26.762 20235 20235 E AndroidRuntime: at java.net.SocketOutputStream.write(SocketOutputStream.java:157)
07-03 18:52:26.762 20235 20235 E AndroidRuntime: at sun.nio.cs.StreamEncoder.writeBytes(StreamEncoder.java:221)
07-03 18:52:26.762 20235 20235 E AndroidRuntime: at sun.nio.cs.StreamEncoder.implFlushBuffer(StreamEncoder.java:291)
07-03 18:52:26.762 20235 20235 E AndroidRuntime: at sun.nio.cs.StreamEncoder.implFlush(StreamEncoder.java:295)
07-03 18:52:26.762 20235 20235 E AndroidRuntime: at sun.nio.cs.StreamEncoder.flush(StreamEncoder.java:141)
07-03 18:52:26.762 20235 20235 E AndroidRuntime: at java.io.OutputStreamWriter.flush(OutputStreamWriter.java:229)
07-03 18:52:26.762 20235 20235 E AndroidRuntime: at java.io.BufferedWriter.flush(BufferedWriter.java:254)
07-03 18:52:26.762 20235 20235 E AndroidRuntime: at org.libreoffice.impressremote.communication.CommandsTransmitter.writeCommand(CommandsTransmitter.java:44)
07-03 18:52:26.762 20235 20235 E AndroidRuntime: at org.libreoffice.impressremote.communication.CommandsTransmitter.startPresentation(CommandsTransmitter.java:77)
07-03 18:52:26.762 20235 20235 E AndroidRuntime: at org.libreoffice.impressremote.activity.SlideShowActivity.startSlideShow(SlideShowActivity.java:174)
07-03 18:52:26.762 20235 20235 E AndroidRuntime: at org.libreoffice.impressremote.activity.SlideShowActivity.onServiceConnected(SlideShowActivity.java:158)
07-03 18:52:26.762 20235 20235 E AndroidRuntime: at android.app.LoadedApk$ServiceDispatcher.doConnected(LoadedApk.java:1453)
07-03 18:52:26.762 20235 20235 E AndroidRuntime: at android.app.LoadedApk$ServiceDispatcher$RunConnection.run(LoadedApk.java:1481)
07-03 18:52:26.762 20235 20235 E AndroidRuntime: at android.os.Handler.handleCallback(Handler.java:751)
07-03 18:52:26.762 20235 20235 E AndroidRuntime: at android.os.Handler.dispatchMessage(Handler.java:95)
07-03 18:52:26.762 20235 20235 E AndroidRuntime: at android.os.Looper.loop(Looper.java:154)
07-03 18:52:26.762 20235 20235 E AndroidRuntime: at android.app.ActivityThread.main(ActivityThread.java:6208)
07-03 18:52:26.762 20235 20235 E AndroidRuntime: at java.lang.reflect.Method.invoke(Native Method)
07-03 18:52:26.762 20235 20235 E AndroidRuntime: at com.android.internal.os.ZygoteInit$MethodAndArgsCaller.run(ZygoteInit.java:891)
07-03 18:52:26.762 20235 20235 E AndroidRuntime: at com.android.internal.os.ZygoteInit.main(ZygoteInit.java:781)
07-03 18:52:26.766 1247 1626 W ActivityManager: Force finishing activity org.libreoffice.impressremote/.activity.SlideShowActivity
07-03 18:52:26.777 1247 1626 W ContextImpl: Calling a method in the system process without a qualified user: android.app.ContextImpl.sendBroadcast:877 com.android.server.am.AppErrors.crashApplicationInner:370 com.android.server.am.AppErrors.crashApplication:305 com.android.server.am.ActivityManagerService.handleApplicationCrashInner:13558 com.android.server.am.ActivityManagerService.handleApplicationCrash:13540
07-03 18:52:26.779 20235 20235 I Process : Sending signal. PID: 20235 SIG: 9
07-03 18:52:26.787 1247 20275 W DropBoxManagerService: Dropping: data_app_crash (1864 > 0 bytes)
07-03 18:52:26.791 1247 5183 W InputDispatcher: channel 'dac1d1d org.libreoffice.impressremote/org.libreoffice.impressremote.activity.ComputerConnectionActivity (server)' ~ Consumer closed input channel or an error occurred. events=0x9
07-03 18:52:26.791 1247 5183 E InputDispatcher: channel 'dac1d1d org.libreoffice.impressremote/org.libreoffice.impressremote.activity.ComputerConnectionActivity (server)' ~ Channel is unrecoverably broken and will be disposed!
07-03 18:52:26.791 1247 5183 W InputDispatcher: channel '5c090b7 org.libreoffice.impressremote/org.libreoffice.impressremote.activity.SlideShowActivity (server)' ~ Consumer closed input channel or an error occurred. events=0x9
07-03 18:52:26.791 1247 5183 E InputDispatcher: channel '5c090b7 org.libreoffice.impressremote/org.libreoffice.impressremote.activity.SlideShowActivity (server)' ~ Channel is unrecoverably broken and will be disposed!
07-03 18:52:26.791 1247 5183 W InputDispatcher: channel '700997e org.libreoffice.impressremote/org.libreoffice.impressremote.activity.ComputersActivity (server)' ~ Consumer closed input channel or an error occurred. events=0x9
07-03 18:52:26.791 1247 5183 E InputDispatcher: channel '700997e org.libreoffice.impressremote/org.libreoffice.impressremote.activity.ComputersActivity (server)' ~ Channel is unrecoverably broken and will be disposed!
07-03 18:52:26.793 1247 7028 I WindowManager: WIN DEATH: Window{5c090b7 u0 org.libreoffice.impressremote/org.libreoffice.impressremote.activity.SlideShowActivity}
07-03 18:52:26.793 1247 7028 W InputDispatcher: Attempted to unregister already unregistered input channel '5c090b7 org.libreoffice.impressremote/org.libreoffice.impressremote.activity.SlideShowActivity (server)'
07-03 18:52:26.793 1247 1626 D GraphicsStats: Buffer count: 10
07-03 18:52:26.794 1247 1627 I ActivityManager: Process org.libreoffice.impressremote (pid 20235) has died
07-03 18:52:26.794 1247 1627 D ActivityManager: cleanUpApplicationRecord -- 20235
07-03 18:52:26.794 1247 1627 W ActivityManager: Scheduling restart of crashed service org.libreoffice.impressremote/.communication.CommunicationService in 1000ms
07-03 18:52:26.795 1247 1627 W ActivityManager: Scheduling restart of crashed service org.libreoffice.impressremote/.communication.CommunicationServiceWear in 11000ms
07-03 18:52:26.800 1247 6390 I WindowManager: WIN DEATH: Window{dac1d1d u0 org.libreoffice.impressremote/org.libreoffice.impressremote.activity.ComputerConnectionActivity}
07-03 18:52:26.800 1247 6390 W InputDispatcher: Attempted to unregister already unregistered input channel 'dac1d1d org.libreoffice.impressremote/org.libreoffice.impressremote.activity.ComputerConnectionActivity (server)'
07-03 18:52:26.803 1221 1221 W SurfaceFlinger: couldn't log to binary event log: overflow.
07-03 18:52:26.808 11514 11514 E AppCrashReceiver: org.libreoffice.impressremote stopped unexpectedly...
07-03 18:52:26.809 1247 5464 I WindowManager: WIN DEATH: Window{700997e u0 org.libreoffice.impressremote/org.libreoffice.impressremote.activity.ComputersActivity}
07-03 18:52:26.809 1247 5464 W InputDispatcher: Attempted to unregister already unregistered input channel '700997e org.libreoffice.impressremote/org.libreoffice.impressremote.activity.ComputersActivity (server)'
07-03 18:52:26.814 1247 1627 W ActivityManager: Force removing ActivityRecord{be9a246 u0 org.libreoffice.impressremote/.activity.ComputersActivity t3585}: app died, no saved state
07-03 18:52:26.818 1221 1221 W SurfaceFlinger: couldn't log to binary event log: overflow.
07-03 18:52:26.860 20105 20105 W NSApplication: Trimming memory to level 80
07-03 18:52:26.956 19764 19764 W SessionLifecycleManager: Handover failed. Creating new session controller.
07-03 18:52:26.979 19764 19764 I OptInState: There is a new client and it does not support opt-in. Dropping request.
07-03 18:52:27.034 19764 19900 W LocationOracle: No location history returned by ContextManager
07-03 18:52:27.176 6261 12331 I PlaceInferenceEngine: [anon] Changed inference mode: 105
07-03 18:52:27.224 6261 12331 I Places : ?: PlacesBleScanner start() with priority 2
07-03 18:52:27.224 6261 12331 I PlaceInferenceEngine: [anon] Changed inference mode: 102
07-03 18:52:27.228 6261 6261 D Error : ERR: exClass=android.os.StrictMode$StrictModeDiskReadViolation
07-03 18:52:27.228 6261 6261 D Error : ERR: exMsg=policy=23068679 violation=2
07-03 18:52:27.228 6261 6261 D Error : ERR: file=StrictMode.java
07-03 18:52:27.228 6261 6261 D Error : ERR: class=android.os.StrictMode$AndroidBlockGuardPolicy
07-03 18:52:27.228 6261 6261 D Error : ERR: method=onReadFromDisk line=1293
07-03 18:52:27.228 6261 6261 D Error : ERR: stack=android.os.StrictMode$StrictModeDiskReadViolation: policy=23068679 violation=2
07-03 18:52:27.228 6261 6261 D Error : at android.os.StrictMode$AndroidBlockGuardPolicy.onReadFromDisk(StrictMode.java:1293)
07-03 18:52:27.228 6261 6261 D Error : at java.io.UnixFileSystem.checkAccess(UnixFileSystem.java:249)
07-03 18:52:27.228 6261 6261 D Error : at java.io.File.exists(File.java:780)
07-03 18:52:27.228 6261 6261 D Error : at android.app.ContextImpl.ensurePrivateDirExists(ContextImpl.java:512)
07-03 18:52:27.228 6261 6261 D Error : at android.app.ContextImpl.getPreferencesDir(ContextImpl.java:468)
07-03 18:52:27.228 6261 6261 D Error : at android.app.ContextImpl.getSharedPreferencesPath(ContextImpl.java:627)
07-03 18:52:27.228 6261 6261 D Error : at android.app.ContextImpl.getSharedPreferences(ContextImpl.java:345)
07-03 18:52:27.228 6261 6261 D Error : at android.content.ContextWrapper.getSharedPreferences(ContextWrapper.java:164)
07-03 18:52:27.228 6261 6261 D Error : at android.content.ContextWrapper.getSharedPreferences(ContextWrapper.java:164)
07-03 18:52:27.228 6261 6261 D Error : at clo.(:com.google.android.gms:0)
07-03 18:52:27.228 6261 6261 D Error : at ckp.K(:com.google.android.gms:1)
07-03 18:52:27.228 6261 6261 D Error : at ckp.a(:com.google.android.gms:5)
07-03 18:52:27.228 6261 6261 D Error : at ckp.k(:com.google.android.gms:0)
07-03 18:52:27.228 6261 6261 D Error : at com.google.android.contextmanager.service.ContextManagerChimeraService.onCreate(:com.google.android.gms:2)
07-03 18:52:27.228 6261 6261 D Error : at byx.onCreate(:com.google.android.gms:0)
07-03 18:52:27.228 6261 6261 D Error : at jda.onCreate(:com.google.android.gms:4)
07-03 18:52:27.228 6261 6261 D Error : at android.app.ActivityThread.handleCreateService(ActivityThread.java:3210)
07-03 18:52:27.228 6261 6261 D Error : at android.app.ActivityThread.-wrap5(ActivityThread.java)
07-03 18:52:27.228 6261 6261 D Error : at android.app.ActivityThread$H.handleMessage(ActivityThread.java:1582)
07-03 18:52:27.228 6261 6261 D Error : at android.os.Handler.dispatchMessage(Handler.java:102)
07-03 18:52:27.228 6261 6261 D Error : at android.os.Looper.loop(Looper.java:154)
07-03 18:52:27.228 6261 6261 D Error : at android.app.ActivityThread.main(ActivityThread.java:6208)
07-03 18:52:27.228 6261 6261 D Error : at java.lang.reflect.Method.invoke(Native Method)
07-03 18:52:27.228 6261 6261 D Error : at com.android.internal.os.ZygoteInit$MethodAndArgsCaller.run(ZygoteInit.java:891)
07-03 18:52:27.228 6261 6261 D Error : at com.android.internal.os.ZygoteInit.main(ZygoteInit.java:781)
07-03 18:52:27.228 6261 6261 D Error : # via Binder call with stack:
07-03 18:52:27.228 6261 6261 D Error : android.os.StrictMode$LogStackTrace
07-03 18:52:27.228 6261 6261 D Error : at android.os.StrictMode.readAndHandleBinderCallViolations(StrictMode.java:1954)
