07-03 18:43:37.013 6261 6261 D Error : at cqw.(:com.google.android.gms:0)
07-03 18:43:37.013 6261 6261 D Error : at ckp.L(:com.google.android.gms:1)
07-03 18:43:37.013 6261 6261 D Error : at ckp.a(:com.google.android.gms:5)
07-03 18:43:37.013 6261 6261 D Error : at ckp.k(:com.google.android.gms:0)
07-03 18:43:37.013 6261 6261 D Error : at com.google.android.contextmanager.service.ContextManagerChimeraService.onCreate(:com.google.android.gms:2)
07-03 18:43:37.013 6261 6261 D Error : at byx.onCreate(:com.google.android.gms:0)
07-03 18:43:37.013 6261 6261 D Error : at jda.onCreate(:com.google.android.gms:4)
07-03 18:43:37.013 6261 6261 D Error : at android.app.ActivityThread.handleCreateService(ActivityThread.java:3210)
07-03 18:43:37.013 6261 6261 D Error : at android.app.ActivityThread.-wrap5(ActivityThread.java)
07-03 18:43:37.013 6261 6261 D Error : at android.app.ActivityThread$H.handleMessage(ActivityThread.java:1582)
07-03 18:43:37.013 6261 6261 D Error : at android.os.Handler.dispatchMessage(Handler.java:102)
07-03 18:43:37.013 6261 6261 D Error : at android.os.Looper.loop(Looper.java:154)
07-03 18:43:37.013 6261 6261 D Error : at android.app.ActivityThread.main(ActivityThread.java:6208)
07-03 18:43:37.013 6261 6261 D Error : at java.lang.reflect.Method.invoke(Native Method)
07-03 18:43:37.013 6261 6261 D Error : at com.android.internal.os.ZygoteInit$MethodAndArgsCaller.run(ZygoteInit.java:891)
07-03 18:43:37.013 6261 6261 D Error : at com.android.internal.os.ZygoteInit.main(ZygoteInit.java:781)
07-03 18:43:37.013 6261 6261 D Error : # via Binder call with stack:
07-03 18:43:37.013 6261 6261 D Error : android.os.StrictMode$LogStackTrace
07-03 18:43:37.013 6261 6261 D Error : at android.os.StrictMode.readAndHandleBinderCallViolations(StrictMode.java:1954)
07-03 18:43:37.013 6261 6261 D Error : at android.os.Parcel.readExceptionCode(Parcel.java:1665)
07-03 18:43:37.013 6261 6261 D Error : at android.os.Parcel.readException(Parcel.java:1634)
07-03 18:43:37.013 6261 6261 D Error : at oz.b(:com.google.android.gms.GoogleCertificates:9)
07-03 18:43:37.013 6261 6261 D Error : at os.a(:com.google.android.gms.GoogleCertificates:47)
07-03 18:43:37.013 6261 6261 D Error : at os.(:com.google.android.gms.GoogleCertificates:3)
07-03 18:43:37.013 6261 6261 D Error : at ot.createFromParcel(:com.google.android.gms.GoogleCertificates:71)
07-03 18:43:37.013 6261 6261 D Error : at pb.onTransact(:com.google.android.gms.GoogleCertificates:54)
07-03 18:43:37.013 6261 6261 D Error : at android.os.Binder.transact(Binder.java:499)
07-03 18:43:37.013 6261 6261 D Error : at kwl.isGoogleOrPlatformSigned(:com.google.android.gms:3)
07-03 18:43:37.013 6261 6261 D Error : at joo.a(:com.google.android.gms:25)
07-03 18:43:37.013 6261 6261 D Error : at joo.a(:com.google.android.gms:20)
07-03 18:43:37.013 6261 6261 D Error : at keq.b(:com.google.android.gms:3)
07-03 18:43:37.013 6261 6261 D Error : at keq.a(:com.google.android.gms:25)
07-03 18:43:37.013 6261 6261 D Error : at keq.b(:com.google.android.gms:16)
07-03 18:43:37.013 6261 6261 D Error : at keq.c(:com.google.android.gms:3)
07-03 18:43:37.013 6261 6261 D Error : at com.google.android.gms.auth.account.be.legacy.AccountChimeraContentProvider.call(:com.google.android.gms:1)
07-03 18:43:37.013 6261 6261 D Error : at bxn.call(:com.google.android.gms:0)
07-03 18:43:37.013 6261 6261 D Error : at android.content.ContentProvider$Transport.call(ContentProvider.java:400)
07-03 18:43:37.013 6261 6261 D Error : at android.content.ContentProviderClient.call(ContentProviderClient.java:456)
07-03 18:43:37.013 6261 6261 D Error : at dzg.f(:com.google.android.gms:1)
07-03 18:43:37.013 6261 6261 D Error : at dze.d(:com.google.android.gms:2)
07-03 18:43:37.013 6261 6261 D Error : at akvc.b(:com.
07-03 18:43:37.013 6261 6261 D Error : ERR: TOTAL BYTES WRITTEN: 41352
07-03 18:43:37.036 1247 1847 I chatty : uid=1000(system) android.display expire 2 lines
07-03 18:43:37.062 6261 12331 I Places : Converted 6 out of 10 WiFi scans
07-03 18:43:37.129 6261 18803 I PlaceInferenceEngine: No beacon scan available - ignoring candidates.
07-03 18:43:37.161 6261 6261 E ctxmgr : [PlaceFenceHelper]NearbyBuffer is null!
07-03 18:43:37.177 6261 14474 W ctxmgr : [AclManager]No 2 for (accnt=account#-517948760#, com.google.android.gms(10013):PlacesProducer, vrsn=11055000, 0, 3pPkg = null , 3pMdlId = null , pid = 6261). Was: 3 for 18, account#-517948760#
07-03 18:43:37.761 6467 6827 W OpenGLRenderer: Points are too far apart 4.001877
07-03 18:43:37.761 6467 6827 W OpenGLRenderer: Points are too far apart 4.001877
07-03 18:43:38.354 5235 5235 D wpa_supplicant: wlan0: Control interface command 'SIGNAL_POLL'
07-03 18:43:38.364 1247 5194 I chatty : uid=1000(system) WifiStateMachin expire 6 lines
07-03 18:43:38.581 6467 6827 W OpenGLRenderer: Points are too far apart 4.001877
07-03 18:43:38.581 6467 6827 W OpenGLRenderer: Points are too far apart 4.001877
07-03 18:43:38.596 6467 6467 W IInputConnectionWrapper: finishComposingText on inactive InputConnection
07-03 18:43:39.438 7207 7207 I Choreographer: Skipped 36 frames! The application may be doing too much work on its main thread.
07-03 18:43:39.626 7207 7207 W ResourceType: No known package when getting value for resource number 0xff000000
07-03 18:43:39.628 7207 7207 W ResourceType: No known package when getting value for resource number 0xff000000
07-03 18:43:40.825 1283 1698 D audio_hw_primary: out_standby: enter: stream (0xb61c4380) usecase(1: low-latency-playback)
07-03 18:43:40.931 1283 1698 D audio_hw_primary: disable_audio_route: reset and update mixer path: low-latency-playback
07-03 18:43:40.933 1283 1698 D hardware_info: hw_info_append_hw_type : device_name = speaker
07-03 18:43:40.933 1283 1698 D audio_hw_primary: disable_snd_device: snd_device(2: speaker)
07-03 18:43:41.417 5235 5235 D wpa_supplicant: wlan0: Control interface command 'SIGNAL_POLL'
07-03 18:43:41.770 1283 1698 D audio_hw_primary: start_output_stream: enter: stream(0xb61c4380)usecase(1: low-latency-playback) devices(0x2)
07-03 18:43:41.770 1283 1698 D audio_hw_primary: select_devices: out_snd_device(2: speaker) in_snd_device(0: )
07-03 18:43:41.770 1283 1698 W msm8916_platform: Codec backend bitwidth 16, samplerate 48000
07-03 18:43:41.770 1283 1698 D hardware_info: hw_info_append_hw_type : device_name = speaker
07-03 18:43:41.770 1283 1698 D audio_hw_primary: enable_snd_device: snd_device(2: speaker)
07-03 18:43:41.774 1283 1698 W audio_hw_utils: audio_extn_utils_update_stream_app_type_cfg: App type could not be selected. Falling back to default
07-03 18:43:41.774 1283 1698 I audio_hw_primary: select_devices Selected apptype: 69936
07-03 18:43:41.774 1283 1698 D ACDB-LOADER: ACDB -> send_audio_cal, acdb_id = 15, path = 0
07-03 18:43:41.774 1283 1698 D ACDB-LOADER: ACDB -> send_asm_topology
07-03 18:43:41.774 1283 1698 D ACDB-LOADER: ACDB -> ACDB_CMD_GET_AUDPROC_STREAM_TOPOLOGY_ID
07-03 18:43:41.774 1283 1698 D ACDB-LOADER: ACDB -> send_adm_topology
07-03 18:43:41.774 1283 1698 D ACDB-LOADER: ACDB -> ACDB_CMD_GET_AUDPROC_COMMON_TOPOLOGY_ID
07-03 18:43:41.774 1283 1698 D ACDB-LOADER: ACDB -> send_audtable
07-03 18:43:41.775 1283 1698 D ACDB-LOADER: ACDB -> ACDB_CMD_GET_AUDPROC_COMMON_TABLE
07-03 18:43:41.775 1283 1698 D ACDB-LOADER: ACDB -> AUDIO_SET_AUDPROC_CAL
07-03 18:43:41.775 1283 1698 D ACDB-LOADER: ACDB -> send_audvoltable
07-03 18:43:41.775 1283 1698 D ACDB-LOADER: ACDB -> ACDB_CMD_GET_AUDPROC_GAIN_DEP_STEP_TABLE
07-03 18:43:41.775 1283 1698 D ACDB-LOADER: ACDB -> AUDIO_SET_AUDPROC_VOL_CAL
07-03 18:43:41.775 1283 1698 D ACDB-LOADER: ACDB -> send_afe_cal
07-03 18:43:41.775 1283 1698 D ACDB-LOADER: ACDB -> ACDB_CMD_GET_AFE_COMMON_TABLE
07-03 18:43:41.775 1283 1698 D : Failed to fetch the lookup information of the device 0000000F
07-03 18:43:41.775 1283 1698 D ACDB-LOADER: ACDB -> AUDIO_SET_AFE_CAL
07-03 18:43:41.775 1283 1698 D ACDB-LOADER: ACDB -> send_hw_delay : acdb_id = 15 path = 0
07-03 18:43:41.775 1283 1698 D ACDB-LOADER: ACDB -> ACDB_AVSYNC_INFO: ACDB_CMD_GET_DEVICE_PROPERTY
07-03 18:43:41.776 1283 1698 I audio_hw_utils: audio_extn_utils_send_app_type_cfg: PLAYBACK app_type 69936, acdb_dev_id 15, sample_rate 48000
07-03 18:43:41.776 1283 1698 D audio_hw_primary: enable_audio_route: apply mixer and update path: low-latency-playback
07-03 18:43:41.778 1283 1698 D audio_hw_primary: select_devices: done
07-03 18:43:41.801 1283 1698 D msm8916_platform: platform_set_channel_map mixer_ctl_name:Playback Channel Map12
07-03 18:43:41.801 1283 1698 D msm8916_platform: platform_set_channel_map: set mapping(1 2 3 0 0 0 0 0) for channel:2
07-03 18:43:41.801 1283 1698 D audio_hw_primary: start_output_stream: exit
07-03 18:43:42.062 1247 6386 I ActivityManager: START u0 {act=android.intent.action.MAIN cat=[android.intent.category.LAUNCHER] flg=0x10200000 cmp=org.kde.kdeconnect_tp/org.kde.kdeconnect.UserInterface.MaterialActivity (has extras)} from uid 10112 on display 0
07-03 18:43:42.303 6439 11451 I KDE/LanLinkProvider: Identity package received from a TCP connection from gabriel@Desktop
07-03 18:43:42.303 6439 11451 I KDE/LanLinkProvider: Starting SSL handshake with gabriel@Desktop trusted:true
07-03 18:43:42.368 6467 6467 W IInputConnectionWrapper: reportFullscreenMode on inexistent InputConnection
07-03 18:43:42.368 6467 6467 W IInputConnectionWrapper: finishComposingText on inactive InputConnection
07-03 18:43:42.384 6439 6462 I art : Background partial concurrent mark sweep GC freed 26932(1982KB) AllocSpace objects, 20(7MB) LOS objects, 40% free, 10MB/16MB, paused 913us total 100.645ms
07-03 18:43:42.404 6439 11451 I KDE/LanLinkProvider: Identity package received from a TCP connection from gabriel@Laptop
07-03 18:43:42.404 6439 11451 I KDE/LanLinkProvider: Starting SSL handshake with gabriel@Laptop trusted:true
07-03 18:43:42.452 6439 11451 I KDE/LanLinkProvider: Identity package received from a TCP connection from motorola
07-03 18:43:42.453 6439 11451 I KDE/LanLinkProvider: Starting SSL handshake with motorola trusted:false
07-03 18:43:42.484 6439 18202 I LanLink : Socket closed: 43948388. Reason: End of stream
07-03 18:43:42.485 6439 18821 I KDE/LanLinkProvider: Handshake as client successful with gabriel@Desktop secured with TLS_ECDHE_RSA_WITH_AES_128_CBC_SHA
07-03 18:43:42.485 6439 18821 I KDE/LanLinkProvider: Reusing same link for device _bab2e3c1_979c_428d_8d62_3e88818a2b89_
07-03 18:43:42.487 6439 11451 I KDE/LanLinkProvider: Identity package received from a TCP connection from motorola
07-03 18:43:42.487 6439 11451 I KDE/LanLinkProvider: Starting SSL handshake with motorola trusted:false
07-03 18:43:42.622 6439 18205 I LanLink : Socket closed: 89982038. Reason: End of stream
07-03 18:43:42.622 6439 18823 I KDE/LanLinkProvider: Handshake as client successful with motorola secured with TLS_ECDHE_RSA_WITH_AES_128_CBC_SHA
07-03 18:43:42.622 6439 18823 I KDE/LanLinkProvider: Reusing same link for device 59f71baf6e44aee9
07-03 18:43:42.634 6439 18207 I LanLink : Socket closed: 7421143. Reason: End of stream
07-03 18:43:42.635 6439 18822 I KDE/LanLinkProvider: Handshake as client successful with gabriel@Laptop secured with TLS_ECDHE_RSA_WITH_AES_128_CBC_SHA
07-03 18:43:42.635 6439 18822 I KDE/LanLinkProvider: Reusing same link for device _8a6ac7e0_0c75_4fd2_84b5_5e62da85d79e_
07-03 18:43:42.640 11880 17737 I PBSessionCacheImpl: Deleted sessionId[64061543572119] from persistence.
07-03 18:43:42.664 11880 11880 W SearchService: Abort, client detached.
07-03 18:43:42.665 6439 18825 I KDE/LanLinkProvider: Handshake as client successful with motorola secured with TLS_ECDHE_RSA_WITH_AES_128_CBC_SHA
07-03 18:43:42.665 6439 18825 I KDE/LanLinkProvider: Reusing same link for device 59f71baf6e44aee9
07-03 18:43:42.665 6439 18826 I LanLink : Socket closed: 101358020. Reason: End of stream
07-03 18:43:44.478 5235 5235 D wpa_supplicant: wlan0: Control interface command 'SIGNAL_POLL'
07-03 18:43:44.949 1283 1698 D audio_hw_primary: out_standby: enter: stream (0xb61c4380) usecase(1: low-latency-playback)
07-03 18:43:45.054 1283 1698 D audio_hw_primary: disable_audio_route: reset and update mixer path: low-latency-playback
07-03 18:43:45.056 1283 1698 D hardware_info: hw_info_append_hw_type : device_name = speaker
07-03 18:43:45.056 1283 1698 D audio_hw_primary: disable_snd_device: snd_device(2: speaker)
07-03 18:43:46.857 11880 11880 I MemoryTrimmer: Trimming objects from memory, since app is in the background.
07-03 18:43:46.935 6261 14474 E ctxmgr : [ProducerActiveIntervalImpl]closeActiveInterval: Error: ongoing, trying to close
07-03 18:43:46.960 6261 12331 I PlaceInferenceEngine: [anon] Changed inference mode: 105
07-03 18:43:47.543 5235 5235 D wpa_supplicant: wlan0: Control interface command 'SIGNAL_POLL'
07-03 18:43:50.614 5235 5235 D wpa_supplicant: wlan0: Control interface command 'SIGNAL_POLL'
07-03 18:43:53.670 5235 5235 D wpa_supplicant: wlan0: Control interface command 'SIGNAL_POLL'
07-03 18:43:56.744 5235 5235 D wpa_supplicant: wlan0: Control interface command 'SIGNAL_POLL'
07-03 18:43:57.220 5235 5235 D wpa_supplicant: wlan0: Control interface command 'SCAN TYPE=ONLY freq=2437 scan_id=18,2'
07-03 18:43:57.221 5235 5235 D wpa_supplicant: wlan0: Setting scan request: 0.000000 sec
07-03 18:43:57.221 5235 5235 D wpa_supplicant: Scan SSID (manual request): SECUNDARIAint
07-03 18:43:57.221 5235 5235 D wpa_supplicant: Scan SSID (manual request): INFINITUM2D40
07-03 18:43:57.221 5235 5235 D wpa_supplicant: wlan0: Starting AP scan for wildcard SSID
07-03 18:43:57.221 5235 5235 D wpa_supplicant: wlan0: Limit manual scan to specified channels
07-03 18:43:57.221 5235 5235 D wpa_supplicant: wlan0: Add radio work 'scan'@0xb67161b0
07-03 18:43:57.221 5235 5235 D wpa_supplicant: wlan0: First radio work item in the queue - schedule start immediately
07-03 18:43:57.221 5235 5235 D wpa_supplicant: wlan0: Starting radio work 'scan'@0xb67161b0 after 0.000075 second wait
07-03 18:43:57.221 5235 5235 D wpa_supplicant: wlan0: nl80211: scan request
07-03 18:43:57.222 5235 5235 D wpa_supplicant: Scan requested (ret=0) - scan timeout 30 seconds
07-03 18:43:57.222 5235 5235 D wpa_supplicant: nl80211: Drv Event 33 (NL80211_CMD_TRIGGER_SCAN) received for wlan0
07-03 18:43:57.222 5235 5235 D wpa_supplicant: wlan0: nl80211: Scan trigger
07-03 18:43:57.222 5235 5235 D wpa_supplicant: wlan0: Event SCAN_STARTED (47) received
07-03 18:43:57.222 5235 5235 D wpa_supplicant: wlan0: Own scan request started a scan in 0.000178 seconds
07-03 18:43:57.238 11880 18847 I EventLogSendingHelper: Sending log events.
07-03 18:43:57.269 11880 11880 I MemoryTrimmer: Trimming objects from memory, since app is in the background.
07-03 18:43:57.299 5235 5235 D wpa_supplicant: nl80211: Drv Event 34 (NL80211_CMD_NEW_SCAN_RESULTS) received for wlan0
07-03 18:43:57.299 5235 5235 D wpa_supplicant: wlan0: nl80211: New scan results available
07-03 18:43:57.299 5235 5235 D wpa_supplicant: nl80211: Scan probed for SSID 'SECUNDARIAint'
07-03 18:43:57.299 5235 5235 D wpa_supplicant: nl80211: Scan probed for SSID 'INFINITUM2D40'
07-03 18:43:57.299 5235 5235 D wpa_supplicant: nl80211: Scan probed for SSID ''
07-03 18:43:57.299 5235 5235 D wpa_supplicant: nl80211: Scan included frequencies: 2437
07-03 18:43:57.299 5235 5235 D wpa_supplicant: wlan0: Event SCAN_RESULTS (3) received
07-03 18:43:57.299 5235 5235 D wpa_supplicant: wlan0: Scan completed in 0.076995 seconds
07-03 18:43:57.299 5235 5235 D wpa_supplicant: nl80211: Associated on 2437 MHz
07-03 18:43:57.299 5235 5235 D wpa_supplicant: nl80211: Associated with 00:0c:43:53:92:00
07-03 18:43:57.299 5235 5235 D wpa_supplicant: nl80211: Received scan results (6 BSSes)
07-03 18:43:57.299 5235 5235 D wpa_supplicant: nl80211: Scan results indicate BSS status with 00:0c:43:53:92:00 as associated
07-03 18:43:57.299 5235 5235 D wpa_supplicant: wlan0: BSS: Start scan result update 38
07-03 18:43:57.299 5235 5235 D wpa_supplicant: BSS: last_scan_res_used=6/32
07-03 18:43:57.299 5235 5235 D wpa_supplicant: wlan0: Scan-only results received
07-03 18:43:57.300 5235 5235 D wpa_supplicant: wlan0: Radio work 'scan'@0xb67161b0 done in 0.078500 seconds
07-03 18:43:57.300 5235 5235 D wpa_supplicant: wlan0: radio_work_free('scan'@0xb67161b0: num_active_works --> 0
07-03 18:43:59.035 15829 15829 D HeadsetPhoneState: sendDeviceStateChanged. mService=1 mSignal=5 mRoam=0 mBatteryCharge=1
07-03 18:43:59.803 5235 5235 D wpa_supplicant: wlan0: Control interface command 'SIGNAL_POLL'
07-03 18:44:02.852 5235 5235 D wpa_supplicant: wlan0: Control interface command 'SIGNAL_POLL'
07-03 18:44:05.894 5235 5235 D wpa_supplicant: wlan0: Control interface command 'SIGNAL_POLL'
07-03 18:44:08.936 5235 5235 D wpa_supplicant: wlan0: Control interface command 'SIGNAL_POLL'
07-03 18:44:11.998 5235 5235 D wpa_supplicant: wlan0: Control interface command 'SIGNAL_POLL'
07-03 18:44:14.240 11880 11880 I MemoryTrimmer: Trimming objects from memory, since app is in the background.
07-03 18:44:15.070 5235 5235 D wpa_supplicant: wlan0: Control interface command 'SIGNAL_POLL'
07-03 18:44:18.131 5235 5235 D wpa_supplicant: wlan0: Control interface command 'SIGNAL_POLL'
07-03 18:44:21.197 5235 5235 D wpa_supplicant: wlan0: Control interface command 'SIGNAL_POLL'
07-03 18:44:24.261 5235 5235 D wpa_supplicant: wlan0: Control interface command 'SIGNAL_POLL'
07-03 18:44:27.324 5235 5235 D wpa_supplicant: wlan0: Control interface command 'SIGNAL_POLL'
07-03 18:44:29.585 5235 5235 D wpa_supplicant: wlan0: BSS: Remove id 10 BSSID 5c:f9:6a:6a:76:8c SSID 'INFINITUMybwl' due to wpa_bss_flush_by_age
07-03 18:44:29.586 5235 5235 D wpa_supplicant: wlan0: BSS: Remove id 11 BSSID e4:3e:d7:44:dc:ea SSID 'INFINITUM5246' due to wpa_bss_flush_by_age
07-03 18:44:29.586 5235 5235 D wpa_supplicant: wlan0: BSS: Remove id 12 BSSID d4:f9:a1:ab:33:d0 SSID 'INFINITUMC140' due to wpa_bss_flush_by_age
07-03 18:44:29.586 5235 5235 D wpa_supplicant: wlan0: BSS: Remove id 13 BSSID a4:dc:be:df:09:f4 SSID 'INFINITUME54B' due to wpa_bss_flush_by_age
07-03 18:44:30.389 5235 5235 D wpa_supplicant: wlan0: Control interface command 'SIGNAL_POLL'
07-03 18:44:30.792 6162 6162 E NEW_BHD : Open /sys/class/power_supply/gb_battery
07-03 18:44:30.809 5502 5502 D VideoCall_LowBattery: BatteryIntent received: android.intent.action.BATTERY_CHANGED
07-03 18:44:30.840 5502 5502 D VideoCall_LowBattery: allowVideoCallsInLowBattery: false isCarrierOneSupported: false mIsLowbattery: false
07-03 18:44:33.454 5235 5235 D wpa_supplicant: wlan0: Control interface command 'SIGNAL_POLL'
07-03 18:44:36.518 5235 5235 D wpa_supplicant: wlan0: Control interface command 'SIGNAL_POLL'
07-03 18:44:39.582 5235 5235 D wpa_supplicant: wlan0: Control interface command 'SIGNAL_POLL'
07-03 18:44:41.657 1247 1851 I PowerManagerService: Going to sleep due to screen timeout (uid 1000)...
07-03 18:44:41.692 5271 5271 W FingerprintManager: isFingerprintHardwareDetected(): Service not connected!
07-03 18:44:41.694 1247 1851 I chatty : uid=1000(system) PowerManagerSer expire 3 lines
07-03 18:44:42.218 1247 1704 I VrManagerService: VR mode is disallowed
07-03 18:44:42.265 1247 1847 I DisplayManagerService: Display device changed state: "Built-in Screen", OFF
07-03 18:44:42.434 1221 1762 I chatty : uid=1000(system) hwcVsyncThread expire 92 lines
07-03 18:44:42.438 1247 5219 I chatty : uid=1000(system) PhotonicModulat expire 1 line
07-03 18:44:42.452 1247 1851 I PowerManagerService: Sleeping (uid 1000)...
07-03 18:44:42.457 5271 5271 W FingerprintManager: isFingerprintHardwareDetected(): Service not connected!
07-03 18:44:42.530 1283 5637 D audio_hw_primary: adev_set_parameters: enter: screen_state=off
07-03 18:44:42.577 5235 5235 D wpa_supplicant: wlan0: Control interface command 'DRIVER SETSUSPENDMODE 1'
07-03 18:44:42.609 5235 5235 D wpa_supplicant: wpa_driver_nl80211_driver_cmd SETSUSPENDMODE 1 len = 0, 4096
07-03 18:44:42.625 6261 10295 D BluetoothLeScanner: could not find callback wrapper
07-03 18:44:42.653 1247 1707 I WindowManager: OverscanTimeout run
07-03 18:44:47.643 1247 7028 I ActivityManager: Setting hasTopUi=true for pid=5271
07-03 18:44:47.754 5271 5271 D PhoneStatusBar: disable: < expand ICONS* alerts SYSTEM_INFO* back home recent clock search quick_settings
> 07-03 18:44:47.810 5271 5271 W FingerprintManager: isFingerprintHardwareDetected(): Service not connected!
07-03 18:44:47.816 5271 5271 W FingerprintManager: isFingerprintHardwareDetected(): Service not connected!
07-03 18:44:48.992 5271 5271 W FingerprintManager: isFingerprintHardwareDetected(): Service not connected!
07-03 18:44:48.993 5271 5271 D PhoneStatusBar: disable: < expand ICONS alerts SYSTEM_INFO back HOME* RECENT* clock SEARCH* quick_settings
> 07-03 18:46:09.011 6261 12331 I Places : Converted 0 out of 10 WiFi scans
07-03 18:46:09.013 6261 15775 W ctxmgr : [AclManager]No 2 for (accnt=account#-1984679481#, com.google.android.gms(10013):UserLocationProducer, vrsn=11055000, 0, 3pPkg = null , 3pMdlId = null , pid = 6261). Was: 2 for 1, account#-1984679481#
07-03 18:46:09.078 1247 5480 I chatty : uid=1000(system) FLP Service Cal expire 3 lines
07-03 18:46:09.211 1221 1762 I chatty : uid=1000(system) hwcVsyncThread expire 38 lines
07-03 18:46:11.297 1247 1265 I chatty : uid=1000(system) HeapTaskDaemon expire 1 line
07-03 18:46:12.036 6261 15775 W ctxmgr : [AclManager]No 2 for (accnt=account#-1984679481#, com.google.android.gms(10013):UserLocationProducer, vrsn=11055000, 0, 3pPkg = null , 3pMdlId = null , pid = 6261). Was: 2 for 1, account#-1984679481#
07-03 18:46:37.683 1221 1762 E qdutils : int qdutils::getHDMINode(): Failed to open fb node 3
07-03 18:46:37.683 1221 1762 E qdutils : int qdutils::getHDMINode(): Failed to find HDMI node
07-03 18:46:37.899 1221 1762 I qdhwcomposer: handle_blank_event: dpy:0 panel power state: 0
07-03 18:46:37.900 1221 1762 E qdutils : int qdutils::getHDMINode(): Failed to open fb node 2
07-03 18:46:37.900 1221 1762 E qdutils : int qdutils::getHDMINode(): Failed to open fb node 3
07-03 18:46:37.900 1221 1762 E qdutils : int qdutils::getHDMINode(): Failed to find HDMI node
07-03 18:46:42.891 1221 1762 I qdhwcomposer: handle_blank_event: dpy:0 panel power state: 0
07-03 18:46:42.892 1221 1762 E qdutils : int qdutils::getHDMINode(): Failed to open fb node 2
07-03 18:46:42.892 1221 1762 E qdutils : int qdutils::getHDMINode(): Failed to open fb node 3
07-03 18:46:42.892 1221 1762 E qdutils : int qdutils::getHDMINode(): Failed to find HDMI node
07-03 18:46:47.502 1221 1762 I qdhwcomposer: handle_blank_event: dpy:0 panel power state: 0
07-03 18:46:47.503 1221 1762 E qdutils : int qdutils::getHDMINode(): Failed to open fb node 2
07-03 18:46:47.503 1221 1762 E qdutils : int qdutils::getHDMINode(): Failed to open fb node 3
07-03 18:46:47.503 1221 1762 E qdutils : int qdutils::getHDMINode(): Failed to find HDMI node
07-03 18:46:57.953 1221 1762 I qdhwcomposer: handle_blank_event: dpy:0 panel power state: 0
07-03 18:46:57.955 1221 1762 E qdutils : int qdutils::getHDMINode(): Failed to open fb node 2
07-03 18:46:57.955 1221 1762 E qdutils : int qdutils::getHDMINode(): Failed to open fb node 3
07-03 18:46:57.955 1221 1762 E qdutils : int qdutils::getHDMINode(): Failed to find HDMI node
07-03 18:46:58.187 1221 1762 I qdhwcomposer: handle_blank_event: dpy:0 panel power state: 0
07-03 18:46:58.187 1221 1762 E qdutils : int qdutils::getHDMINode(): Failed to open fb node 2
07-03 18:46:58.188 1221 1762 E qdutils : int qdutils::getHDMINode(): Failed to open fb node 3
07-03 18:46:58.188 1221 1762 E qdutils : int qdutils::getHDMINode(): Failed to find HDMI node
07-03 18:46:58.695 5235 5235 D wpa_supplicant: wlan0: BSS: Remove id 6 BSSID 98:de:d0:39:ff:93 SSID 'INFINITUMb9kr' due to wpa_bss_flush_by_age
07-03 18:46:58.695 5235 5235 D wpa_supplicant: wlan0: BSS: Remove id 8 BSSID a4:71:74:7c:16:54 SSID 'INFINITUMb9kr' due to wpa_bss_flush_by_age
07-03 18:46:58.695 5235 5235 D wpa_supplicant: wlan0: BSS: Remove id 7 BSSID e4:3e:d7:69:93:c2 SSID 'INFINITUM3637' due to wpa_bss_flush_by_age
07-03 18:46:58.696 5235 5235 D wpa_supplicant: wlan0: BSS: Remove id 14 BSSID 06:6f:13:2c:cf:c6 SSID 'INFINITUME54B-EXT' due to wpa_bss_flush_by_age
07-03 18:46:58.696 5235 5235 D wpa_supplicant: wlan0: BSS: Remove id 9 BSSID d0:05:2a:7e:f4:59 SSID 'INFINITUM8861' due to wpa_bss_flush_by_age
07-03 18:47:08.089 1221 1762 I qdhwcomposer: handle_blank_event: dpy:0 panel power state: 0
07-03 18:47:08.090 1221 1762 E qdutils : int qdutils::getHDMINode(): Failed to open fb node 2
07-03 18:47:08.090 1221 1762 E qdutils : int qdutils::getHDMINode(): Failed to open fb node 3
07-03 18:47:08.090 1221 1762 E qdutils : int qdutils::getHDMINode(): Failed to find HDMI node
07-03 18:47:08.322 1221 1762 I qdhwcomposer: handle_blank_event: dpy:0 panel power state: 0
07-03 18:47:08.323 1221 1762 E qdutils : int qdutils::getHDMINode(): Failed to open fb node 2
07-03 18:47:08.323 1221 1762 E qdutils : int qdutils::getHDMINode(): Failed to open fb node 3
07-03 18:47:08.323 1221 1762 E qdutils : int qdutils::getHDMINode(): Failed to find HDMI node
07-03 18:47:13.315 1221 1762 I qdhwcomposer: handle_blank_event: dpy:0 panel power state: 0
07-03 18:47:13.316 1221 1762 E qdutils : int qdutils::getHDMINode(): Failed to open fb node 2
07-03 18:47:13.317 1221 1762 E qdutils : int qdutils::getHDMINode(): Failed to open fb node 3
07-03 18:47:13.317 1221 1762 E qdutils : int qdutils::getHDMINode(): Failed to find HDMI node
07-03 18:47:15.149 1221 1762 I qdhwcomposer: handle_blank_event: dpy:0 panel power state: 0
07-03 18:47:15.155 1221 1762 E qdutils : int qdutils::getHDMINode(): Failed to open fb node 2
07-03 18:47:15.155 1221 1762 E qdutils : int qdutils::getHDMINode(): Failed to open fb node 3
07-03 18:47:15.155 1221 1762 E qdutils : int qdutils::getHDMINode(): Failed to find HDMI node
07-03 18:47:16.068 1221 1762 I qdhwcomposer: handle_blank_event: dpy:0 panel power state: 0
07-03 18:47:16.068 1221 1762 E qdutils : int qdutils::getHDMINode(): Failed to open fb node 2
07-03 18:47:16.068 1221 1762 E qdutils : int qdutils::getHDMINode(): Failed to open fb node 3
07-03 18:47:16.068 1221 1762 E qdutils : int qdutils::getHDMINode(): Failed to find HDMI node
07-03 18:47:17.000 1221 1762 I qdhwcomposer: handle_blank_event: dpy:0 panel power state: 0
07-03 18:47:17.013 1221 1762 E qdutils : int qdutils::getHDMINode(): Failed to open fb node 2
07-03 18:47:17.014 1221 1762 E qdutils : int qdutils::getHDMINode(): Failed to open fb node 3
07-03 18:47:17.014 1221 1762 E qdutils : int qdutils::getHDMINode(): Failed to find HDMI node
07-03 18:47:17.925 1221 1762 I qdhwcomposer: handle_blank_event: dpy:0 panel power state: 0
07-03 18:47:17.926 1221 1762 E qdutils : int qdutils::getHDMINode(): Failed to open fb node 2
07-03 18:47:17.926 1221 1762 E qdutils : int qdutils::getHDMINode(): Failed to open fb node 3
07-03 18:47:17.926 1221 1762 E qdutils : int qdutils::getHDMINode(): Failed to find HDMI node
07-03 18:47:18.164 1221 1762 I qdhwcomposer: handle_blank_event: dpy:0 panel power state: 0
07-03 18:47:18.164 1221 1762 E qdutils : int qdutils::getHDMINode(): Failed to open fb node 2
07-03 18:47:18.165 1221 1762 E qdutils : int qdutils::getHDMINode(): Failed to open fb node 3
07-03 18:47:18.165 1221 1762 E qdutils : int qdutils::getHDMINode(): Failed to find HDMI node
07-03 18:47:28.360 1221 1762 I qdhwcomposer: handle_blank_event: dpy:0 panel power state: 0
07-03 18:47:28.360 1221 1762 E qdutils : int qdutils::getHDMINode(): Failed to open fb node 2
07-03 18:47:28.360 1221 1762 E qdutils : int qdutils::getHDMINode(): Failed to open fb node 3
07-03 18:47:28.360 1221 1762 E qdutils : int qdutils::getHDMINode(): Failed to find HDMI node
07-03 18:47:37.614 1221 1762 I qdhwcomposer: handle_blank_event: dpy:0 panel power state: 0
07-03 18:47:37.614 1221 1762 E qdutils : int qdutils::getHDMINode(): Failed to open fb node 2
07-03 18:47:37.615 1221 1762 E qdutils : int qdutils::getHDMINode(): Failed to open fb node 3
07-03 18:47:37.615 1221 1762 E qdutils : int qdutils::getHDMINode(): Failed to find HDMI node
07-03 18:47:38.819 1221 1762 I qdhwcomposer: handle_blank_event: dpy:0 panel power state: 0
07-03 18:47:38.820 1221 1762 E qdutils : int qdutils::getHDMINode(): Failed to open fb node 2
07-03 18:47:38.820 1221 1762 E qdutils : int qdutils::getHDMINode(): Failed to open fb node 3
07-03 18:47:38.820 1221 1762 E qdutils : int qdutils::getHDMINode(): Failed to find HDMI node
07-03 18:47:48.942 1221 1762 I qdhwcomposer: handle_blank_event: dpy:0 panel power state: 0
07-03 18:47:48.943 1221 1762 E qdutils : int qdutils::getHDMINode(): Failed to open fb node 2
07-03 18:47:48.943 1221 1762 E qdutils : int qdutils::getHDMINode(): Failed to open fb node 3
07-03 18:47:48.943 1221 1762 E qdutils : int qdutils::getHDMINode(): Failed to find HDMI node
07-03 18:47:52.606 1221 1762 I qdhwcomposer: handle_blank_event: dpy:0 panel power state: 0
07-03 18:47:52.606 1221 1762 E qdutils : int qdutils::getHDMINode(): Failed to open fb node 2
07-03 18:47:52.606 1221 1762 E qdutils : int qdutils::getHDMINode(): Failed to open fb node 3
07-03 18:47:52.606 1221 1762 E qdutils : int qdutils::getHDMINode(): Failed to find HDMI node
07-03 18:47:52.622 5502 5502 D VideoCall_LowBattery: BatteryIntent received: android.intent.action.BATTERY_CHANGED
07-03 18:47:52.640 5502 5502 D VideoCall_LowBattery: allowVideoCallsInLowBattery: false isCarrierOneSupported: false mIsLowbattery: false
07-03 18:47:54.171 1221 1762 I qdhwcomposer: handle_blank_event: dpy:0 panel power state: 0
07-03 18:47:54.171 1221 1762 E qdutils : int qdutils::getHDMINode(): Failed to open fb node 2
07-03 18:47:54.171 1221 1762 E qdutils : int qdutils::getHDMINode(): Failed to open fb node 3
07-03 18:47:54.171 1221 1762 E qdutils : int qdutils::getHDMINode(): Failed to find HDMI node
07-03 18:47:59.389 1221 1762 I qdhwcomposer: handle_blank_event: dpy:0 panel power state: 0
07-03 18:47:59.389 1221 1762 E qdutils : int qdutils::getHDMINode(): Failed to open fb node 2
07-03 18:47:59.389 1221 1762 E qdutils : int qdutils::getHDMINode(): Failed to open fb node 3
07-03 18:47:59.389 1221 1762 E qdutils : int qdutils::getHDMINode(): Failed to find HDMI node
07-03 18:48:09.524 1221 1762 I qdhwcomposer: handle_blank_event: dpy:0 panel power state: 0
07-03 18:48:09.524 1221 1762 E qdutils : int qdutils::getHDMINode(): Failed to open fb node 2
07-03 18:48:09.525 1221 1762 E qdutils : int qdutils::getHDMINode(): Failed to open fb node 3
07-03 18:48:09.525 1221 1762 E qdutils : int qdutils::getHDMINode(): Failed to find HDMI node
07-03 18:48:13.083 11880 11880 I MemoryTrimmer: Trimming objects from memory, since app is in the background.
07-03 18:48:13.219 1221 1762 I qdhwcomposer: handle_blank_event: dpy:0 panel power state: 0
07-03 18:48:13.219 1221 1762 E qdutils : int qdutils::getHDMINode(): Failed to open fb node 2
07-03 18:48:13.219 1221 1762 E qdutils : int qdutils::getHDMINode(): Failed to open fb node 3
07-03 18:48:13.219 1221 1762 E qdutils : int qdutils::getHDMINode(): Failed to find HDMI node
07-03 18:48:19.677 1221 1762 I qdhwcomposer: handle_blank_event: dpy:0 panel power state: 0
07-03 18:48:19.678 1221 1762 E qdutils : int qdutils::getHDMINode(): Failed to open fb node 2
07-03 18:48:19.678 1221 1762 E qdutils : int qdutils::getHDMINode(): Failed to open fb node 3
07-03 18:48:19.678 1221 1762 E qdutils : int qdutils::getHDMINode(): Failed to find HDMI node
07-03 18:48:29.807 1221 1762 I qdhwcomposer: handle_blank_event: dpy:0 panel power state: 0
07-03 18:48:29.808 1221 1762 E qdutils : int qdutils::getHDMINode(): Failed to open fb node 2
07-03 18:48:29.809 1221 1762 E qdutils : int qdutils::getHDMINode(): Failed to open fb node 3
07-03 18:48:29.809 1221 1762 E qdutils : int qdutils::getHDMINode(): Failed to find HDMI node
07-03 18:48:30.722 1221 1762 I qdhwcomposer: handle_blank_event: dpy:0 panel power state: 0
07-03 18:48:30.722 1221 1762 E qdutils : int qdutils::getHDMINode(): Failed to open fb node 2
07-03 18:48:30.722 1221 1762 E qdutils : int qdutils::getHDMINode(): Failed to open fb node 3
07-03 18:48:30.722 1221 1762 E qdutils : int qdutils::getHDMINode(): Failed to find HDMI node
07-03 18:48:31.952 1221 1762 I qdhwcomposer: handle_blank_event: dpy:0 panel power state: 0
07-03 18:48:31.953 1221 1762 E qdutils : int qdutils::getHDMINode(): Failed to open fb node 2
07-03 18:48:31.953 1221 1762 E qdutils : int qdutils::getHDMINode(): Failed to open fb node 3
07-03 18:48:31.953 1221 1762 E qdutils : int qdutils::getHDMINode(): Failed to find HDMI node
07-03 18:48:32.872 1221 1762 I qdhwcomposer: handle_blank_event: dpy:0 panel power state: 0
07-03 18:48:32.872 1221 1762 E qdutils : int qdutils::getHDMINode(): Failed to open fb node 2
07-03 18:48:32.872 1221 1762 E qdutils : int qdutils::getHDMINode(): Failed to open fb node 3
07-03 18:48:32.872 1221 1762 E qdutils : int qdutils::getHDMINode(): Failed to find HDMI node
07-03 18:48:33.801 1221 1762 I qdhwcomposer: handle_blank_event: dpy:0 panel power state: 0
07-03 18:48:33.802 1221 1762 E qdutils : int qdutils::getHDMINode(): Failed to open fb node 2
07-03 18:48:33.803 1221 1762 E qdutils : int qdutils::getHDMINode(): Failed to open fb node 3
07-03 18:48:33.803 1221 1762 E qdutils : int qdutils::getHDMINode(): Failed to find HDMI node
07-03 18:48:35.023 1221 1762 I qdhwcomposer: handle_blank_event: dpy:0 panel power state: 0
07-03 18:48:35.024 1221 1762 E qdutils : int qdutils::getHDMINode(): Failed to open fb node 2
07-03 18:48:35.024 1221 1762 E qdutils : int qdutils::getHDMINode(): Failed to open fb node 3
07-03 18:48:35.024 1221 1762 E qdutils : int qdutils::getHDMINode(): Failed to find HDMI node
07-03 18:48:40.246 1221 1762 I qdhwcomposer: handle_blank_event: dpy:0 panel power state: 0
07-03 18:48:40.247 1221 1762 E qdutils : int qdutils::getHDMINode(): Failed to open fb node 2
07-03 18:48:40.247 1221 1762 E qdutils : int qdutils::getHDMINode(): Failed to open fb node 3
07-03 18:48:40.247 1221 1762 E qdutils : int qdutils::getHDMINode(): Failed to find HDMI node
07-03 18:48:40.462 1221 1762 I qdhwcomposer: handle_blank_event: dpy:0 panel power state: 0
07-03 18:48:40.463 1221 1762 E qdutils : int qdutils::getHDMINode(): Failed to open fb node 2
07-03 18:48:40.463 1221 1762 E qdutils : int qdutils::getHDMINode(): Failed to open fb node 3
07-03 18:48:40.463 1221 1762 E qdutils : int qdutils::getHDMINode(): Failed to find HDMI node
07-03 18:48:50.394 1221 1762 I qdhwcomposer: handle_blank_event: dpy:0 panel power state: 0
07-03 18:48:50.395 1221 1762 E qdutils : int qdutils::getHDMINode(): Failed to open fb node 2
07-03 18:48:50.396 1221 1762 E qdutils : int qdutils::getHDMINode(): Failed to open fb node 3
07-03 18:48:50.396 1221 1762 E qdutils : int qdutils::getHDMINode(): Failed to find HDMI node
07-03 18:48:59.984 1221 1762 I qdhwcomposer: handle_blank_event: dpy:0 panel power state: 0
07-03 18:48:59.985 1221 1762 E qdutils : int qdutils::getHDMINode(): Failed to open fb node 2
07-03 18:48:59.985 1221 1762 E qdutils : int qdutils::getHDMINode(): Failed to open fb node 3
07-03 18:48:59.985 1221 1762 E qdutils : int qdutils::getHDMINode(): Failed to find HDMI node
07-03 18:49:00.012 6261 14474 W ctxmgr : [AclManager]No 2 for (accnt=account#-1984679481#, com.google.android.gms(10013):UserLocationProducer, vrsn=11055000, 0, 3pPkg = null , 3pMdlId = null , pid = 6261). Was: 2 for 1, account#-1984679481#
07-03 18:49:00.173 1247 5480 E LocSvc_IzatApiV02: E/virtual int izat_core::IzatApiV02::getBatchSize(int32_t):633]: get batching size failed.Or modem does not support batching
07-03 18:49:00.519 1221 1762 I qdhwcomposer: handle_blank_event: dpy:0 panel power state: 0
07-03 18:49:00.520 1221 1762 E qdutils : int qdutils::getHDMINode(): Failed to open fb node 2
07-03 18:49:00.520 1221 1762 E qdutils : int qdutils::getHDMINode(): Failed to open fb node 3
07-03 18:49:00.520 1221 1762 E qdutils : int qdutils::getHDMINode(): Failed to find HDMI node
07-03 18:49:00.979 1221 1762 I qdhwcomposer: handle_blank_event: dpy:0 panel power state: 0
07-03 18:49:00.979 1221 1762 E qdutils : int qdutils::getHDMINode(): Failed to open fb node 2
07-03 18:49:00.979 1221 1762 E qdutils : int qdutils::getHDMINode(): Failed to open fb node 3
07-03 18:49:00.979 1221 1762 E qdutils : int qdutils::getHDMINode(): Failed to find HDMI node
07-03 18:49:00.989 6261 14474 W ctxmgr : [AclManager]No 2 for (accnt=account#-1984679481#, com.google.android.gms(10013):UserLocationProducer, vrsn=11055000, 0, 3pPkg = null , 3pMdlId = null , pid = 6261). Was: 2 for 1, account#-1984679481#
07-03 18:49:10.610 1221 1762 I qdhwcomposer: handle_blank_event: dpy:0 panel power state: 0
07-03 18:49:10.622 1221 1762 E qdutils : int qdutils::getHDMINode(): Failed to open fb node 2
07-03 18:49:10.622 1221 1762 E qdutils : int qdutils::getHDMINode(): Failed to open fb node 3
07-03 18:49:10.622 1221 1762 E qdutils : int qdutils::getHDMINode(): Failed to find HDMI node
07-03 18:49:10.682 1247 1702 I ActivityManager: Start proc 19055:com.opera.mini.native/u0a109 for service com.opera.mini.native/com.opera.android.ping.SyncService
07-03 18:49:11.590 19055 19055 I era.mini.native: type=1400 audit(0.0:96): avc: denied { getattr } for uid=10109 path="/mnt/media_rw" dev="tmpfs" ino=6591 scontext=u:r:untrusted_app:s0:c512,c768 tcontext=u:object_r:mnt_media_rw_file:s0 tclass=dir permissive=1
07-03 18:49:11.695 1247 16832 W AccountManagerService: insertAccountIntoDatabase: Account {name=com.opera.mini.native, type=com.opera.mini.native.ping}, skipping since the account already exists
07-03 18:49:11.761 6261 14474 W GCM : Mismatched messenger
07-03 18:49:11.808 19055 19055 E ActivityThread: Failed to find provider info for com.opera.branding.BrandingProvider
07-03 18:49:11.992 6261 14474 W Conscrypt: Could not set socket write timeout:
07-03 18:49:12.038 6261 14474 W Conscrypt: java.lang.reflect.Method.invoke(Native Method)
07-03 18:49:12.039 6261 14474 W Conscrypt: wrp.a(:com.google.android.gms:58)
07-03 18:49:12.209 19055 19055 D NetworkSecurityConfig: No Network Security Config specified, using platform default
07-03 18:49:12.226 6261 14474 W Conscrypt: Could not set socket write timeout:
07-03 18:49:12.226 6261 14474 W Conscrypt: java.lang.reflect.Method.invoke(Native Method)
07-03 18:49:12.226 6261 14474 W Conscrypt: wrp.a(:com.google.android.gms:58)
07-03 18:49:12.241 19055 19055 W ResourceType: Too many attribute references, stopped at: 0x01010099
07-03 18:49:13.341 1247 1702 D SyncManager: failed sync operation JobId: 101152, com.opera.mini.native u0 (com.opera.mini.native.ping), com.opera.mini.native.ping.provider, USER, reason: 10109, SyncResult: delayUntil: 1499132951 stats [ numIoExceptions: 1]
07-03 18:49:14.683 1221 1762 I qdhwcomposer: handle_blank_event: dpy:0 panel power state: 0
07-03 18:49:14.687 1221 1762 E qdutils : int qdutils::getHDMINode(): Failed to open fb node 2
07-03 18:49:14.687 1221 1762 E qdutils : int qdutils::getHDMINode(): Failed to open fb node 3
07-03 18:49:14.687 1221 1762 E qdutils : int qdutils::getHDMINode(): Failed to find HDMI node
07-03 18:49:14.764 1247 5184 I PowerManagerService: Waking up from sleep (uid 1000)...
07-03 18:49:14.764 1247 5184 I QCOM PowerHAL: Got set_interactive hint
07-03 18:49:14.764 1247 1247 V KeyguardServiceDelegate: onStartedWakingUp()
07-03 18:49:14.772 5271 5271 W FingerprintManager: isFingerprintHardwareDetected(): Service not connected!
07-03 18:49:14.791 1247 1851 I DisplayPowerController: Blocking screen on until initial contents have been drawn.
07-03 18:49:14.792 1247 1851 V KeyguardServiceDelegate: onScreenTurnedOn(showListener = com.android.server.policy.PhoneWindowManager$2@be6b5a2)
07-03 18:49:14.793 1283 1283 D audio_hw_primary: adev_set_parameters: enter: screen_state=on
07-03 18:49:14.794 1221 1221 D SurfaceFlinger: Set power mode=2, type=0 flinger=0xb6928000
07-03 18:49:14.794 1221 1221 D qdhwcomposer: hwc_setPowerMode: Setting mode 2 on display: 0
07-03 18:49:14.794 1247 1847 I DisplayManagerService: Display device changed state: "Built-in Screen", ON
07-03 18:49:14.794 1221 1221 E qdutils : int qdutils::getHDMINode(): Failed to open fb node 2
07-03 18:49:14.794 1221 1221 E qdutils : int qdutils::getHDMINode(): Failed to open fb node 3
07-03 18:49:14.794 1221 1221 E qdutils : int qdutils::getHDMINode(): Failed to find HDMI node
07-03 18:49:14.821 1247 6433 V KeyguardServiceDelegate: **** SHOWN CALLED ****
07-03 18:49:14.829 1247 5176 E MotoSensors: Proximity uncovered
07-03 18:49:14.838 5235 5235 D wpa_supplicant: wlan0: Control interface command 'SCAN TYPE=ONLY freq=2437 scan_id=18,2'
07-03 18:49:14.839 5235 5235 D wpa_supplicant: wlan0: Setting scan request: 0.000000 sec
07-03 18:49:14.839 5235 5235 D wpa_supplicant: Scan SSID (manual request): SECUNDARIAint
07-03 18:49:14.839 5235 5235 D wpa_supplicant: Scan SSID (manual request): INFINITUM2D40
07-03 18:49:14.839 5235 5235 D wpa_supplicant: wlan0: Starting AP scan for wildcard SSID
07-03 18:49:14.839 5235 5235 D wpa_supplicant: wlan0: Limit manual scan to specified channels
07-03 18:49:14.840 5235 5235 D wpa_supplicant: wlan0: Add radio work 'scan'@0xb67161b0
07-03 18:49:14.841 5235 5235 D wpa_supplicant: wlan0: First radio work item in the queue - schedule start immediately
07-03 18:49:14.841 5235 5235 D wpa_supplicant: wlan0: Starting radio work 'scan'@0xb67161b0 after 0.000102 second wait
07-03 18:49:14.841 5235 5235 D wpa_supplicant: wlan0: nl80211: scan request
07-03 18:49:14.848 5235 5235 D wpa_supplicant: Scan requested (ret=0) - scan timeout 30 seconds
07-03 18:49:14.848 5235 5235 D wpa_supplicant: wlan0: Control interface command 'SIGNAL_POLL'
07-03 18:49:14.863 5235 5235 D wpa_supplicant: nl80211: Drv Event 33 (NL80211_CMD_TRIGGER_SCAN) received for wlan0
07-03 18:49:14.863 5235 5235 D wpa_supplicant: wlan0: nl80211: Scan trigger
07-03 18:49:14.863 5235 5235 D wpa_supplicant: wlan0: Event SCAN_STARTED (47) received
07-03 18:49:14.863 5235 5235 D wpa_supplicant: wlan0: Own scan request started a scan in 0.015612 seconds
07-03 18:49:14.869 5235 5235 D wpa_supplicant: wlan0: Control interface command 'DRIVER SETSUSPENDMODE 0'
07-03 18:49:14.874 15829 15829 D HeadsetPhoneState: sendDeviceStateChanged. mService=1 mSignal=4 mRoam=0 mBatteryCharge=1
07-03 18:49:14.892 1247 1851 I DisplayPowerController: Unblocked screen on after 100 ms
07-03 18:49:14.893 1247 1851 V KeyguardServiceDelegate: onScreenTurnedOn()
07-03 18:49:14.927 6261 10295 D BluetoothLeScanner: could not find callback wrapper
07-03 18:49:14.937 6261 10295 I BeaconBle: Client requested scan, settings=BleSettings [scanMode=LOW_LATENCY, callbackType=ALL_MATCHES, reportDelayMillis=0, 6 filters, 0 clients, callingClientName=Nearby]
07-03 18:49:14.966 6261 10295 I BeaconBle: 'L' hardware scan: 6 filters, scanMode=2, reportdelay=0, callback type=1, #clients=1
07-03 18:49:14.971 6261 10295 I BeaconBle: Starting scan on OS scanner. BT state: 12
07-03 18:49:14.974 5235 5235 D wpa_supplicant: wpa_driver_nl80211_driver_cmd SETSUSPENDMODE 0 len = 0, 4096
07-03 18:49:14.974 5235 5235 D wpa_supplicant: nl80211: Drv Event 34 (NL80211_CMD_NEW_SCAN_RESULTS) received for wlan0
07-03 18:49:14.976 5235 5235 D wpa_supplicant: wlan0: nl80211: New scan results available
07-03 18:49:14.976 5235 5235 D wpa_supplicant: nl80211: Scan probed for SSID 'SECUNDARIAint'
07-03 18:49:14.976 5235 5235 D wpa_supplicant: nl80211: Scan probed for SSID 'INFINITUM2D40'
07-03 18:49:14.976 5235 5235 D wpa_supplicant: nl80211: Scan probed for SSID ''
07-03 18:49:14.976 5235 5235 D wpa_supplicant: nl80211: Scan included frequencies: 2437
07-03 18:49:14.976 5235 5235 D wpa_supplicant: wlan0: Event SCAN_RESULTS (3) received
07-03 18:49:14.976 5235 5235 D wpa_supplicant: wlan0: Scan completed in 0.112849 seconds
07-03 18:49:14.976 5235 5235 D wpa_supplicant: nl80211: Associated on 2437 MHz
07-03 18:49:14.976 5235 5235 D wpa_supplicant: nl80211: Associated with 00:0c:43:53:92:00
07-03 18:49:14.977 5235 5235 D wpa_supplicant: nl80211: Received scan results (6 BSSes)
07-03 18:49:14.977 5235 5235 D wpa_supplicant: nl80211: Scan results indicate BSS status with 00:0c:43:53:92:00 as associated
07-03 18:49:14.977 5235 5235 D wpa_supplicant: wlan0: BSS: Start scan result update 39
07-03 18:49:14.977 5235 5235 D wpa_supplicant: wlan0: BSS: Add new id 15 BSSID 98:de:d0:39:ff:93 SSID 'INFINITUMb9kr' freq 2417
07-03 18:49:14.977 5235 5235 D wpa_supplicant: wlan0: BSS: Add new id 16 BSSID a4:71:74:7c:16:54 SSID 'INFINITUMb9kr' freq 2417
07-03 18:49:14.977 5235 5235 D wpa_supplicant: wlan0: BSS: Add new id 17 BSSID e4:3e:d7:69:93:c2 SSID 'INFINITUM3637' freq 2412
07-03 18:49:14.977 5235 5235 D wpa_supplicant: wlan0: BSS: Add new id 18 BSSID 06:6f:13:2c:cf:c6 SSID 'INFINITUME54B-EXT' freq 2432
07-03 18:49:14.977 5235 5235 D wpa_supplicant: wlan0: BSS: Add new id 19 BSSID d0:05:2a:7e:f4:59 SSID 'INFINITUM8861' freq 2412
07-03 18:49:14.978 5235 5235 D wpa_supplicant: BSS: last_scan_res_used=6/32
07-03 18:49:14.978 5235 5235 D wpa_supplicant: wlan0: Scan-only results received
07-03 18:49:14.978 5235 5235 D wpa_supplicant: wlan0: Radio work 'scan'@0xb67161b0 done in 0.136567 seconds
07-03 18:49:14.978 5235 5235 D wpa_supplicant: wlan0: radio_work_free('scan'@0xb67161b0: num_active_works --> 0
07-03 18:49:14.978 5235 5235 D wpa_supplicant: nl80211: Drv Event 79 (NL80211_CMD_SET_REKEY_OFFLOAD) received for wlan0
07-03 18:49:14.978 5235 5235 D wpa_supplicant: nl80211: Rekey offload event for BSSID 00:0c:43:53:92:00
07-03 18:49:14.978 5235 5235 D wpa_supplicant: nl80211: Rekey offload - Replay Counter - hexdump(len=8): 00 00 00 00 00 00 00 02
07-03 18:49:14.978 5235 5235 D wpa_supplicant: wlan0: Event DRIVER_GTK_REKEY (35) received
07-03 18:49:14.978 6261 14474 E ctxmgr : [ProducerActiveIntervalImpl]addNewAppInterval: already contained:appKey=cdy@71c1b10a,appInterval=cdw@8658356,record=cjy{key=cka{com.google.android.googlequicksearchbox, 10035, account#-1984679481#, com.google.android.apps.gsa.staticplugins.proactive.GmsContextManagerClientHelper, fa0d6da6-058d-4fbd-a6c7-d5b3b35b2007}, t=1499123967350, name=1, lifetime=2, production=null, retention=null, dispatch=1, consumer=cfq@cc84dc52-246562135}
07-03 18:49:14.989 15829 15841 D BtGatt.GattService: registerClient() - UUID=471e24dc-2c95-4984-9826-5f98aaae8177
07-03 18:49:14.991 6439 11451 I KDE/LanLinkProvider: Identity package received from a TCP connection from gabriel@Desktop
07-03 18:49:14.991 6439 11451 I KDE/LanLinkProvider: Starting SSL handshake with gabriel@Desktop trusted:true
07-03 18:49:14.993 15829 15852 D BtGatt.GattService: onClientRegistered() - UUID=471e24dc-2c95-4984-9826-5f98aaae8177, clientIf=5
07-03 18:49:14.998 6261 6777 D BluetoothLeScanner: onClientRegistered() - status=0 clientIf=5 mClientIf=0
07-03 18:49:14.998 15829 15911 D BtGatt.GattService: start scan with filters
07-03 18:49:15.017 15829 15856 D BtGatt.ScanManager: handling starting scan
07-03 18:49:15.024 1221 1762 I qdhwcomposer: handle_blank_event: dpy:0 panel power state: 1
07-03 18:49:15.024 1221 1762 E qdutils : int qdutils::getHDMINode(): Failed to open fb node 2
07-03 18:49:15.024 1221 1762 E qdutils : int qdutils::getHDMINode(): Failed to open fb node 3
07-03 18:49:15.024 1221 1762 E qdutils : int qdutils::getHDMINode(): Failed to find HDMI node
07-03 18:49:15.025 1221 1221 D qdhwcomposer: hwc_setPowerMode: Done setting mode 2 on display 0
07-03 18:49:15.025 1247 5219 D SurfaceControl: Excessive delay in setPowerMode(): 231ms
07-03 18:49:15.028 15829 15852 D BtGatt.GattService: onScanFilterEnableDisabled() - clientIf=5, status=0, action=1
07-03 18:49:15.028 15829 15852 D BtGatt.ScanManager: callback done for clientIf - 5 status - 0
07-03 18:49:15.031 15829 15856 D BtGatt.ScanManager: addFilterToController: 5
07-03 18:49:15.044 15829 15852 D BtGatt.GattService: onScanFilterConfig() - clientIf=5, action = 0 status = 0, filterType=5, availableSpace=31
07-03 18:49:15.044 15829 15852 D BtGatt.ScanManager: callback done for clientIf - 5 status - 0
07-03 18:49:15.044 15829 15856 D BtGatt.ScanManager: configureFilterParamter 500 10000 1 0
07-03 18:49:15.065 15829 15852 D BtGatt.GattService: onScanFilterParamsConfigured() - clientIf=5, status=0, action=0, availableSpace=15
07-03 18:49:15.065 15829 15852 D BtGatt.ScanManager: callback done for clientIf - 5 status - 0
07-03 18:49:15.065 15829 15856 D BtGatt.ScanManager: addFilterToController: 2
07-03 18:49:15.069 1247 16832 I ActivityManager: Process com.google.android.apps.magazines (pid 18396) has died
07-03 18:49:15.069 1247 16832 D ActivityManager: cleanUpApplicationRecord -- 18396
07-03 18:49:15.073 15829 15852 D BtGatt.GattService: onScanFilterConfig() - clientIf=5, action = 0 status = 0, filterType=2, availableSpace=31
07-03 18:49:15.073 15829 15852 D BtGatt.ScanManager: callback done for clientIf - 5 status - 0
07-03 18:49:15.073 15829 15856 D BtGatt.ScanManager: configureFilterParamter 500 10000 1 0
07-03 18:49:15.078 15829 15852 D BtGatt.GattService: onScanFilterParamsConfigured() - clientIf=5, status=0, action=0, availableSpace=14
07-03 18:49:15.078 15829 15852 D BtGatt.ScanManager: callback done for clientIf - 5 status - 0
07-03 18:49:15.078 15829 15856 D BtGatt.ScanManager: addFilterToController: 5
07-03 18:49:15.082 15829 15852 D BtGatt.GattService: onScanFilterConfig() - clientIf=5, action = 0 status = 0, filterType=5, availableSpace=30
07-03 18:49:15.082 15829 15852 D BtGatt.ScanManager: callback done for clientIf - 5 status - 0
07-03 18:49:15.083 15829 15856 D BtGatt.ScanManager: configureFilterParamter 500 10000 1 0
07-03 18:49:15.086 15829 15852 D BtGatt.GattService: onScanFilterParamsConfigured() - clientIf=5, status=0, action=0, availableSpace=13
07-03 18:49:15.087 15829 15852 D BtGatt.ScanManager: callback done for clientIf - 5 status - 0
07-03 18:49:15.087 15829 15856 D BtGatt.ScanManager: addFilterToController: 5
