07-03 18:52:27.228 6261 6261 D Error : at android.os.Parcel.readExceptionCode(Parcel.java:1665)
07-03 18:52:27.228 6261 6261 D Error : at android.os.Parcel.readException(Parcel.java:1634)
07-03 18:52:27.228 6261 6261 D Error : at oz.b(:com.google.android.gms.GoogleCertificates:9)
07-03 18:52:27.228 6261 6261 D Error : at os.a(:com.google.android.gms.GoogleCertificates:47)
07-03 18:52:27.228 6261 6261 D Error : at os.(:com.google.android.gms.GoogleCertificates:3)
07-03 18:52:27.228 6261 6261 D Error : at ot.createFromParcel(:com.google.android.gms.GoogleCertificates:71)
07-03 18:52:27.228 6261 6261 D Error : at pb.onTransact(:com.google.android.gms.GoogleCertificates:54)
07-03 18:52:27.228 6261 6261 D Error : at android.os.Binder.transact(Binder.java:499)
07-03 18:52:27.228 6261 6261 D Error : at kwl.isGoogleOrPlatformSigned(:com.google.android.gms:3)
07-03 18:52:27.228 6261 6261 D Error : at joo.a(:com.google.android.gms:25)
07-03 18:52:27.228 6261 6261 D Error : at joo.a(:com.google.android.gms:20)
07-03 18:52:27.228 6261 6261 D Error : at keq.b(:com.google.android.gms:3)
07-03 18:52:27.228 6261 6261 D Error : at keq.a(:com.google.android.gms:25)
07-03 18:52:27.228 6261 6261 D Error : at keq.b(:com.google.android.gms:16)
07-03 18:52:27.228 6261 6261 D Error : at keq.c(:com.google.android.gms:3)
07-03 18:52:27.228 6261 6261 D Error : at com.google.android.gms.auth.account.be.legacy.AccountChimeraContentProvider.call(:com.google.android.gms:1)
07-03 18:52:27.228 6261 6261 D Error : at bxn.call(:com.google.android.gms:0)
07-03 18:52:27.228 6261 6261 D Error : at android.content.ContentProvider$Transport.call(ContentProvider.java:400)
07-03 18:52:27.228 6261 6261 D Error : at android.content.ContentProviderClient.call(ContentProviderClient.java:456)
07-03 18:52:27.228 6261 6261 D Error : at dzg.f(:com.google.android.gms:1)
07-03 18:52:27.228 6261 6261 D Error : at dze.d(:com.google.android.gms:2)
07-03 18:52:27.228 6261 6261 D Error : at akvc.b(:com.google.android.gms:0)
07-03 18:52:27.228 6261 6261 D Error : at akvc.(:com.google.android.gms:2)
07-03 18:52:27.228 6261 6261 D Error : at akvc.a(:com.google.android.gms:0)
07-03 18:52:27.228 6261 6261 D Error : at akqa.a(:com.google.android.gms:1)
07-03 18:52:27.228 6261 6261 D Error : at com.google.android.location.reporting.service.ReportingAndroidChimeraService.onCreate(:com.google.android.gms:0)
07-03 18:52:27.228 6261 6261 D Error : at byx.onCreate(:com.google.android.gms:0)
07-03 18:52:27.228 6261 6261 D Error : at jda.onCreate(:com.google.android.gms:4)
07-03 18:52:27.228 6261 6261 D Error : at android.app.ActivityThread.handleCreateService(ActivityThread.java:3210)
07-03 18:52:27.228 6261 6261 D Error : at android.app.ActivityThread.-wrap5(ActivityThread.java)
07-03 18:52:27.228 6261 6261 D Error : at android.app.ActivityThread$H.handleMessage(ActivityThread.java:1582)
07-03 18:52:27.228 6261 6261 D Error : at android.os.Handler.dispatchMessage(Handler.java:102)
07-03 18:52:27.228 6261 6261 D Error : at android.os.Looper.loop(Looper.java:154)
07-03 18:52:27.228 6261 6261 D Error : at android.app.ActivityThread.main(ActivityThread.java:6208)
07-03 18:52:27.228 6261 6261 D Error : at java.lang.reflect.Method.invoke(Native Method)
07-03 18:52:27.228 6261 6261 D Error : at com.android.internal.os.ZygoteInit$MethodAndArgsCaller.run(ZygoteInit.java:891)
07-03 18:52:27.228 6261 6261 D Error : at com.android.internal.os.ZygoteInit.main(ZygoteInit.java:781)
07-03 18:52:27.228 6261 6261 D Error : # via Binder call with stack:
07-03 18:52:27.228 6261 6261 D Error : android.os.StrictMode$LogStackTrace
07-03 18:52:27.228 6261 6261 D Error : at android.os.StrictMode.readAndHandleBinderCallViolations(StrictMode.java:1954)
07-03 18:52:27.228 6261 6261 D Error : at android.os.Parcel.readExceptionCode(Pa
07-03 18:52:27.228 6261 6261 D Error : ERR: TOTAL BYTES WRITTEN: 41352
07-03 18:52:27.229 6261 6261 D Error : ERR: exClass=android.os.StrictMode$StrictModeDiskReadViolation
07-03 18:52:27.229 6261 6261 D Error : ERR: exMsg=policy=23068679 violation=2
07-03 18:52:27.229 6261 6261 D Error : ERR: file=StrictMode.java
07-03 18:52:27.229 6261 6261 D Error : ERR: class=android.os.StrictMode$AndroidBlockGuardPolicy
07-03 18:52:27.229 6261 6261 D Error : ERR: method=onReadFromDisk line=1293
07-03 18:52:27.233 6261 6261 D Error : ERR: stack=android.os.StrictMode$StrictModeDiskReadViolation: policy=23068679 violation=2
07-03 18:52:27.233 6261 6261 D Error : at android.os.StrictMode$AndroidBlockGuardPolicy.onReadFromDisk(StrictMode.java:1293)
07-03 18:52:27.233 6261 6261 D Error : at java.io.UnixFileSystem.checkAccess(UnixFileSystem.java:249)
07-03 18:52:27.233 6261 6261 D Error : at java.io.File.exists(File.java:780)
07-03 18:52:27.233 6261 6261 D Error : at android.app.ContextImpl.ensurePrivateDirExists(ContextImpl.java:512)
07-03 18:52:27.233 6261 6261 D Error : at android.app.ContextImpl.getDatabasesDir(ContextImpl.java:715)
07-03 18:52:27.233 6261 6261 D Error : at android.app.ContextImpl.getDatabasePath(ContextImpl.java:694)
07-03 18:52:27.233 6261 6261 D Error : at android.app.ContextImpl.openOrCreateDatabase(ContextImpl.java:644)
07-03 18:52:27.233 6261 6261 D Error : at android.content.ContextWrapper.openOrCreateDatabase(ContextWrapper.java:289)
07-03 18:52:27.233 6261 6261 D Error : at android.content.ContextWrapper.openOrCreateDatabase(ContextWrapper.java:289)
07-03 18:52:27.233 6261 6261 D Error : at android.database.sqlite.SQLiteOpenHelper.getDatabaseLocked(SQLiteOpenHelper.java:223)
07-03 18:52:27.233 6261 6261 D Error : at android.database.sqlite.SQLiteOpenHelper.getWritableDatabase(SQLiteOpenHelper.java:163)
07-03 18:52:27.233 6261 6261 D Error : at cqt.getWritableDatabase(:com.google.android.gms:0)
07-03 18:52:27.233 6261 6261 D Error : at cqp.a(:com.google.android.gms:3)
07-03 18:52:27.233 6261 6261 D Error : at crh.b(:com.google.android.gms:5)
07-03 18:52:27.233 6261 6261 D Error : at crh.a(:com.google.android.gms:132)
07-03 18:52:27.233 6261 6261 D Error : at ckp.N(:com.google.android.gms:1)
07-03 18:52:27.233 6261 6261 D Error : at ckp.n(:com.google.android.gms:0)
07-03 18:52:27.233 6261 6261 D Error : at che.a(:com.google.android.gms:12)
07-03 18:52:27.233 6261 6261 D Error : at crm.(:com.google.android.gms:1)
07-03 18:52:27.233 6261 6261 D Error : at cqw.(:com.google.android.gms:0)
07-03 18:52:27.233 6261 6261 D Error : at ckp.L(:com.google.android.gms:1)
07-03 18:52:27.233 6261 6261 D Error : at ckp.a(:com.google.android.gms:5)
07-03 18:52:27.233 6261 6261 D Error : at ckp.k(:com.google.android.gms:0)
07-03 18:52:27.233 6261 6261 D Error : at com.google.android.contextmanager.service.ContextManagerChimeraService.onCreate(:com.google.android.gms:2)
07-03 18:52:27.233 6261 6261 D Error : at byx.onCreate(:com.google.android.gms:0)
07-03 18:52:27.233 6261 6261 D Error : at jda.onCreate(:com.google.android.gms:4)
07-03 18:52:27.233 6261 6261 D Error : at android.app.ActivityThread.handleCreateService(ActivityThread.java:3210)
07-03 18:52:27.233 6261 6261 D Error : at android.app.ActivityThread.-wrap5(ActivityThread.java)
07-03 18:52:27.233 6261 6261 D Error : at android.app.ActivityThread$H.handleMessage(ActivityThread.java:1582)
07-03 18:52:27.233 6261 6261 D Error : at android.os.Handler.dispatchMessage(Handler.java:102)
07-03 18:52:27.233 6261 6261 D Error : at android.os.Looper.loop(Looper.java:154)
07-03 18:52:27.233 6261 6261 D Error : at android.app.ActivityThread.main(ActivityThread.java:6208)
07-03 18:52:27.233 6261 6261 D Error : at java.lang.reflect.Method.invoke(Native Method)
07-03 18:52:27.233 6261 6261 D Error : at com.android.internal.os.ZygoteInit$MethodAndArgsCaller.run(ZygoteInit.java:891)
07-03 18:52:27.233 6261 6261 D Error : at com.android.internal.os.ZygoteInit.main(ZygoteInit.java:781)
07-03 18:52:27.233 6261 6261 D Error : # via Binder call with stack:
07-03 18:52:27.233 6261 6261 D Error : android.os.StrictMode$LogStackTrace
07-03 18:52:27.233 6261 6261 D Error : at android.os.StrictMode.readAndHandleBinderCallViolations(StrictMode.java:1954)
07-03 18:52:27.233 6261 6261 D Error : at android.os.Parcel.readExceptionCode(Parcel.java:1665)
07-03 18:52:27.233 6261 6261 D Error : at android.os.Parcel.readException(Parcel.java:1634)
07-03 18:52:27.233 6261 6261 D Error : at oz.b(:com.google.android.gms.GoogleCertificates:9)
07-03 18:52:27.233 6261 6261 D Error : at os.a(:com.google.android.gms.GoogleCertificates:47)
07-03 18:52:27.233 6261 6261 D Error : at os.(:com.google.android.gms.GoogleCertificates:3)
07-03 18:52:27.233 6261 6261 D Error : at ot.createFromParcel(:com.google.android.gms.GoogleCertificates:71)
07-03 18:52:27.233 6261 6261 D Error : at pb.onTransact(:com.google.android.gms.GoogleCertificates:54)
07-03 18:52:27.233 6261 6261 D Error : at android.os.Binder.transact(Binder.java:499)
07-03 18:52:27.233 6261 6261 D Error : at kwl.isGoogleOrPlatformSigned(:com.google.android.gms:3)
07-03 18:52:27.233 6261 6261 D Error : at joo.a(:com.google.android.gms:25)
07-03 18:52:27.233 6261 6261 D Error : at joo.a(:com.google.android.gms:20)
07-03 18:52:27.233 6261 6261 D Error : at keq.b(:com.google.android.gms:3)
07-03 18:52:27.233 6261 6261 D Error : at keq.a(:com.google.android.gms:25)
07-03 18:52:27.233 6261 6261 D Error : at keq.b(:com.google.android.gms:16)
07-03 18:52:27.233 6261 6261 D Error : at keq.c(:com.google.android.gms:3)
07-03 18:52:27.233 6261 6261 D Error : at com.google.android.gms.auth.account.be.legacy.AccountChimeraContentProvider.call(:com.google.android.gms:1)
07-03 18:52:27.233 6261 6261 D Error : at bxn.call(:com.google.android.gms:0)
07-03 18:52:27.233 6261 6261 D Error : at android.content.ContentProvider$Transport.call(ContentProvider.java:400)
07-03 18:52:27.233 6261 6261 D Error : at android.content.ContentProviderClient.call(ContentProviderClient.java:456)
07-03 18:52:27.233 6261 6261 D Error : at dzg.f(:com.google.android.gms:1)
07-03 18:52:27.233 6261 6261 D Error : at dze.d(:com.google.android.gms:2)
07-03 18:52:27.233 6261 6261 D Error : at akvc.b(:com.google.android.gms:0)
07-03 18:52:27.233 6261 6261 D Error : at akvc.(:com.google.android.gms:2)
07-03 18:52:27.233 6261 6261 D Error : at akvc.a(:com.google.android.gms:0)
07-03 18:52:27.233 6261 6261 D Error : at akqa.a(:com.google.android.gms:1)
07-03 18:52:27.233 6261 6261 D Error : at com.google.android.location.reporting.service.ReportingAndroidChimeraService.onCreate(:com.google.android.gms:0)
07-03 18:52:27.233 6261 6261 D Error : at byx.onCreate(:com.google.android.gms:0)
07-03 18:52:27.233 6261 6261 D Error : at jda.onCreate(:com.google.android.gms:4)
07-03 18:52:27.233 6261 6261 D Error : at android.app.ActivityThread.handleCreateService(ActivityThread.java:3210)
07-03 18:52:27.233 6261 6261 D Error : at android.app.ActivityThread.-wrap5(ActivityThread.java)
07-03 18:52:27.233 6261 6261 D Error : at android.app.ActivityThread$H.handleMessage(ActivityThread.java:1582)
07-03 18:52:27.233 6261 6261 D Error : at android.os.Handler.dispatchMessage(Handler.java:102)
07-03 18:52:27.233 6261 6261 D Error : at
07-03 18:52:27.233 6261 6261 D Error : ERR: TOTAL BYTES WRITTEN: 41352
07-03 18:52:27.233 6261 6261 D Error : ERR: exClass=android.os.StrictMode$StrictModeDiskReadViolation
07-03 18:52:27.233 6261 6261 D Error : ERR: exMsg=policy=23068679 violation=2
07-03 18:52:27.233 6261 6261 D Error : ERR: file=StrictMode.java
07-03 18:52:27.233 6261 6261 D Error : ERR: class=android.os.StrictMode$AndroidBlockGuardPolicy
07-03 18:52:27.233 6261 6261 D Error : ERR: method=onReadFromDisk line=1293
07-03 18:52:27.237 6261 6261 D Error : ERR: stack=android.os.StrictMode$StrictModeDiskReadViolation: policy=23068679 violation=2
07-03 18:52:27.237 6261 6261 D Error : at android.os.StrictMode$AndroidBlockGuardPolicy.onReadFromDisk(StrictMode.java:1293)
07-03 18:52:27.237 6261 6261 D Error : at android.database.sqlite.SQLiteConnection.applyBlockGuardPolicy(SQLiteConnection.java:1041)
07-03 18:52:27.237 6261 6261 D Error : at android.database.sqlite.SQLiteConnection.executeForLong(SQLiteConnection.java:595)
07-03 18:52:27.237 6261 6261 D Error : at android.database.sqlite.SQLiteConnection.setPageSize(SQLiteConnection.java:251)
07-03 18:52:27.237 6261 6261 D Error : at android.database.sqlite.SQLiteConnection.open(SQLiteConnection.java:213)
07-03 18:52:27.237 6261 6261 D Error : at android.database.sqlite.SQLiteConnection.open(SQLiteConnection.java:193)
07-03 18:52:27.237 6261 6261 D Error : at android.database.sqlite.SQLiteConnectionPool.openConnectionLocked(SQLiteConnectionPool.java:463)
07-03 18:52:27.237 6261 6261 D Error : at android.database.sqlite.SQLiteConnectionPool.open(SQLiteConnectionPool.java:185)
07-03 18:52:27.237 6261 6261 D Error : at android.database.sqlite.SQLiteConnectionPool.open(SQLiteConnectionPool.java:177)
07-03 18:52:27.237 6261 6261 D Error : at android.database.sqlite.SQLiteDatabase.openInner(SQLiteDatabase.java:808)
07-03 18:52:27.237 6261 6261 D Error : at android.database.sqlite.SQLiteDatabase.open(SQLiteDatabase.java:793)
07-03 18:52:27.237 6261 6261 D Error : at android.database.sqlite.SQLiteDatabase.openDatabase(SQLiteDatabase.java:696)
07-03 18:52:27.237 6261 6261 D Error : at android.app.ContextImpl.openOrCreateDatabase(ContextImpl.java:652)
07-03 18:52:27.237 6261 6261 D Error : at android.content.ContextWrapper.openOrCreateDatabase(ContextWrapper.java:289)
07-03 18:52:27.237 6261 6261 D Error : at android.content.ContextWrapper.openOrCreateDatabase(ContextWrapper.java:289)
07-03 18:52:27.237 6261 6261 D Error : at android.database.sqlite.SQLiteOpenHelper.getDatabaseLocked(SQLiteOpenHelper.java:223)
07-03 18:52:27.237 6261 6261 D Error : at android.database.sqlite.SQLiteOpenHelper.getWritableDatabase(SQLiteOpenHelper.java:163)
07-03 18:52:27.237 6261 6261 D Error : at cqt.getWritableDatabase(:com.google.android.gms:0)
07-03 18:52:27.237 6261 6261 D Error : at cqp.a(:com.google.android.gms:3)
07-03 18:52:27.237 6261 6261 D Error : at crh.b(:com.google.android.gms:5)
07-03 18:52:27.237 6261 6261 D Error : at crh.a(:com.google.android.gms:132)
07-03 18:52:27.237 6261 6261 D Error : at ckp.N(:com.google.android.gms:1)
07-03 18:52:27.237 6261 6261 D Error : at ckp.n(:com.google.android.gms:0)
07-03 18:52:27.237 6261 6261 D Error : at che.a(:com.google.android.gms:12)
07-03 18:52:27.237 6261 6261 D Error : at crm.(:com.google.android.gms:1)
07-03 18:52:27.237 6261 6261 D Error : at cqw.(:com.google.android.gms:0)
07-03 18:52:27.237 6261 6261 D Error : at ckp.L(:com.google.android.gms:1)
07-03 18:52:27.237 6261 6261 D Error : at ckp.a(:com.google.android.gms:5)
07-03 18:52:27.237 6261 6261 D Error : at ckp.k(:com.google.android.gms:0)
07-03 18:52:27.237 6261 6261 D Error : at com.google.android.contextmanager.service.ContextManagerChimeraService.onCreate(:com.google.android.gms:2)
07-03 18:52:27.237 6261 6261 D Error : at byx.onCreate(:com.google.android.gms:0)
07-03 18:52:27.237 6261 6261 D Error : at jda.onCreate(:com.google.android.gms:4)
07-03 18:52:27.237 6261 6261 D Error : at android.app.ActivityThread.handleCreateService(ActivityThread.java:3210)
07-03 18:52:27.237 6261 6261 D Error : at android.app.ActivityThread.-wrap5(ActivityThread.java)
07-03 18:52:27.237 6261 6261 D Error : at android.app.ActivityThread$H.handleMessage(ActivityThread.java:1582)
07-03 18:52:27.237 6261 6261 D Error : at android.os.Handler.dispatchMessage(Handler.java:102)
07-03 18:52:27.237 6261 6261 D Error : at android.os.Looper.loop(Looper.java:154)
07-03 18:52:27.237 6261 6261 D Error : at android.app.ActivityThread.main(ActivityThread.java:6208)
07-03 18:52:27.237 6261 6261 D Error : at java.lang.reflect.Method.invoke(Native Method)
07-03 18:52:27.237 6261 6261 D Error : at com.android.internal.os.ZygoteInit$MethodAndArgsCaller.run(ZygoteInit.java:891)
07-03 18:52:27.237 6261 6261 D Error : at com.android.internal.os.ZygoteInit.main(ZygoteInit.java:781)
07-03 18:52:27.237 6261 6261 D Error : # via Binder call with stack:
07-03 18:52:27.237 6261 6261 D Error : android.os.StrictMode$LogStackTrace
07-03 18:52:27.237 6261 6261 D Error : at android.os.StrictMode.readAndHandleBinderCallViolations(StrictMode.java:1954)
07-03 18:52:27.237 6261 6261 D Error : at android.os.Parcel.readExceptionCode(Parcel.java:1665)
07-03 18:52:27.237 6261 6261 D Error : at android.os.Parcel.readException(Parcel.java:1634)
07-03 18:52:27.237 6261 6261 D Error : at oz.b(:com.google.android.gms.GoogleCertificates:9)
07-03 18:52:27.237 6261 6261 D Error : at os.a(:com.google.android.gms.GoogleCertificates:47)
07-03 18:52:27.237 6261 6261 D Error : at os.(:com.google.android.gms.GoogleCertificates:3)
07-03 18:52:27.237 6261 6261 D Error : at ot.createFromParcel(:com.google.android.gms.GoogleCertificates:71)
07-03 18:52:27.237 6261 6261 D Error : at pb.onTransact(:com.google.android.gms.GoogleCertificates:54)
07-03 18:52:27.237 6261 6261 D Error : at android.os.Binder.transact(Binder.java:499)
07-03 18:52:27.237 6261 6261 D Error : at kwl.isGoogleOrPlatformSigned(:com.google.android.gms:3)
07-03 18:52:27.237 6261 6261 D Error : at joo.a(:com.google.android.gms:25)
07-03 18:52:27.237 6261 6261 D Error : at joo.a(:com.google.android.gms:20)
07-03 18:52:27.237 6261 6261 D Error : at keq.b(:com.google.android.gms:3)
07-03 18:52:27.237 6261 6261 D Error : at keq.a(:com.google.android.gms:25)
07-03 18:52:27.237 6261 6261 D Error : at keq.b(:com.google.android.gms:16)
07-03 18:52:27.237 6261 6261 D Error : at keq.c(:com.google.android.gms:3)
07-03 18:52:27.237 6261 6261 D Error : at com.google.android.gms.auth.account.be.legacy.AccountChimeraContentProvider.call(:com.google.android.gms:1)
07-03 18:52:27.237 6261 6261 D Error : at bxn.call(:com.google.android.gms:0)
07-03 18:52:27.237 6261 6261 D Error : at android.content.ContentProvider$Transport.call(ContentProvider.java:400)
07-03 18:52:27.237 6261 6261 D Error : at android.content.ContentProviderClient.call(ContentProviderClient.java:456)
07-03 18:52:27.237 6261 6261 D Error : at dzg.f(:com.google.android.gms:1)
07-03 18:52:27.237 6261 6261 D Error : at dze.d(:com.google.android.gms:2)
07-03 18:52:27.237 6261 6261 D Error : at akvc.b(:com.
07-03 18:52:27.237 6261 6261 D Error : ERR: TOTAL BYTES WRITTEN: 41352
07-03 18:52:27.352 5235 5235 D wpa_supplicant: wlan0: Control interface command 'SIGNAL_POLL'
07-03 18:52:27.812 1247 1704 I ActivityManager: Start proc 20281:org.libreoffice.impressremote/u0a144 for service org.libreoffice.impressremote/.communication.CommunicationService
07-03 18:52:27.873 20281 20281 W System : ClassLoader referenced unknown path: /data/app/org.libreoffice.impressremote-1/lib/arm
07-03 18:52:27.910 20281 20281 V CommunicationSrvcWear: GoogleApiClient created
07-03 18:52:27.911 20281 20281 V CommunicationSrvcWear: Connecting to GoogleApiClient..
07-03 18:52:27.927 6261 6261 I WearableService: onCreate - Wear is not available on this device.
07-03 18:52:27.935 6261 9711 D WearableService: onGetService - Wear is not available on this device.
07-03 18:52:29.579 1283 1698 D audio_hw_primary: out_standby: enter: stream (0xb61c4380) usecase(1: low-latency-playback)
07-03 18:52:29.673 1283 1698 D audio_hw_primary: disable_audio_route: reset and update mixer path: low-latency-playback
07-03 18:52:29.675 1283 1698 D hardware_info: hw_info_append_hw_type : device_name = speaker
07-03 18:52:29.675 1283 1698 D audio_hw_primary: disable_snd_device: snd_device(2: speaker)
07-03 18:52:30.406 5235 5235 D wpa_supplicant: wlan0: Control interface command 'SIGNAL_POLL'
07-03 18:52:32.795 1247 1265 I art : Background partial concurrent mark sweep GC freed 54460(3MB) AllocSpace objects, 11(236KB) LOS objects, 33% free, 18MB/28MB, paused 1.710ms total 161.544ms
07-03 18:52:33.474 5235 5235 D wpa_supplicant: wlan0: Control interface command 'SIGNAL_POLL'
07-03 18:52:36.544 5235 5235 D wpa_supplicant: wlan0: Control interface command 'SIGNAL_POLL'
07-03 18:52:39.605 5235 5235 D wpa_supplicant: wlan0: Control interface command 'SIGNAL_POLL'
07-03 18:52:42.654 5235 5235 D wpa_supplicant: wlan0: Control interface command 'SIGNAL_POLL'
07-03 18:52:45.716 5235 5235 D wpa_supplicant: wlan0: Control interface command 'SIGNAL_POLL'
07-03 18:52:48.760 5235 5235 D wpa_supplicant: wlan0: Control interface command 'SIGNAL_POLL'
07-03 18:52:51.803 5235 5235 D wpa_supplicant: wlan0: Control interface command 'SIGNAL_POLL'
07-03 18:52:54.861 5235 5235 D wpa_supplicant: wlan0: Control interface command 'SIGNAL_POLL'
07-03 18:52:57.906 5235 5235 D wpa_supplicant: wlan0: Control interface command 'SIGNAL_POLL'
07-03 18:53:00.765 5235 5235 D wpa_supplicant: wlan0: Control interface command 'SCAN TYPE=ONLY freq=2437 scan_id=18,2'
07-03 18:53:00.765 5235 5235 D wpa_supplicant: wlan0: Setting scan request: 0.000000 sec
07-03 18:53:00.766 5235 5235 D wpa_supplicant: Scan SSID (manual request): SECUNDARIAint
07-03 18:53:00.766 5235 5235 D wpa_supplicant: Scan SSID (manual request): INFINITUM2D40
07-03 18:53:00.766 5235 5235 D wpa_supplicant: wlan0: Starting AP scan for wildcard SSID
07-03 18:53:00.766 5235 5235 D wpa_supplicant: wlan0: Limit manual scan to specified channels
07-03 18:53:00.766 5235 5235 D wpa_supplicant: wlan0: Add radio work 'scan'@0xb67161b0
07-03 18:53:00.766 5235 5235 D wpa_supplicant: wlan0: First radio work item in the queue - schedule start immediately
07-03 18:53:00.766 5235 5235 D wpa_supplicant: wlan0: Starting radio work 'scan'@0xb67161b0 after 0.000061 second wait
07-03 18:53:00.766 5235 5235 D wpa_supplicant: wlan0: nl80211: scan request
07-03 18:53:00.767 5235 5235 D wpa_supplicant: Scan requested (ret=0) - scan timeout 30 seconds
07-03 18:53:00.767 5235 5235 D wpa_supplicant: nl80211: Drv Event 33 (NL80211_CMD_TRIGGER_SCAN) received for wlan0
07-03 18:53:00.767 5235 5235 D wpa_supplicant: wlan0: nl80211: Scan trigger
07-03 18:53:00.767 5235 5235 D wpa_supplicant: wlan0: Event SCAN_STARTED (47) received
07-03 18:53:00.767 5235 5235 D wpa_supplicant: wlan0: Own scan request started a scan in 0.000139 seconds
07-03 18:53:00.853 5235 5235 D wpa_supplicant: nl80211: Drv Event 34 (NL80211_CMD_NEW_SCAN_RESULTS) received for wlan0
07-03 18:53:00.853 5235 5235 D wpa_supplicant: wlan0: nl80211: New scan results available
07-03 18:53:00.854 5235 5235 D wpa_supplicant: nl80211: Scan probed for SSID 'SECUNDARIAint'
07-03 18:53:00.854 5235 5235 D wpa_supplicant: nl80211: Scan probed for SSID 'INFINITUM2D40'
07-03 18:53:00.854 5235 5235 D wpa_supplicant: nl80211: Scan probed for SSID ''
07-03 18:53:00.854 5235 5235 D wpa_supplicant: nl80211: Scan included frequencies: 2437
07-03 18:53:00.854 5235 5235 D wpa_supplicant: wlan0: Event SCAN_RESULTS (3) received
07-03 18:53:00.854 5235 5235 D wpa_supplicant: wlan0: Scan completed in 0.087052 seconds
07-03 18:53:00.854 5235 5235 D wpa_supplicant: nl80211: Associated on 2437 MHz
07-03 18:53:00.854 5235 5235 D wpa_supplicant: nl80211: Associated with 00:0c:43:53:92:00
07-03 18:53:00.854 5235 5235 D wpa_supplicant: nl80211: Received scan results (6 BSSes)
07-03 18:53:00.854 5235 5235 D wpa_supplicant: nl80211: Scan results indicate BSS status with 00:0c:43:53:92:00 as associated
07-03 18:53:00.854 5235 5235 D wpa_supplicant: wlan0: BSS: Start scan result update 43
07-03 18:53:00.854 5235 5235 D wpa_supplicant: BSS: last_scan_res_used=6/32
07-03 18:53:00.854 5235 5235 D wpa_supplicant: wlan0: Scan-only results received
07-03 18:53:00.855 5235 5235 D wpa_supplicant: wlan0: Radio work 'scan'@0xb67161b0 done in 0.088618 seconds
07-03 18:53:00.855 5235 5235 D wpa_supplicant: wlan0: radio_work_free('scan'@0xb67161b0: num_active_works --> 0
07-03 18:53:00.954 5235 5235 D wpa_supplicant: wlan0: Control interface command 'SIGNAL_POLL'
07-03 18:53:03.890 1283 1698 D audio_hw_primary: start_output_stream: enter: stream(0xb61c4380)usecase(1: low-latency-playback) devices(0x2)
07-03 18:53:03.890 1283 1698 D audio_hw_primary: select_devices: out_snd_device(2: speaker) in_snd_device(0: )
07-03 18:53:03.890 1283 1698 W msm8916_platform: Codec backend bitwidth 16, samplerate 48000
07-03 18:53:03.890 1283 1698 D hardware_info: hw_info_append_hw_type : device_name = speaker
07-03 18:53:03.890 1283 1698 D audio_hw_primary: enable_snd_device: snd_device(2: speaker)
07-03 18:53:03.893 1283 1698 W audio_hw_utils: audio_extn_utils_update_stream_app_type_cfg: App type could not be selected. Falling back to default
07-03 18:53:03.893 1283 1698 I audio_hw_primary: select_devices Selected apptype: 69936
07-03 18:53:03.893 1283 1698 D ACDB-LOADER: ACDB -> send_audio_cal, acdb_id = 15, path = 0
07-03 18:53:03.894 1283 1698 D ACDB-LOADER: ACDB -> send_asm_topology
07-03 18:53:03.894 1283 1698 D ACDB-LOADER: ACDB -> ACDB_CMD_GET_AUDPROC_STREAM_TOPOLOGY_ID
07-03 18:53:03.894 1283 1698 D ACDB-LOADER: ACDB -> send_adm_topology
07-03 18:53:03.894 1283 1698 D ACDB-LOADER: ACDB -> ACDB_CMD_GET_AUDPROC_COMMON_TOPOLOGY_ID
07-03 18:53:03.894 1283 1698 D ACDB-LOADER: ACDB -> send_audtable
07-03 18:53:03.894 1283 1698 D ACDB-LOADER: ACDB -> ACDB_CMD_GET_AUDPROC_COMMON_TABLE
07-03 18:53:03.894 1283 1698 D ACDB-LOADER: ACDB -> AUDIO_SET_AUDPROC_CAL
07-03 18:53:03.894 1283 1698 D ACDB-LOADER: ACDB -> send_audvoltable
07-03 18:53:03.894 1283 1698 D ACDB-LOADER: ACDB -> ACDB_CMD_GET_AUDPROC_GAIN_DEP_STEP_TABLE
07-03 18:53:03.894 1283 1698 D ACDB-LOADER: ACDB -> AUDIO_SET_AUDPROC_VOL_CAL
07-03 18:53:03.894 1283 1698 D ACDB-LOADER: ACDB -> send_afe_cal
07-03 18:53:03.894 1283 1698 D ACDB-LOADER: ACDB -> ACDB_CMD_GET_AFE_COMMON_TABLE
07-03 18:53:03.894 1283 1698 D : Failed to fetch the lookup information of the device 0000000F
07-03 18:53:03.894 1283 1698 D ACDB-LOADER: ACDB -> AUDIO_SET_AFE_CAL
07-03 18:53:03.894 1283 1698 D ACDB-LOADER: ACDB -> send_hw_delay : acdb_id = 15 path = 0
07-03 18:53:03.894 1283 1698 D ACDB-LOADER: ACDB -> ACDB_AVSYNC_INFO: ACDB_CMD_GET_DEVICE_PROPERTY
07-03 18:53:03.894 1283 1698 I audio_hw_utils: audio_extn_utils_send_app_type_cfg: PLAYBACK app_type 69936, acdb_dev_id 15, sample_rate 48000
07-03 18:53:03.894 1283 1698 D audio_hw_primary: enable_audio_route: apply mixer and update path: low-latency-playback
07-03 18:53:03.895 1283 1698 D audio_hw_primary: select_devices: done
07-03 18:53:03.922 5271 5271 I SlideTouchEvent: vel=0.0, MinimumFlingVelocity=90
07-03 18:53:03.922 1283 1698 D msm8916_platform: platform_set_channel_map mixer_ctl_name:Playback Channel Map12
07-03 18:53:03.922 1283 1698 D msm8916_platform: platform_set_channel_map: set mapping(1 2 3 0 0 0 0 0) for channel:2
07-03 18:53:03.922 1283 1698 D audio_hw_primary: start_output_stream: exit
07-03 18:53:03.929 1247 7032 I ActivityManager: START u0 {flg=0x10804000 cmp=com.android.systemui/.recents.RecentsActivity} from uid 10024 on display 0
07-03 18:53:03.963 19764 19764 I MemoryTrimmer: Trimming objects from memory, since app is in the background.
07-03 18:53:04.015 5235 5235 D wpa_supplicant: wlan0: Control interface command 'SIGNAL_POLL'
07-03 18:53:04.119 19764 19791 I PBSessionCacheImpl: Deleted sessionId[64130263054158] from persistence.
07-03 18:53:04.151 6467 6467 W IInputConnectionWrapper: reportFullscreenMode on inexistent InputConnection
07-03 18:53:04.151 6467 6467 W IInputConnectionWrapper: finishComposingText on inactive InputConnection
07-03 18:53:04.162 19764 19764 W SearchService: Abort, client detached.
07-03 18:53:04.199 19764 19764 I MemoryTrimmer: Trimming objects from memory, since app is in the background.
07-03 18:53:04.239 6261 20040 E ctxmgr : [ProducerActiveIntervalImpl]closeActiveInterval: Error: ongoing, trying to close
07-03 18:53:04.273 6261 12331 I PlaceInferenceEngine: [anon] Changed inference mode: 105
07-03 18:53:04.291 5271 5271 I SlideTouchEvent: vel=0.0, MinimumFlingVelocity=90
07-03 18:53:04.335 1247 5251 I ActivityManager: START u0 {act=android.intent.action.MAIN cat=[android.intent.category.LAUNCHER] flg=0x10300000 cmp=org.libreoffice.impressremote/.activity.ComputersActivity (has extras)} from uid 10112 on display 0
07-03 18:53:04.356 1247 1627 E ActivityManager: applyOptionsLocked: Unknown animationType=0
07-03 18:53:04.587 20281 20349 I Adreno-EGL: : EGL 1.4 QUALCOMM build: (Ifd751822f5)
07-03 18:53:04.587 20281 20349 I Adreno-EGL: OpenGL ES Shader Compiler Version: XE031.06.00.05
07-03 18:53:04.587 20281 20349 I Adreno-EGL: Build Date: 01/26/16 Tue 07-03 18:53:04.587 20281 20349 I Adreno-EGL: Local Branch: AU12_SBA
07-03 18:53:04.587 20281 20349 I Adreno-EGL: Remote Branch:
07-03 18:53:04.587 20281 20349 I Adreno-EGL: Local Patches:
07-03 18:53:04.587 20281 20349 I Adreno-EGL: Reconstruct Branch:
07-03 18:53:04.591 20281 20349 I OpenGLRenderer: Initialized EGL, version 1.4
07-03 18:53:04.591 20281 20349 D OpenGLRenderer: Swap behavior 1
07-03 18:53:04.719 1247 1847 I ActivityManager: Displayed org.libreoffice.impressremote/.activity.ComputersActivity: +364ms (total +38s278ms)
07-03 18:53:04.980 6162 6162 E NEW_BHD : Open /sys/class/power_supply/gb_battery
07-03 18:53:05.004 5502 5502 D VideoCall_LowBattery: BatteryIntent received: android.intent.action.BATTERY_CHANGED
07-03 18:53:05.060 5502 5502 D VideoCall_LowBattery: allowVideoCallsInLowBattery: false isCarrierOneSupported: false mIsLowbattery: false
07-03 18:53:07.076 5235 5235 D wpa_supplicant: wlan0: Control interface command 'SIGNAL_POLL'
07-03 18:53:07.351 1283 1698 D audio_hw_primary: out_standby: enter: stream (0xb61c4380) usecase(1: low-latency-playback)
07-03 18:53:07.440 1283 1698 D audio_hw_primary: disable_audio_route: reset and update mixer path: low-latency-playback
07-03 18:53:07.441 1283 1698 D hardware_info: hw_info_append_hw_type : device_name = speaker
07-03 18:53:07.441 1283 1698 D audio_hw_primary: disable_snd_device: snd_device(2: speaker)
07-03 18:53:10.123 5235 5235 D wpa_supplicant: wlan0: Control interface command 'SIGNAL_POLL'
07-03 18:53:13.173 5235 5235 D wpa_supplicant: wlan0: Control interface command 'SIGNAL_POLL'
07-03 18:53:14.169 19764 20366 I EventLogSendingHelper: Sending log events.
07-03 18:53:14.199 19764 19764 I MemoryTrimmer: Trimming objects from memory, since app is in the background.
07-03 18:53:16.219 5235 5235 D wpa_supplicant: wlan0: Control interface command 'SIGNAL_POLL'
07-03 18:53:18.245 1247 5464 I ActivityManager: START u0 {cmp=org.libreoffice.impressremote/.activity.ComputerConnectionActivity (has extras)} from uid 10144 on display 0
07-03 18:53:18.246 1283 1698 D audio_hw_primary: start_output_stream: enter: stream(0xb61c4380)usecase(1: low-latency-playback) devices(0x2)
07-03 18:53:18.246 1283 1698 D audio_hw_primary: select_devices: out_snd_device(2: speaker) in_snd_device(0: )
07-03 18:53:18.246 1283 1698 W msm8916_platform: Codec backend bitwidth 16, samplerate 48000
07-03 18:53:18.246 1283 1698 D hardware_info: hw_info_append_hw_type : device_name = speaker
07-03 18:53:18.246 1283 1698 D audio_hw_primary: enable_snd_device: snd_device(2: speaker)
07-03 18:53:18.251 1283 1698 W audio_hw_utils: audio_extn_utils_update_stream_app_type_cfg: App type could not be selected. Falling back to default
07-03 18:53:18.251 1283 1698 I audio_hw_primary: select_devices Selected apptype: 69936
07-03 18:53:18.251 1283 1698 D ACDB-LOADER: ACDB -> send_audio_cal, acdb_id = 15, path = 0
07-03 18:53:18.251 1283 1698 D ACDB-LOADER: ACDB -> send_asm_topology
07-03 18:53:18.251 1283 1698 D ACDB-LOADER: ACDB -> ACDB_CMD_GET_AUDPROC_STREAM_TOPOLOGY_ID
07-03 18:53:18.251 1283 1698 D ACDB-LOADER: ACDB -> send_adm_topology
07-03 18:53:18.251 1283 1698 D ACDB-LOADER: ACDB -> ACDB_CMD_GET_AUDPROC_COMMON_TOPOLOGY_ID
07-03 18:53:18.251 1283 1698 D ACDB-LOADER: ACDB -> send_audtable
07-03 18:53:18.251 1283 1698 D ACDB-LOADER: ACDB -> ACDB_CMD_GET_AUDPROC_COMMON_TABLE
07-03 18:53:18.252 1283 1698 D ACDB-LOADER: ACDB -> AUDIO_SET_AUDPROC_CAL
07-03 18:53:18.252 1283 1698 D ACDB-LOADER: ACDB -> send_audvoltable
07-03 18:53:18.252 1283 1698 D ACDB-LOADER: ACDB -> ACDB_CMD_GET_AUDPROC_GAIN_DEP_STEP_TABLE
07-03 18:53:18.252 1283 1698 D ACDB-LOADER: ACDB -> AUDIO_SET_AUDPROC_VOL_CAL
07-03 18:53:18.252 1283 1698 D ACDB-LOADER: ACDB -> send_afe_cal
07-03 18:53:18.252 1283 1698 D ACDB-LOADER: ACDB -> ACDB_CMD_GET_AFE_COMMON_TABLE
07-03 18:53:18.252 1283 1698 D : Failed to fetch the lookup information of the device 0000000F
07-03 18:53:18.252 1283 1698 D ACDB-LOADER: ACDB -> AUDIO_SET_AFE_CAL
07-03 18:53:18.252 1283 1698 D ACDB-LOADER: ACDB -> send_hw_delay : acdb_id = 15 path = 0
07-03 18:53:18.252 1283 1698 D ACDB-LOADER: ACDB -> ACDB_AVSYNC_INFO: ACDB_CMD_GET_DEVICE_PROPERTY
07-03 18:53:18.254 1283 1698 I audio_hw_utils: audio_extn_utils_send_app_type_cfg: PLAYBACK app_type 69936, acdb_dev_id 15, sample_rate 48000
07-03 18:53:18.254 1283 1698 D audio_hw_primary: enable_audio_route: apply mixer and update path: low-latency-playback
07-03 18:53:18.261 1283 1698 D audio_hw_primary: select_devices: done
07-03 18:53:18.297 1283 1698 D msm8916_platform: platform_set_channel_map mixer_ctl_name:Playback Channel Map12
07-03 18:53:18.297 1283 1698 D msm8916_platform: platform_set_channel_map: set mapping(1 2 3 0 0 0 0 0) for channel:2
07-03 18:53:18.297 1283 1698 D audio_hw_primary: start_output_stream: exit
07-03 18:53:18.383 1247 6433 I ActivityManager: START u0 {cmp=org.libreoffice.impressremote/.activity.SlideShowActivity} from uid 10144 on display 0
07-03 18:53:18.542 20281 20281 D AndroidRuntime: Shutting down VM
07-03 18:53:18.545 20281 20281 E AndroidRuntime: FATAL EXCEPTION: main
07-03 18:53:18.545 20281 20281 E AndroidRuntime: Process: org.libreoffice.impressremote, PID: 20281
07-03 18:53:18.545 20281 20281 E AndroidRuntime: android.os.NetworkOnMainThreadException
07-03 18:53:18.545 20281 20281 E AndroidRuntime: at android.os.StrictMode$AndroidBlockGuardPolicy.onNetwork(StrictMode.java:1303)
07-03 18:53:18.545 20281 20281 E AndroidRuntime: at java.net.SocketOutputStream.socketWrite(SocketOutputStream.java:111)
07-03 18:53:18.545 20281 20281 E AndroidRuntime: at java.net.SocketOutputStream.write(SocketOutputStream.java:157)
07-03 18:53:18.545 20281 20281 E AndroidRuntime: at sun.nio.cs.StreamEncoder.writeBytes(StreamEncoder.java:221)
07-03 18:53:18.545 20281 20281 E AndroidRuntime: at sun.nio.cs.StreamEncoder.implFlushBuffer(StreamEncoder.java:291)
07-03 18:53:18.545 20281 20281 E AndroidRuntime: at sun.nio.cs.StreamEncoder.implFlush(StreamEncoder.java:295)
07-03 18:53:18.545 20281 20281 E AndroidRuntime: at sun.nio.cs.StreamEncoder.flush(StreamEncoder.java:141)
07-03 18:53:18.545 20281 20281 E AndroidRuntime: at java.io.OutputStreamWriter.flush(OutputStreamWriter.java:229)
07-03 18:53:18.545 20281 20281 E AndroidRuntime: at java.io.BufferedWriter.flush(BufferedWriter.java:254)
07-03 18:53:18.545 20281 20281 E AndroidRuntime: at org.libreoffice.impressremote.communication.CommandsTransmitter.writeCommand(CommandsTransmitter.java:44)
07-03 18:53:18.545 20281 20281 E AndroidRuntime: at org.libreoffice.impressremote.communication.CommandsTransmitter.startPresentation(CommandsTransmitter.java:77)
07-03 18:53:18.545 20281 20281 E AndroidRuntime: at org.libreoffice.impressremote.activity.SlideShowActivity.startSlideShow(SlideShowActivity.java:174)
07-03 18:53:18.545 20281 20281 E AndroidRuntime: at org.libreoffice.impressremote.activity.SlideShowActivity.onServiceConnected(SlideShowActivity.java:158)
07-03 18:53:18.545 20281 20281 E AndroidRuntime: at android.app.LoadedApk$ServiceDispatcher.doConnected(LoadedApk.java:1453)
07-03 18:53:18.545 20281 20281 E AndroidRuntime: at android.app.LoadedApk$ServiceDispatcher$RunConnection.run(LoadedApk.java:1481)
07-03 18:53:18.545 20281 20281 E AndroidRuntime: at android.os.Handler.handleCallback(Handler.java:751)
07-03 18:53:18.545 20281 20281 E AndroidRuntime: at android.os.Handler.dispatchMessage(Handler.java:95)
07-03 18:53:18.545 20281 20281 E AndroidRuntime: at android.os.Looper.loop(Looper.java:154)
07-03 18:53:18.545 20281 20281 E AndroidRuntime: at android.app.ActivityThread.main(ActivityThread.java:6208)
07-03 18:53:18.545 20281 20281 E AndroidRuntime: at java.lang.reflect.Method.invoke(Native Method)
07-03 18:53:18.545 20281 20281 E AndroidRuntime: at com.android.internal.os.ZygoteInit$MethodAndArgsCaller.run(ZygoteInit.java:891)
07-03 18:53:18.545 20281 20281 E AndroidRuntime: at com.android.internal.os.ZygoteInit.main(ZygoteInit.java:781)
07-03 18:53:18.552 1247 16833 W ActivityManager: Force finishing activity org.libreoffice.impressremote/.activity.SlideShowActivity
07-03 18:53:18.561 1247 20385 W DropBoxManagerService: Dropping: data_app_crash (1864 > 0 bytes)
07-03 18:53:18.568 1247 16833 W ContextImpl: Calling a method in the system process without a qualified user: android.app.ContextImpl.sendBroadcast:877 com.android.server.am.AppErrors.crashApplicationInner:370 com.android.server.am.AppErrors.crashApplication:305 com.android.server.am.ActivityManagerService.handleApplicationCrashInner:13558 com.android.server.am.ActivityManagerService.handleApplicationCrash:13540
07-03 18:53:18.575 20281 20281 I Process : Sending signal. PID: 20281 SIG: 9
07-03 18:53:18.576 11514 11514 E AppCrashReceiver: 'org.libreoffice.impressremote' is repeatedly stopping...
07-03 18:53:18.577 11514 11514 E AppCrashReceiver: Now disabling all overlays for 'org.libreoffice.impressremote'...
07-03 18:53:18.622 1247 6388 D GraphicsStats: Buffer count: 10
07-03 18:53:18.623 1247 16829 I ActivityManager: Process org.libreoffice.impressremote (pid 20281) has died
07-03 18:53:18.623 1247 16829 D ActivityManager: cleanUpApplicationRecord -- 20281
07-03 18:53:18.624 1247 16829 W ActivityManager: Service crashed 2 times, stopping: ServiceRecord{f79eedf u0 org.libreoffice.impressremote/.communication.CommunicationService}
07-03 18:53:18.624 1247 16829 W ActivityManager: Service crashed 2 times, stopping: ServiceRecord{39f9024 u0 org.libreoffice.impressremote/.communication.CommunicationServiceWear}
07-03 18:53:18.626 1247 5183 W InputDispatcher: channel 'e3479e5 org.libreoffice.impressremote/org.libreoffice.impressremote.activity.ComputersActivity (server)' ~ Consumer closed input channel or an error occurred. events=0x9
07-03 18:53:18.626 1247 5183 E InputDispatcher: channel 'e3479e5 org.libreoffice.impressremote/org.libreoffice.impressremote.activity.ComputersActivity (server)' ~ Channel is unrecoverably broken and will be disposed!
07-03 18:53:18.626 1247 5183 W InputDispatcher: channel '35e401a org.libreoffice.impressremote/org.libreoffice.impressremote.activity.SlideShowActivity (server)' ~ Consumer closed input channel or an error occurred. events=0x9
07-03 18:53:18.626 1247 5183 E InputDispatcher: channel '35e401a org.libreoffice.impressremote/org.libreoffice.impressremote.activity.SlideShowActivity (server)' ~ Channel is unrecoverably broken and will be disposed!
07-03 18:53:18.626 1247 5183 W InputDispatcher: channel '5712df8 org.libreoffice.impressremote/org.libreoffice.impressremote.activity.ComputerConnectionActivity (server)' ~ Consumer closed input channel or an error occurred. events=0x9
07-03 18:53:18.626 1247 5183 E InputDispatcher: channel '5712df8 org.libreoffice.impressremote/org.libreoffice.impressremote.activity.ComputerConnectionActivity (server)' ~ Channel is unrecoverably broken and will be disposed!
07-03 18:53:18.629 1247 16833 I WindowManager: WIN DEATH: Window{35e401a u0 org.libreoffice.impressremote/org.libreoffice.impressremote.activity.SlideShowActivity}
07-03 18:53:18.629 1247 16833 W InputDispatcher: Attempted to unregister already unregistered input channel '35e401a org.libreoffice.impressremote/org.libreoffice.impressremote.activity.SlideShowActivity (server)'
07-03 18:53:18.637 1247 7028 I WindowManager: WIN DEATH: Window{e3479e5 u0 org.libreoffice.impressremote/org.libreoffice.impressremote.activity.ComputersActivity}
07-03 18:53:18.637 1247 7028 W InputDispatcher: Attempted to unregister already unregistered input channel 'e3479e5 org.libreoffice.impressremote/org.libreoffice.impressremote.activity.ComputersActivity (server)'
07-03 18:53:18.637 1221 1221 W SurfaceFlinger: couldn't log to binary event log: overflow.
07-03 18:53:18.647 1247 7033 I WindowManager: WIN DEATH: Window{5712df8 u0 org.libreoffice.impressremote/org.libreoffice.impressremote.activity.ComputerConnectionActivity}
07-03 18:53:18.647 1247 7033 W InputDispatcher: Attempted to unregister already unregistered input channel '5712df8 org.libreoffice.impressremote/org.libreoffice.impressremote.activity.ComputerConnectionActivity (server)'
07-03 18:53:18.650 1247 16829 W ActivityManager: Force removing ActivityRecord{b42322d u0 org.libreoffice.impressremote/.activity.ComputersActivity t3585}: app died, no saved state
07-03 18:53:18.655 1221 1221 W SurfaceFlinger: couldn't log to binary event log: overflow.
07-03 18:53:18.691 20105 20105 W NSApplication: Trimming memory to level 80
07-03 18:53:18.792 19764 19764 W SessionLifecycleManager: Handover failed. Creating new session controller.
07-03 18:53:18.810 19764 19764 I OptInState: There is a new client and it does not support opt-in. Dropping request.
07-03 18:53:18.860 19764 19897 W LocationOracle: No location history returned by ContextManager
07-03 18:53:19.017 6261 12331 I PlaceInferenceEngine: [anon] Changed inference mode: 105
07-03 18:53:19.028 6261 6261 E ctxmgr : [WorkInfo]Attribution was already enqueued pkg=com.google.android.gms, lbl=PlacesProducer_receive, start=unspec, stop=unspec.
07-03 18:53:19.033 6261 20210 E ctxmgr : [WorkManager]Ongoing task not found: PlacesProducer_receive
07-03 18:53:19.067 6261 12331 I Places : ?: PlacesBleScanner start() with priority 2
07-03 18:53:19.068 6261 12331 I PlaceInferenceEngine: [anon] Changed inference mode: 102
07-03 18:53:19.072 6261 6261 D Error : ERR: exClass=android.os.StrictMode$StrictModeDiskReadViolation
07-03 18:53:19.072 6261 6261 D Error : ERR: exMsg=policy=23068679 violation=2
07-03 18:53:19.072 6261 6261 D Error : ERR: file=StrictMode.java
07-03 18:53:19.072 6261 6261 D Error : ERR: class=android.os.StrictMode$AndroidBlockGuardPolicy
07-03 18:53:19.072 6261 6261 D Error : ERR: method=onReadFromDisk line=1293
07-03 18:53:19.073 6261 6261 D Error : ERR: stack=android.os.StrictMode$StrictModeDiskReadViolation: policy=23068679 violation=2
07-03 18:53:19.073 6261 6261 D Error : at android.os.StrictMode$AndroidBlockGuardPolicy.onReadFromDisk(StrictMode.java:1293)
07-03 18:53:19.073 6261 6261 D Error : at java.io.UnixFileSystem.checkAccess(UnixFileSystem.java:249)
07-03 18:53:19.073 6261 6261 D Error : at java.io.File.exists(File.java:780)
07-03 18:53:19.073 6261 6261 D Error : at android.app.ContextImpl.ensurePrivateDirExists(ContextImpl.java:512)
07-03 18:53:19.073 6261 6261 D Error : at android.app.ContextImpl.getPreferencesDir(ContextImpl.java:468)
07-03 18:53:19.073 6261 6261 D Error : at android.app.ContextImpl.getSharedPreferencesPath(ContextImpl.java:627)
07-03 18:53:19.073 6261 6261 D Error : at android.app.ContextImpl.getSharedPreferences(ContextImpl.java:345)
07-03 18:53:19.073 6261 6261 D Error : at android.content.ContextWrapper.getSharedPreferences(ContextWrapper.java:164)
07-03 18:53:19.073 6261 6261 D Error : at android.content.ContextWrapper.getSharedPreferences(ContextWrapper.java:164)
07-03 18:53:19.073 6261 6261 D Error : at clo.(:com.google.android.gms:0)
07-03 18:53:19.073 6261 6261 D Error : at ckp.K(:com.google.android.gms:1)
07-03 18:53:19.073 6261 6261 D Error : at ckp.a(:com.google.android.gms:5)
07-03 18:53:19.073 6261 6261 D Error : at ckp.k(:com.google.android.gms:0)
07-03 18:53:19.073 6261 6261 D Error : at com.google.android.contextmanager.service.ContextManagerChimeraService.onCreate(:com.google.android.gms:2)
07-03 18:53:19.073 6261 6261 D Error : at byx.onCreate(:com.google.android.gms:0)
07-03 18:53:19.073 6261 6261 D Error : at jda.onCreate(:com.google.android.gms:4)
07-03 18:53:19.073 6261 6261 D Error : at android.app.ActivityThread.handleCreateService(ActivityThread.java:3210)
07-03 18:53:19.073 6261 6261 D Error : at android.app.ActivityThread.-wrap5(ActivityThread.java)
07-03 18:53:19.073 6261 6261 D Error : at android.app.ActivityThread$H.handleMessage(ActivityThread.java:1582)
07-03 18:53:19.073 6261 6261 D Error : at android.os.Handler.dispatchMessage(Handler.java:102)
07-03 18:53:19.073 6261 6261 D Error : at android.os.Looper.loop(Looper.java:154)
07-03 18:53:19.073 6261 6261 D Error : at android.app.ActivityThread.main(ActivityThread.java:6208)
07-03 18:53:19.073 6261 6261 D Error : at java.lang.reflect.Method.invoke(Native Method)
07-03 18:53:19.073 6261 6261 D Error : at com.android.internal.os.ZygoteInit$MethodAndArgsCaller.run(ZygoteInit.java:891)
07-03 18:53:19.073 6261 6261 D Error : at com.android.internal.os.ZygoteInit.main(ZygoteInit.java:781)
07-03 18:53:19.073 6261 6261 D Error : # via Binder call with stack:
07-03 18:53:19.073 6261 6261 D Error : android.os.StrictMode$LogStackTrace
07-03 18:53:19.073 6261 6261 D Error : at android.os.StrictMode.readAndHandleBinderCallViolations(StrictMode.java:1954)
07-03 18:53:19.073 6261 6261 D Error : at android.os.Parcel.readExceptionCode(Parcel.java:1665)
07-03 18:53:19.073 6261 6261 D Error : at android.os.Parcel.readException(Parcel.java:1634)
07-03 18:53:19.073 6261 6261 D Error : at oz.b(:com.google.android.gms.GoogleCertificates:9)
07-03 18:53:19.073 6261 6261 D Error : at os.a(:com.google.android.gms.GoogleCertificates:47)
07-03 18:53:19.073 6261 6261 D Error : at os.(:com.google.android.gms.GoogleCertificates:3)
07-03 18:53:19.073 6261 6261 D Error : at ot.createFromParcel(:com.google.android.gms.GoogleCertificates:71)
07-03 18:53:19.073 6261 6261 D Error : at pb.onTransact(:com.google.android.gms.GoogleCertificates:54)
07-03 18:53:19.073 6261 6261 D Error : at android.os.Binder.transact(Binder.java:499)
07-03 18:53:19.073 6261 6261 D Error : at kwl.isGoogleOrPlatformSigned(:com.google.android.gms:3)
07-03 18:53:19.073 6261 6261 D Error : at joo.a(:com.google.android.gms:25)
07-03 18:53:19.073 6261 6261 D Error : at joo.a(:com.google.android.gms:20)
07-03 18:53:19.073 6261 6261 D Error : at keq.b(:com.google.android.gms:3)
07-03 18:53:19.073 6261 6261 D Error : at keq.a(:com.google.android.gms:25)
07-03 18:53:19.073 6261 6261 D Error : at keq.b(:com.google.android.gms:16)
07-03 18:53:19.073 6261 6261 D Error : at keq.c(:com.google.android.gms:3)
07-03 18:53:19.073 6261 6261 D Error : at com.google.android.gms.auth.account.be.legacy.AccountChimeraContentProvider.call(:com.google.android.gms:1)
07-03 18:53:19.073 6261 6261 D Error : at bxn.call(:com.google.android.gms:0)
07-03 18:53:19.073 6261 6261 D Error : at android.content.ContentProvider$Transport.call(ContentProvider.java:400)
07-03 18:53:19.073 6261 6261 D Error : at android.content.ContentProviderClient.call(ContentProviderClient.java:456)
07-03 18:53:19.073 6261 6261 D Error : at dzg.f(:com.google.android.gms:1)
07-03 18:53:19.073 6261 6261 D Error : at dze.d(:com.google.android.gms:2)
07-03 18:53:19.073 6261 6261 D Error : at akvc.b(:com.google.android.gms:0)
07-03 18:53:19.073 6261 6261 D Error : at akvc.(:com.google.android.gms:2)
07-03 18:53:19.073 6261 6261 D Error : at akvc.a(:com.google.android.gms:0)
07-03 18:53:19.073 6261 6261 D Error : at akqa.a(:com.google.android.gms:1)
07-03 18:53:19.073 6261 6261 D Error : at com.google.android.location.reporting.service.ReportingAndroidChimeraService.onCreate(:com.google.android.gms:0)
07-03 18:53:19.073 6261 6261 D Error : at byx.onCreate(:com.google.android.gms:0)
07-03 18:53:19.073 6261 6261 D Error : at jda.onCreate(:com.google.android.gms:4)
07-03 18:53:19.073 6261 6261 D Error : at android.app.ActivityThread.handleCreateService(ActivityThread.java:3210)
07-03 18:53:19.073 6261 6261 D Error : at android.app.ActivityThread.-wrap5(ActivityThread.java)
07-03 18:53:19.073 6261 6261 D Error : at android.app.ActivityThread$H.handleMessage(ActivityThread.java:1582)
07-03 18:53:19.073 6261 6261 D Error : at android.os.Handler.dispatchMessage(Handler.java:102)
07-03 18:53:19.073 6261 6261 D Error : at android.os.Looper.loop(Looper.java:154)
07-03 18:53:19.073 6261 6261 D Error : at android.app.ActivityThread.main(ActivityThread.java:6208)
07-03 18:53:19.073 6261 6261 D Error : at java.lang.reflect.Method.invoke(Native Method)
07-03 18:53:19.073 6261 6261 D Error : at com.android.internal.os.ZygoteInit$MethodAndArgsCaller.run(ZygoteInit.java:891)
07-03 18:53:19.073 6261 6261 D Error : at com.android.internal.os.ZygoteInit.main(ZygoteInit.java:781)
07-03 18:53:19.073 6261 6261 D Error : # via Binder call with stack:
07-03 18:53:19.073 6261 6261 D Error : android.os.StrictMode$LogStackTrace
07-03 18:53:19.073 6261 6261 D Error : at android.os.StrictMode.readAndHandleBinderCallViolations(StrictMode.java:1954)
07-03 18:53:19.073 6261 6261 D Error : at android.os.Parcel.readExceptionCode(Pa
07-03 18:53:19.073 6261 6261 D Error : ERR: TOTAL BYTES WRITTEN: 41352
07-03 18:53:19.073 6261 6261 D Error : ERR: exClass=android.os.StrictMode$StrictModeDiskReadViolation
07-03 18:53:19.073 6261 6261 D Error : ERR: exMsg=policy=23068679 violation=2
07-03 18:53:19.073 6261 6261 D Error : ERR: file=StrictMode.java
07-03 18:53:19.073 6261 6261 D Error : ERR: class=android.os.StrictMode$AndroidBlockGuardPolicy
07-03 18:53:19.073 6261 6261 D Error : ERR: method=onReadFromDisk line=1293
07-03 18:53:19.076 6261 6261 D Error : ERR: stack=android.os.StrictMode$StrictModeDiskReadViolation: policy=23068679 violation=2
07-03 18:53:19.076 6261 6261 D Error : at android.os.StrictMode$AndroidBlockGuardPolicy.onReadFromDisk(StrictMode.java:1293)
07-03 18:53:19.076 6261 6261 D Error : at java.io.UnixFileSystem.checkAccess(UnixFileSystem.java:249)
07-03 18:53:19.076 6261 6261 D Error : at java.io.File.exists(File.java:780)
07-03 18:53:19.076 6261 6261 D Error : at android.app.ContextImpl.ensurePrivateDirExists(ContextImpl.java:512)
07-03 18:53:19.076 6261 6261 D Error : at android.app.ContextImpl.getDatabasesDir(ContextImpl.java:715)
07-03 18:53:19.076 6261 6261 D Error : at android.app.ContextImpl.getDatabasePath(ContextImpl.java:694)
