07-03 18:41:43.935 5235 5235 D wpa_supplicant: nl80211: Scan probed for SSID 'SECUNDARIAint'
07-03 18:41:43.935 5235 5235 D wpa_supplicant: nl80211: Scan probed for SSID 'INFINITUM2D40'
07-03 18:41:43.935 5235 5235 D wpa_supplicant: nl80211: Scan probed for SSID ''
07-03 18:41:43.935 5235 5235 D wpa_supplicant: nl80211: Scan included frequencies: 2437
07-03 18:41:43.935 5235 5235 D wpa_supplicant: wlan0: Event SCAN_RESULTS (3) received
07-03 18:41:43.936 5235 5235 D wpa_supplicant: wlan0: Scan completed in 0.082409 seconds
07-03 18:41:43.936 5235 5235 D wpa_supplicant: nl80211: Associated on 2437 MHz
07-03 18:41:43.936 5235 5235 D wpa_supplicant: nl80211: Associated with 00:0c:43:53:92:00
07-03 18:41:43.936 5235 5235 D wpa_supplicant: nl80211: Received scan results (5 BSSes)
07-03 18:41:43.937 5235 5235 D wpa_supplicant: nl80211: Scan results indicate BSS status with 00:0c:43:53:92:00 as associated
07-03 18:41:43.937 5235 5235 D wpa_supplicant: wlan0: BSS: Start scan result update 35
07-03 18:41:43.937 5235 5235 D wpa_supplicant: BSS: last_scan_res_used=5/32
07-03 18:41:43.937 5235 5235 D wpa_supplicant: wlan0: Scan-only results received
07-03 18:41:43.941 5235 5235 D wpa_supplicant: wlan0: Radio work 'scan'@0xb67161b0 done in 0.091113 seconds
07-03 18:41:43.941 5235 5235 D wpa_supplicant: wlan0: radio_work_free('scan'@0xb67161b0: num_active_works --> 0
07-03 18:41:45.205 5235 5235 D wpa_supplicant: wlan0: Control interface command 'SIGNAL_POLL'
07-03 18:41:48.281 5235 5235 D wpa_supplicant: wlan0: Control interface command 'SIGNAL_POLL'
07-03 18:41:51.337 5235 5235 D wpa_supplicant: wlan0: Control interface command 'SIGNAL_POLL'
07-03 18:41:53.034 11880 11880 I MemoryTrimmer: Trimming objects from memory, since app is in the background.
07-03 18:41:54.378 5235 5235 D wpa_supplicant: wlan0: Control interface command 'SIGNAL_POLL'
07-03 18:41:57.437 5235 5235 D wpa_supplicant: wlan0: Control interface command 'SIGNAL_POLL'
07-03 18:42:00.501 5235 5235 D wpa_supplicant: wlan0: Control interface command 'SIGNAL_POLL'
07-03 18:42:03.555 5235 5235 D wpa_supplicant: wlan0: Control interface command 'SIGNAL_POLL'
07-03 18:42:06.599 5235 5235 D wpa_supplicant: wlan0: Control interface command 'SIGNAL_POLL'
07-03 18:42:09.661 5235 5235 D wpa_supplicant: wlan0: Control interface command 'SIGNAL_POLL'
07-03 18:42:12.712 5235 5235 D wpa_supplicant: wlan0: Control interface command 'SIGNAL_POLL'
07-03 18:42:15.772 5235 5235 D wpa_supplicant: wlan0: Control interface command 'SIGNAL_POLL'
07-03 18:42:18.832 5235 5235 D wpa_supplicant: wlan0: Control interface command 'SIGNAL_POLL'
07-03 18:42:21.871 5235 5235 D wpa_supplicant: wlan0: Control interface command 'SIGNAL_POLL'
07-03 18:42:24.923 5235 5235 D wpa_supplicant: wlan0: Control interface command 'SIGNAL_POLL'
07-03 18:42:26.455 1247 7033 I ActivityManager: Setting hasTopUi=true for pid=5271
07-03 18:42:26.461 5271 5271 D PhoneStatusBar: disable: < expand ICONS* alerts SYSTEM_INFO* back home recent clock search quick_settings
> 07-03 18:42:26.570 6532 7193 I CastDatabase: Saving the database
07-03 18:42:26.571 6532 7193 I SQLiteCastStore: Saving 0 CastNetworkInfo instances, 0 CastDeviceInfo instances, 0 paired guest mode devices.
07-03 18:42:26.605 6532 7193 E SQLiteCastStore: End saving paired guest mode devices
07-03 18:42:27.905 1247 1626 W InputMethodManagerService: Window already focused, ignoring focus gain of: com.android.internal.view.IInputMethodClient$Stub$Proxy@f689171 attribute=null, token = android.os.BinderProxy@6cb2601
07-03 18:42:27.916 1247 6017 I ActivityManager: Setting hasTopUi=false for pid=5271
07-03 18:42:27.918 5271 5271 D PhoneStatusBar: disable: < expand icons* alerts system_info* back home recent clock search quick_settings
> 07-03 18:42:27.983 5235 5235 D wpa_supplicant: wlan0: Control interface command 'SIGNAL_POLL'
07-03 18:42:30.472 6162 6162 E NEW_BHD : Open /sys/class/power_supply/gb_battery
07-03 18:42:30.547 5502 5502 D VideoCall_LowBattery: BatteryIntent received: android.intent.action.BATTERY_CHANGED
07-03 18:42:30.553 15829 15899 D HeadsetPhoneState: sendDeviceStateChanged. mService=1 mSignal=4 mRoam=0 mBatteryCharge=1
07-03 18:42:30.566 5502 5502 D VideoCall_LowBattery: allowVideoCallsInLowBattery: false isCarrierOneSupported: false mIsLowbattery: false
07-03 18:42:30.594 1247 1717 E BatteryStatsService: modem info is invalid: ModemActivityInfo{ mTimestamp=0 mSleepTimeMs=0 mIdleTimeMs=0 mTxTimeMs[]=[0, 0, 0, 0, 0] mRxTimeMs=0 mEnergyUsed=0}
07-03 18:42:31.048 5235 5235 D wpa_supplicant: wlan0: Control interface command 'SIGNAL_POLL'
07-03 18:42:31.061 1247 5194 I chatty : uid=1000(system) WifiStateMachin expire 7 lines
07-03 18:42:32.456 9896 12533 I PlayCommon: [344] com.google.android.play.a.g.e(220): Preparing logs for uploading
07-03 18:42:32.457 9896 12533 I PlayCommon: [344] com.google.android.play.a.g.e(224): No file ready to send
07-03 18:42:34.111 5235 5235 D wpa_supplicant: wlan0: Control interface command 'SIGNAL_POLL'
07-03 18:42:36.553 1247 1626 I ActivityManager: START u0 {cmp=org.libreoffice.impressremote/.activity.SlideShowActivity} from uid 10144 on display 0
07-03 18:42:36.717 15781 15781 D AndroidRuntime: Shutting down VM --------- beginning of crash
07-03 18:42:36.727 15781 15781 E AndroidRuntime: FATAL EXCEPTION: main
07-03 18:42:36.727 15781 15781 E AndroidRuntime: Process: org.libreoffice.impressremote, PID: 15781
07-03 18:42:36.727 15781 15781 E AndroidRuntime: android.os.NetworkOnMainThreadException
07-03 18:42:36.727 15781 15781 E AndroidRuntime: at android.os.StrictMode$AndroidBlockGuardPolicy.onNetwork(StrictMode.java:1303)
07-03 18:42:36.727 15781 15781 E AndroidRuntime: at java.net.SocketOutputStream.socketWrite(SocketOutputStream.java:111)
07-03 18:42:36.727 15781 15781 E AndroidRuntime: at java.net.SocketOutputStream.write(SocketOutputStream.java:157)
07-03 18:42:36.727 15781 15781 E AndroidRuntime: at sun.nio.cs.StreamEncoder.writeBytes(StreamEncoder.java:221)
07-03 18:42:36.727 15781 15781 E AndroidRuntime: at sun.nio.cs.StreamEncoder.implFlushBuffer(StreamEncoder.java:291)
07-03 18:42:36.727 15781 15781 E AndroidRuntime: at sun.nio.cs.StreamEncoder.implFlush(StreamEncoder.java:295)
07-03 18:42:36.727 15781 15781 E AndroidRuntime: at sun.nio.cs.StreamEncoder.flush(StreamEncoder.java:141)
07-03 18:42:36.727 15781 15781 E AndroidRuntime: at java.io.OutputStreamWriter.flush(OutputStreamWriter.java:229)
07-03 18:42:36.727 15781 15781 E AndroidRuntime: at java.io.BufferedWriter.flush(BufferedWriter.java:254)
07-03 18:42:36.727 15781 15781 E AndroidRuntime: at org.libreoffice.impressremote.communication.CommandsTransmitter.writeCommand(CommandsTransmitter.java:44)
07-03 18:42:36.727 15781 15781 E AndroidRuntime: at org.libreoffice.impressremote.communication.CommandsTransmitter.startPresentation(CommandsTransmitter.java:77)
07-03 18:42:36.727 15781 15781 E AndroidRuntime: at org.libreoffice.impressremote.activity.SlideShowActivity.startSlideShow(SlideShowActivity.java:174)
07-03 18:42:36.727 15781 15781 E AndroidRuntime: at org.libreoffice.impressremote.activity.SlideShowActivity.onServiceConnected(SlideShowActivity.java:158)
07-03 18:42:36.727 15781 15781 E AndroidRuntime: at android.app.LoadedApk$ServiceDispatcher.doConnected(LoadedApk.java:1453)
07-03 18:42:36.727 15781 15781 E AndroidRuntime: at android.app.LoadedApk$ServiceDispatcher$RunConnection.run(LoadedApk.java:1481)
07-03 18:42:36.727 15781 15781 E AndroidRuntime: at android.os.Handler.handleCallback(Handler.java:751)
07-03 18:42:36.727 15781 15781 E AndroidRuntime: at android.os.Handler.dispatchMessage(Handler.java:95)
07-03 18:42:36.727 15781 15781 E AndroidRuntime: at android.os.Looper.loop(Looper.java:154)
07-03 18:42:36.727 15781 15781 E AndroidRuntime: at android.app.ActivityThread.main(ActivityThread.java:6208)
07-03 18:42:36.727 15781 15781 E AndroidRuntime: at java.lang.reflect.Method.invoke(Native Method)
07-03 18:42:36.727 15781 15781 E AndroidRuntime: at com.android.internal.os.ZygoteInit$MethodAndArgsCaller.run(ZygoteInit.java:891)
07-03 18:42:36.727 15781 15781 E AndroidRuntime: at com.android.internal.os.ZygoteInit.main(ZygoteInit.java:781)
07-03 18:42:36.792 1247 5464 W ActivityManager: Force finishing activity org.libreoffice.impressremote/.activity.SlideShowActivity
07-03 18:42:36.797 1247 18371 W DropBoxManagerService: Dropping: data_app_crash (1864 > 0 bytes)
07-03 18:42:36.817 1247 5464 W ContextImpl: Calling a method in the system process without a qualified user: android.app.ContextImpl.sendBroadcast:877 com.android.server.am.AppErrors.crashApplicationInner:370 com.android.server.am.AppErrors.crashApplication:305 com.android.server.am.ActivityManagerService.handleApplicationCrashInner:13558 com.android.server.am.ActivityManagerService.handleApplicationCrash:13540
07-03 18:42:36.881 11514 11514 E AppCrashReceiver: org.libreoffice.impressremote stopped unexpectedly...
07-03 18:42:36.943 1247 18373 I chatty : uid=1000(system) RenderThread expire 4 lines
07-03 18:42:37.163 5235 5235 D wpa_supplicant: wlan0: Control interface command 'SIGNAL_POLL'
07-03 18:42:37.220 5235 5235 D wpa_supplicant: wlan0: Control interface command 'SCAN TYPE=ONLY freq=2437 scan_id=18,2'
07-03 18:42:37.221 5235 5235 D wpa_supplicant: wlan0: Setting scan request: 0.000000 sec
07-03 18:42:37.221 5235 5235 D wpa_supplicant: Scan SSID (manual request): SECUNDARIAint
07-03 18:42:37.221 5235 5235 D wpa_supplicant: Scan SSID (manual request): INFINITUM2D40
07-03 18:42:37.221 5235 5235 D wpa_supplicant: wlan0: Starting AP scan for wildcard SSID
07-03 18:42:37.226 11880 11880 I MemoryTrimmer: Trimming objects from memory, since app is in the background.
07-03 18:42:37.228 5235 5235 D wpa_supplicant: wlan0: Limit manual scan to specified channels
07-03 18:42:37.229 5235 5235 D wpa_supplicant: wlan0: Add radio work 'scan'@0xb67161b0
07-03 18:42:37.229 5235 5235 D wpa_supplicant: wlan0: First radio work item in the queue - schedule start immediately
07-03 18:42:37.230 5235 5235 D wpa_supplicant: wlan0: Starting radio work 'scan'@0xb67161b0 after 0.000211 second wait
07-03 18:42:37.234 5235 5235 D wpa_supplicant: wlan0: nl80211: scan request
07-03 18:42:37.235 5235 5235 D wpa_supplicant: Scan requested (ret=0) - scan timeout 30 seconds
07-03 18:42:37.236 5235 5235 D wpa_supplicant: nl80211: Drv Event 33 (NL80211_CMD_TRIGGER_SCAN) received for wlan0
07-03 18:42:37.236 5235 5235 D wpa_supplicant: wlan0: nl80211: Scan trigger
07-03 18:42:37.236 5235 5235 D wpa_supplicant: wlan0: Event SCAN_STARTED (47) received
07-03 18:42:37.236 5235 5235 D wpa_supplicant: wlan0: Own scan request started a scan in 0.000390 seconds
07-03 18:42:37.255 9896 18378 I Finsky : [424] com.google.android.finsky.flushlogs.FlushLogsReceiver$FlushLogsService.onHandleIntent(10): Flushing event logs for [7860k-orSSUWGvVILWxn744Gq8w]
07-03 18:42:37.257 9896 10221 I PlayCommon: [308] com.google.android.play.a.g.e(220): Preparing logs for uploading
07-03 18:42:37.263 9896 12533 I PlayCommon: [344] com.google.android.play.a.g.e(220): Preparing logs for uploading
07-03 18:42:37.264 9896 12533 I PlayCommon: [344] com.google.android.play.a.g.e(224): No file ready to send
07-03 18:42:37.299 1247 1704 W ActivityManager: Activity pause timeout for ActivityRecord{a44dd30 u0 org.libreoffice.impressremote/.activity.SlideShowActivity t3571 f}
07-03 18:42:37.323 5235 5235 D wpa_supplicant: nl80211: Drv Event 34 (NL80211_CMD_NEW_SCAN_RESULTS) received for wlan0
07-03 18:42:37.324 5235 5235 D wpa_supplicant: wlan0: nl80211: New scan results available
07-03 18:42:37.324 5235 5235 D wpa_supplicant: nl80211: Scan probed for SSID 'SECUNDARIAint'
07-03 18:42:37.324 5235 5235 D wpa_supplicant: nl80211: Scan probed for SSID 'INFINITUM2D40'
07-03 18:42:37.324 5235 5235 D wpa_supplicant: nl80211: Scan probed for SSID ''
07-03 18:42:37.324 5235 5235 D wpa_supplicant: nl80211: Scan included frequencies: 2437
07-03 18:42:37.324 5235 5235 D wpa_supplicant: wlan0: Event SCAN_RESULTS (3) received
07-03 18:42:37.324 5235 5235 D wpa_supplicant: wlan0: Scan completed in 0.087891 seconds
07-03 18:42:37.324 5235 5235 D wpa_supplicant: nl80211: Associated on 2437 MHz
07-03 18:42:37.324 5235 5235 D wpa_supplicant: nl80211: Associated with 00:0c:43:53:92:00
07-03 18:42:37.324 5235 5235 D wpa_supplicant: nl80211: Received scan results (5 BSSes)
07-03 18:42:37.324 5235 5235 D wpa_supplicant: nl80211: Scan results indicate BSS status with 00:0c:43:53:92:00 as associated
07-03 18:42:37.324 5235 5235 D wpa_supplicant: wlan0: BSS: Start scan result update 36
07-03 18:42:37.324 5235 5235 D wpa_supplicant: BSS: last_scan_res_used=5/32
07-03 18:42:37.324 5235 5235 D wpa_supplicant: wlan0: Scan-only results received
07-03 18:42:37.324 5235 5235 D wpa_supplicant: wlan0: Radio work 'scan'@0xb67161b0 done in 0.095062 seconds
07-03 18:42:37.324 5235 5235 D wpa_supplicant: wlan0: radio_work_free('scan'@0xb67161b0: num_active_works --> 0
07-03 18:42:37.420 1247 16832 I ActivityManager: Start proc 18383:com.google.process.gapps/u0a13 for content provider com.google.android.gsf/.gservices.GservicesProvider
07-03 18:42:37.453 9896 10221 I PlayCommon: [308] com.google.android.play.a.g.a(434): Connecting to server: https://play.googleapis.com/play/log?format=raw&proto_v2=true
07-03 18:42:37.486 1247 1702 I ActivityManager: Start proc 18396:com.google.android.apps.magazines/u0a80 for service com.google.android.apps.magazines/com.google.apps.dots.android.newsstand.service.SyncAdapterService
07-03 18:42:37.505 18383 18383 I art : Starting a blocking GC AddRemoveAppImageSpace
07-03 18:42:37.506 18383 18383 W System : ClassLoader referenced unknown path: /system/priv-app/GoogleServicesFramework/lib/arm
07-03 18:42:37.563 18383 18383 I GservicesProvider: Gservices pushing to system: true; secure/global: true
07-03 18:42:37.582 9896 10221 I PlayCommon: [308] com.google.android.play.a.g.a(491): Successfully uploaded logs.
07-03 18:42:37.582 18396 18396 I art : Starting a blocking GC AddRemoveAppImageSpace
07-03 18:42:37.588 9896 10221 I PlayCommon: [308] com.google.android.play.a.g.e(220): Preparing logs for uploading
07-03 18:42:37.588 9896 10221 I PlayCommon: [308] com.google.android.play.a.g.e(224): No file ready to send
07-03 18:42:37.590 18396 18396 W System : ClassLoader referenced unknown path: /data/app/com.google.android.apps.magazines-1/lib/arm
07-03 18:42:37.605 9896 9896 I Finsky : [1] com.google.android.finsky.utils.ay.onTrimMemory(2): Memory trim requested to level 80
07-03 18:42:37.650 18396 18396 I MultiDex: VM with version 2.1.0 has multidex support
07-03 18:42:37.651 18396 18396 I MultiDex: install
07-03 18:42:37.651 18396 18396 I MultiDex: VM has multidex support, MultiDex support library is disabled.
07-03 18:42:37.695 18383 18383 I GoogleHttpClient: GMS http client unavailable, use old client
07-03 18:42:37.791 18396 18396 I GAv4 : Google Analytics 10.2.98 is starting up. To enable debug logging on a device run:
07-03 18:42:37.791 18396 18396 I GAv4 : adb shell setprop log.tag.GAv4 DEBUG
07-03 18:42:37.791 18396 18396 I GAv4 : adb logcat -s GAv4
07-03 18:42:37.817 18396 18421 W GAv4 : AnalyticsReceiver is not registered or is disabled. Register the receiver for reliable dispatching on non-Google Play devices. See http://goo.gl/8Rd3yj for instructions.
07-03 18:42:37.838 18396 18421 W GAv4 : AnalyticsService not registered in the app manifest. Hits might not be delivered reliably. See http://goo.gl/8Rd3yj for instructions.
07-03 18:42:38.070 18396 18396 I NSApplication: Starting up...
07-03 18:42:38.092 18396 18396 W NSApplication: Trimming memory to level 5
07-03 18:42:38.099 18396 18396 D NSConnectivityManager: Network type changed to: 4
07-03 18:42:38.135 18396 18414 D ApplicationLoaders: ignored Vulkan layer search path /data/app/com.google.android.gms-1/lib/arm:/system/fake-libs:/data/app/com.google.android.gms-1/base.apk!/lib/armeabi-v7a for namespace 0xb6d94090
07-03 18:42:38.184 18396 18443 I SyncAdapterService: Ignoring sync request because background disallowed: not charging
07-03 18:42:38.197 18396 18442 D Primes : Crash metric disabled - not registering for startup notifications.
07-03 18:42:38.197 18396 18442 D Primes : Package metric disabled.
07-03 18:42:38.197 18396 18442 D Primes : Battery metric disabled
07-03 18:42:38.197 18396 18442 D Primes : MagicEye logging metric disabled
07-03 18:42:38.219 18396 18396 W NSApplication: Trimming memory to level 60
07-03 18:42:38.253 18396 18450 D ApplicationLoaders: ignored Vulkan layer search path /data/app/com.android.chrome-1/lib/arm:/data/app/com.android.chrome-1/base.apk!/lib/armeabi-v7a for namespace 0xb6d940d0
07-03 18:42:38.285 18396 18450 I WebViewFactory: Loading com.android.chrome version 59.0.3071.125 (code 307112502)
07-03 18:42:38.344 18396 18396 I NetworkQualityMonitor: Updated PredictedNetworkQuality to com.google.android.gms.herrevad.PredictedNetworkQuality[
07-03 18:42:38.344 18396 18396 I NetworkQualityMonitor: networkType: 1
07-03 18:42:38.344 18396 18396 I NetworkQualityMonitor: predictedLatencyMicros: 608072
07-03 18:42:38.344 18396 18396 I NetworkQualityMonitor: predictedDownThroughputBps: 408625
07-03 18:42:38.344 18396 18396 I NetworkQualityMonitor: predictedUpThroughputBps: -1
07-03 18:42:38.344 18396 18396 I NetworkQualityMonitor: ]
07-03 18:42:38.420 18396 18450 I cr_LibraryLoader: Time to load native libraries: 6 ms (timestamps 6705-6711)
07-03 18:42:38.433 18396 18450 I chromium: [INFO:library_loader_hooks.cc(144)] Chromium logging enabled: level = 0, default verbosity = 0
07-03 18:42:38.433 18396 18450 I cr_LibraryLoader: Expected native library version number "59.0.3071.125", actual native library version number "59.0.3071.125"
07-03 18:42:38.803 1247 5464 W ActivityManager: Force finishing activity org.libreoffice.impressremote/.activity.SlideShowActivity
07-03 18:42:38.805 1247 5464 W ActivityManager: Force finishing activity org.libreoffice.impressremote/.activity.ComputerConnectionActivity
07-03 18:42:38.813 1247 5464 W ActivityManager: Force finishing activity org.libreoffice.impressremote/.activity.ComputersActivity
07-03 18:42:38.841 1247 5464 I chatty : uid=1000(system) Binder:1247_4 expire 2 lines
07-03 18:42:38.860 1247 5464 I ActivityManager: Killing 15781:org.libreoffice.impressremote/u0a144 (adj 0): crash
07-03 18:42:38.861 1247 5464 D ActivityManager: cleanUpApplicationRecord -- 15781
07-03 18:42:38.863 1247 1707 I chatty : uid=1000(system) android.ui expire 1 line
07-03 18:42:38.898 11880 12002 I Adreno-EGL: : EGL 1.4 QUALCOMM build: (Ifd751822f5)
07-03 18:42:38.898 11880 12002 I Adreno-EGL: OpenGL ES Shader Compiler Version: XE031.06.00.05
07-03 18:42:38.898 11880 12002 I Adreno-EGL: Build Date: 01/26/16 Tue 07-03 18:42:38.898 11880 12002 I Adreno-EGL: Local Branch: AU12_SBA
07-03 18:42:38.898 11880 12002 I Adreno-EGL: Remote Branch:
07-03 18:42:38.898 11880 12002 I Adreno-EGL: Local Patches:
07-03 18:42:38.898 11880 12002 I Adreno-EGL: Reconstruct Branch:
07-03 18:42:38.899 11880 12002 I OpenGLRenderer: Initialized EGL, version 1.4
07-03 18:42:38.899 11880 12002 D OpenGLRenderer: Swap behavior 1
07-03 18:42:38.914 1247 5988 I chatty : uid=1000(system) Binder:1247_5 expire 1 line
07-03 18:42:38.919 1247 5183 I chatty : uid=1000(system) InputDispatcher expire 12 lines
07-03 18:42:38.926 18396 18396 W NSApplication: Trimming memory to level 80
07-03 18:42:38.939 1247 16831 I WindowManager: WIN DEATH: Window{f1b2248 u0 org.libreoffice.impressremote/org.libreoffice.impressremote.activity.SlideShowActivity}
07-03 18:42:38.942 1247 1626 I WindowManager: WIN DEATH: Window{1b18d5a u0 org.libreoffice.impressremote/org.libreoffice.impressremote.activity.ComputersActivity}
07-03 18:42:38.942 1247 1626 I chatty : uid=1000(system) Binder:1247_1 expire 1 line
07-03 18:42:38.945 1247 6386 I WindowManager: WIN DEATH: Window{fd9aca6 u0 org.libreoffice.impressremote/org.libreoffice.impressremote.activity.ComputerConnectionActivity}
07-03 18:42:39.024 1247 1847 W AppOps : Finishing op nesting under-run: uid 1000 pkg android code 24 time=0 duration=0 nesting=0
07-03 18:42:39.283 1247 7032 D ConnectivityService: ConnectivityService NetworkRequestInfo binderDied(NetworkRequest [ LISTEN id=21, [ Capabilities: NOT_RESTRICTED&TRUSTED&NOT_VPN&FOREGROUND] ], android.os.BinderProxy@28a36f8)
07-03 18:42:39.284 1247 7032 I ActivityManager: Process com.opera.mini.native (pid 18212) has died
07-03 18:42:39.284 1247 7032 D ActivityManager: cleanUpApplicationRecord -- 18212
07-03 18:42:39.296 1247 5202 E ConnectivityService: RemoteException caught trying to send a callback msg for NetworkRequest [ LISTEN id=21, [ Capabilities: NOT_RESTRICTED&TRUSTED&NOT_VPN&FOREGROUND] ]
07-03 18:42:39.363 11880 11880 W SessionLifecycleManager: Handover failed. Creating new session controller.
07-03 18:42:39.385 11880 11880 I OptInState: There is a new client and it does not support opt-in. Dropping request.
07-03 18:42:39.483 11880 18467 W LocationOracle: No location history returned by ContextManager
07-03 18:42:39.738 6261 6261 E ctxmgr : [WorkInfo]Attribution was already enqueued pkg=com.google.android.gms, lbl=PlacesProducer_receive, start=unspec, stop=unspec.
07-03 18:42:39.741 6261 15775 E ctxmgr : [WorkManager]Ongoing task not found: PlacesProducer_receive
07-03 18:42:39.749 6261 12331 I PlaceInferenceEngine: [anon] Changed inference mode: 105
07-03 18:42:39.799 6261 12331 I Places : ?: PlacesBleScanner start() with priority 2
07-03 18:42:39.800 6261 12331 I PlaceInferenceEngine: [anon] Changed inference mode: 102
07-03 18:42:39.805 6261 6261 I chatty : uid=10013 com.google.android.gms.persistent expire 21 lines
07-03 18:42:39.818 6261 12331 I Places : Converted 5 out of 10 WiFi scans
07-03 18:42:40.009 6261 13972 I PlaceInferenceEngine: No beacon scan available - ignoring candidates.
07-03 18:42:40.045 6261 6261 E ctxmgr : [PlaceFenceHelper]NearbyBuffer is null!
07-03 18:42:40.071 6261 7518 W ctxmgr : [AclManager]No 2 for (accnt=account#-517948760#, com.google.android.gms(10013):PlacesProducer, vrsn=11055000, 0, 3pPkg = null , 3pMdlId = null , pid = 6261). Was: 3 for 18, account#-517948760#
07-03 18:42:40.224 5235 5235 D wpa_supplicant: wlan0: Control interface command 'SIGNAL_POLL'
07-03 18:42:40.523 6467 6485 I art : Background sticky concurrent mark sweep GC freed 6352(368KB) AllocSpace objects, 1(44KB) LOS objects, 3% free, 18MB/18MB, paused 7.319ms total 73.533ms
07-03 18:42:41.580 6467 6474 I art : Do partial code cache collection, code=231KB, data=252KB
07-03 18:42:41.582 6467 6474 I art : After code cache collection, code=215KB, data=240KB
07-03 18:42:41.582 6467 6474 I art : Increasing code cache capacity to 1024KB
07-03 18:42:41.772 6467 6827 W OpenGLRenderer: Points are too far apart 4.001877
07-03 18:42:41.772 6467 6827 W OpenGLRenderer: Points are too far apart 4.001877
07-03 18:42:42.581 7207 7218 W art : Suspending all threads took: 8.816ms
07-03 18:42:42.589 7207 7218 I art : Background sticky concurrent mark sweep GC freed 15107(574KB) AllocSpace objects, 0(0B) LOS objects, 10% free, 5MB/6MB, paused 12.375ms total 54.361ms
07-03 18:42:42.794 7207 7207 I Choreographer: Skipped 43 frames! The application may be doing too much work on its main thread.
07-03 18:42:42.985 7207 7207 W ResourceType: No known package when getting value for resource number 0xff000000
07-03 18:42:42.986 7207 7207 W ResourceType: No known package when getting value for resource number 0xff000000
07-03 18:42:43.295 5235 5235 D wpa_supplicant: wlan0: Control interface command 'SIGNAL_POLL'
07-03 18:42:44.221 6467 6485 I art : Background partial concurrent mark sweep GC freed 50706(2MB) AllocSpace objects, 11(460KB) LOS objects, 40% free, 15MB/26MB, paused 4.319ms total 198.604ms
07-03 18:42:45.179 1247 16832 I ActivityManager: START u0 {act=android.intent.action.MAIN cat=[android.intent.category.LAUNCHER] flg=0x10200000 cmp=org.libreoffice.impressremote/.activity.ComputersActivity (has extras)} from uid 10112 on display 0
07-03 18:42:45.236 1247 6017 I ActivityManager: Start proc 18482:org.libreoffice.impressremote/u0a144 for activity org.libreoffice.impressremote/.activity.ComputersActivity
07-03 18:42:45.349 18482 18482 W System : ClassLoader referenced unknown path: /data/app/org.libreoffice.impressremote-1/lib/arm
07-03 18:42:45.699 18482 18499 I Adreno-EGL: : EGL 1.4 QUALCOMM build: (Ifd751822f5)
07-03 18:42:45.699 18482 18499 I Adreno-EGL: OpenGL ES Shader Compiler Version: XE031.06.00.05
07-03 18:42:45.699 18482 18499 I Adreno-EGL: Build Date: 01/26/16 Tue 07-03 18:42:45.699 18482 18499 I Adreno-EGL: Local Branch: AU12_SBA
07-03 18:42:45.699 18482 18499 I Adreno-EGL: Remote Branch:
07-03 18:42:45.699 18482 18499 I Adreno-EGL: Local Patches:
07-03 18:42:45.699 18482 18499 I Adreno-EGL: Reconstruct Branch:
07-03 18:42:45.714 18482 18499 I OpenGLRenderer: Initialized EGL, version 1.4
07-03 18:42:45.714 18482 18499 D OpenGLRenderer: Swap behavior 1
07-03 18:42:45.713 18482 18482 I RenderThread: type=1400 audit(0.0:90): avc: denied { read } for uid=10144 name="gpuclk" dev="sysfs" ino=11450 scontext=u:r:untrusted_app:s0:c512,c768 tcontext=u:object_r:sysfs:s0 tclass=file permissive=1
07-03 18:42:45.713 18482 18482 I RenderThread: type=1400 audit(0.0:91): avc: denied { open } for uid=10144 path="/sys/devices/soc.0/1c00000.qcom,kgsl-3d0/kgsl/kgsl-3d0/gpuclk" dev="sysfs" ino=11450 scontext=u:r:untrusted_app:s0:c512,c768 tcontext=u:object_r:sysfs:s0 tclass=file permissive=1
07-03 18:42:45.713 18482 18482 I RenderThread: type=1400 audit(0.0:92): avc: denied { getattr } for uid=10144 path="/sys/devices/soc.0/1c00000.qcom,kgsl-3d0/kgsl/kgsl-3d0/gpuclk" dev="sysfs" ino=11450 scontext=u:r:untrusted_app:s0:c512,c768 tcontext=u:object_r:sysfs:s0 tclass=file permissive=1
07-03 18:42:45.831 6467 6467 W IInputConnectionWrapper: reportFullscreenMode on inexistent InputConnection
07-03 18:42:45.831 6467 6467 W IInputConnectionWrapper: finishComposingText on inactive InputConnection
07-03 18:42:46.030 11880 13975 I PBSessionCacheImpl: Deleted sessionId[64061543571546] from persistence.
07-03 18:42:46.088 11880 11880 W SearchService: Abort, client detached.
07-03 18:42:46.361 5235 5235 D wpa_supplicant: wlan0: Control interface command 'SIGNAL_POLL'
07-03 18:42:46.968 1247 6390 I ActivityManager: START u0 {cmp=org.libreoffice.impressremote/.activity.ComputerConnectionActivity (has extras)} from uid 10144 on display 0
07-03 18:42:47.102 1247 7032 I ActivityManager: START u0 {cmp=org.libreoffice.impressremote/.activity.SlideShowActivity} from uid 10144 on display 0
07-03 18:42:47.258 18482 18482 D AndroidRuntime: Shutting down VM
07-03 18:42:47.271 18482 18482 E AndroidRuntime: FATAL EXCEPTION: main
07-03 18:42:47.271 18482 18482 E AndroidRuntime: Process: org.libreoffice.impressremote, PID: 18482
07-03 18:42:47.271 18482 18482 E AndroidRuntime: android.os.NetworkOnMainThreadException
07-03 18:42:47.271 18482 18482 E AndroidRuntime: at android.os.StrictMode$AndroidBlockGuardPolicy.onNetwork(StrictMode.java:1303)
07-03 18:42:47.271 18482 18482 E AndroidRuntime: at java.net.SocketOutputStream.socketWrite(SocketOutputStream.java:111)
07-03 18:42:47.271 18482 18482 E AndroidRuntime: at java.net.SocketOutputStream.write(SocketOutputStream.java:157)
07-03 18:42:47.271 18482 18482 E AndroidRuntime: at sun.nio.cs.StreamEncoder.writeBytes(StreamEncoder.java:221)
07-03 18:42:47.271 18482 18482 E AndroidRuntime: at sun.nio.cs.StreamEncoder.implFlushBuffer(StreamEncoder.java:291)
07-03 18:42:47.271 18482 18482 E AndroidRuntime: at sun.nio.cs.StreamEncoder.implFlush(StreamEncoder.java:295)
07-03 18:42:47.271 18482 18482 E AndroidRuntime: at sun.nio.cs.StreamEncoder.flush(StreamEncoder.java:141)
07-03 18:42:47.271 18482 18482 E AndroidRuntime: at java.io.OutputStreamWriter.flush(OutputStreamWriter.java:229)
07-03 18:42:47.271 18482 18482 E AndroidRuntime: at java.io.BufferedWriter.flush(BufferedWriter.java:254)
07-03 18:42:47.271 18482 18482 E AndroidRuntime: at org.libreoffice.impressremote.communication.CommandsTransmitter.writeCommand(CommandsTransmitter.java:44)
07-03 18:42:47.271 18482 18482 E AndroidRuntime: at org.libreoffice.impressremote.communication.CommandsTransmitter.startPresentation(CommandsTransmitter.java:77)
07-03 18:42:47.271 18482 18482 E AndroidRuntime: at org.libreoffice.impressremote.activity.SlideShowActivity.startSlideShow(SlideShowActivity.java:174)
07-03 18:42:47.271 18482 18482 E AndroidRuntime: at org.libreoffice.impressremote.activity.SlideShowActivity.onServiceConnected(SlideShowActivity.java:158)
07-03 18:42:47.271 18482 18482 E AndroidRuntime: at android.app.LoadedApk$ServiceDispatcher.doConnected(LoadedApk.java:1453)
07-03 18:42:47.271 18482 18482 E AndroidRuntime: at android.app.LoadedApk$ServiceDispatcher$RunConnection.run(LoadedApk.java:1481)
07-03 18:42:47.271 18482 18482 E AndroidRuntime: at android.os.Handler.handleCallback(Handler.java:751)
07-03 18:42:47.271 18482 18482 E AndroidRuntime: at android.os.Handler.dispatchMessage(Handler.java:95)
07-03 18:42:47.271 18482 18482 E AndroidRuntime: at android.os.Looper.loop(Looper.java:154)
07-03 18:42:47.271 18482 18482 E AndroidRuntime: at android.app.ActivityThread.main(ActivityThread.java:6208)
07-03 18:42:47.271 18482 18482 E AndroidRuntime: at java.lang.reflect.Method.invoke(Native Method)
07-03 18:42:47.271 18482 18482 E AndroidRuntime: at com.android.internal.os.ZygoteInit$MethodAndArgsCaller.run(ZygoteInit.java:891)
07-03 18:42:47.271 18482 18482 E AndroidRuntime: at com.android.internal.os.ZygoteInit.main(ZygoteInit.java:781)
07-03 18:42:47.276 1247 6433 W ActivityManager: Force finishing activity org.libreoffice.impressremote/.activity.SlideShowActivity
07-03 18:42:47.297 1247 6433 W ContextImpl: Calling a method in the system process without a qualified user: android.app.ContextImpl.sendBroadcast:877 com.android.server.am.AppErrors.crashApplicationInner:370 com.android.server.am.AppErrors.crashApplication:305 com.android.server.am.ActivityManagerService.handleApplicationCrashInner:13558 com.android.server.am.ActivityManagerService.handleApplicationCrash:13540
07-03 18:42:47.304 11514 11514 E AppCrashReceiver: 'org.libreoffice.impressremote' is repeatedly stopping...
07-03 18:42:47.312 11514 11514 E AppCrashReceiver: Now disabling all overlays for 'org.libreoffice.impressremote'...
07-03 18:42:47.314 1247 18511 W DropBoxManagerService: Dropping: data_app_crash (1864 > 0 bytes)
07-03 18:42:47.782 1247 1704 W ActivityManager: Activity pause timeout for ActivityRecord{4c099cf u0 org.libreoffice.impressremote/.activity.SlideShowActivity t3573 f}
07-03 18:42:49.425 5235 5235 D wpa_supplicant: wlan0: Control interface command 'SIGNAL_POLL'
07-03 18:42:49.597 11880 11880 I MemoryTrimmer: Trimming objects from memory, since app is in the background.
07-03 18:42:49.636 6261 13972 E ctxmgr : [ProducerActiveIntervalImpl]closeActiveInterval: Error: ongoing, trying to close
07-03 18:42:49.663 6261 12331 I PlaceInferenceEngine: [anon] Changed inference mode: 105
07-03 18:42:50.084 18482 18482 I Process : Sending signal. PID: 18482 SIG: 9
07-03 18:42:50.107 1247 5464 I WindowManager: WIN DEATH: Window{89ff3c7 u0 org.libreoffice.impressremote/org.libreoffice.impressremote.activity.SlideShowActivity}
07-03 18:42:50.107 1247 1627 I chatty : uid=1000(system) Binder:1247_2 expire 2 lines
07-03 18:42:50.108 1247 16831 I ActivityManager: Process org.libreoffice.impressremote (pid 18482) has died
07-03 18:42:50.108 1247 16831 D ActivityManager: cleanUpApplicationRecord -- 18482
07-03 18:42:50.108 1247 16831 W ActivityManager: Scheduling restart of crashed service org.libreoffice.impressremote/.communication.CommunicationService in 1000ms
07-03 18:42:50.108 1247 16831 W ActivityManager: Scheduling restart of crashed service org.libreoffice.impressremote/.communication.CommunicationServiceWear in 10999ms
07-03 18:42:50.119 1247 6017 I WindowManager: WIN DEATH: Window{23c5a2e u0 org.libreoffice.impressremote/org.libreoffice.impressremote.activity.ComputerConnectionActivity}
07-03 18:42:50.119 1247 6017 I chatty : uid=1000(system) Binder:1247_6 expire 1 line
07-03 18:42:50.128 1247 7035 I WindowManager: WIN DEATH: Window{990683d u0 org.libreoffice.impressremote/org.libreoffice.impressremote.activity.ComputersActivity}
07-03 18:42:50.145 1247 16831 W ActivityManager: Force removing ActivityRecord{cce58a5 u0 org.libreoffice.impressremote/.activity.ComputersActivity t3573}: app died, no saved state
07-03 18:42:50.198 18396 18396 W NSApplication: Trimming memory to level 80
07-03 18:42:50.269 1247 1847 W AppOps : Finishing op nesting under-run: uid 1000 pkg android code 24 time=0 duration=0 nesting=0
07-03 18:42:50.290 11880 11885 I art : Do partial code cache collection, code=163KB, data=252KB
07-03 18:42:50.292 11880 11885 I art : After code cache collection, code=163KB, data=252KB
07-03 18:42:50.292 11880 11885 I art : Increasing code cache capacity to 1024KB
07-03 18:42:50.335 11880 11880 W SessionLifecycleManager: Handover failed. Creating new session controller.
07-03 18:42:50.363 11880 11880 I OptInState: There is a new client and it does not support opt-in. Dropping request.
07-03 18:42:50.429 11880 11964 W LocationOracle: No location history returned by ContextManager
07-03 18:42:50.582 6261 12331 I PlaceInferenceEngine: [anon] Changed inference mode: 105
07-03 18:42:50.607 6261 6261 E ctxmgr : [WorkInfo]Attribution was already enqueued pkg=com.google.android.gms, lbl=PlacesProducer_receive, start=unspec, stop=unspec.
07-03 18:42:50.623 6261 14474 E ctxmgr : [WorkManager]Ongoing task not found: PlacesProducer_receive
07-03 18:42:50.651 6261 12331 I Places : ?: PlacesBleScanner start() with priority 2
07-03 18:42:50.653 6261 12331 I PlaceInferenceEngine: [anon] Changed inference mode: 102
07-03 18:42:50.658 6261 6261 D Error : ERR: exClass=android.os.StrictMode$StrictModeDiskReadViolation
07-03 18:42:50.658 6261 6261 D Error : ERR: exMsg=policy=23068679 violation=2
07-03 18:42:50.658 6261 6261 D Error : ERR: file=StrictMode.java
07-03 18:42:50.658 6261 6261 D Error : ERR: class=android.os.StrictMode$AndroidBlockGuardPolicy
07-03 18:42:50.658 6261 6261 D Error : ERR: method=onReadFromDisk line=1293
07-03 18:42:50.659 6261 6261 D Error : ERR: stack=android.os.StrictMode$StrictModeDiskReadViolation: policy=23068679 violation=2
07-03 18:42:50.659 6261 6261 D Error : at android.os.StrictMode$AndroidBlockGuardPolicy.onReadFromDisk(StrictMode.java:1293)
07-03 18:42:50.659 6261 6261 D Error : at java.io.UnixFileSystem.checkAccess(UnixFileSystem.java:249)
07-03 18:42:50.659 6261 6261 D Error : at java.io.File.exists(File.java:780)
07-03 18:42:50.659 6261 6261 D Error : at android.app.ContextImpl.ensurePrivateDirExists(ContextImpl.java:512)
07-03 18:42:50.659 6261 6261 D Error : at android.app.ContextImpl.getPreferencesDir(ContextImpl.java:468)
07-03 18:42:50.659 6261 6261 D Error : at android.app.ContextImpl.getSharedPreferencesPath(ContextImpl.java:627)
07-03 18:42:50.659 6261 6261 D Error : at android.app.ContextImpl.getSharedPreferences(ContextImpl.java:345)
07-03 18:42:50.659 6261 6261 D Error : at android.content.ContextWrapper.getSharedPreferences(ContextWrapper.java:164)
07-03 18:42:50.659 6261 6261 D Error : at android.content.ContextWrapper.getSharedPreferences(ContextWrapper.java:164)
07-03 18:42:50.659 6261 6261 D Error : at clo.(:com.google.android.gms:0)
07-03 18:42:50.659 6261 6261 D Error : at ckp.K(:com.google.android.gms:1)
07-03 18:42:50.659 6261 6261 D Error : at ckp.a(:com.google.android.gms:5)
07-03 18:42:50.659 6261 6261 D Error : at ckp.k(:com.google.android.gms:0)
07-03 18:42:50.659 6261 6261 D Error : at com.google.android.contextmanager.service.ContextManagerChimeraService.onCreate(:com.google.android.gms:2)
07-03 18:42:50.659 6261 6261 D Error : at byx.onCreate(:com.google.android.gms:0)
07-03 18:42:50.659 6261 6261 D Error : at jda.onCreate(:com.google.android.gms:4)
07-03 18:42:50.659 6261 6261 D Error : at android.app.ActivityThread.handleCreateService(ActivityThread.java:3210)
07-03 18:42:50.659 6261 6261 D Error : at android.app.ActivityThread.-wrap5(ActivityThread.java)
07-03 18:42:50.659 6261 6261 D Error : at android.app.ActivityThread$H.handleMessage(ActivityThread.java:1582)
07-03 18:42:50.659 6261 6261 D Error : at android.os.Handler.dispatchMessage(Handler.java:102)
07-03 18:42:50.659 6261 6261 D Error : at android.os.Looper.loop(Looper.java:154)
07-03 18:42:50.659 6261 6261 D Error : at android.app.ActivityThread.main(ActivityThread.java:6208)
07-03 18:42:50.659 6261 6261 D Error : at java.lang.reflect.Method.invoke(Native Method)
07-03 18:42:50.659 6261 6261 D Error : at com.android.internal.os.ZygoteInit$MethodAndArgsCaller.run(ZygoteInit.java:891)
07-03 18:42:50.659 6261 6261 D Error : at com.android.internal.os.ZygoteInit.main(ZygoteInit.java:781)
07-03 18:42:50.659 6261 6261 D Error : # via Binder call with stack:
07-03 18:42:50.659 6261 6261 D Error : android.os.StrictMode$LogStackTrace
07-03 18:42:50.659 6261 6261 D Error : at android.os.StrictMode.readAndHandleBinderCallViolations(StrictMode.java:1954)
07-03 18:42:50.659 6261 6261 D Error : at android.os.Parcel.readExceptionCode(Parcel.java:1665)
07-03 18:42:50.659 6261 6261 D Error : at android.os.Parcel.readException(Parcel.java:1634)
07-03 18:42:50.659 6261 6261 D Error : at oz.b(:com.google.android.gms.GoogleCertificates:9)
07-03 18:42:50.659 6261 6261 D Error : at os.a(:com.google.android.gms.GoogleCertificates:47)
07-03 18:42:50.659 6261 6261 D Error : at os.(:com.google.android.gms.GoogleCertificates:3)
07-03 18:42:50.659 6261 6261 D Error : at ot.createFromParcel(:com.google.android.gms.GoogleCertificates:71)
07-03 18:42:50.659 6261 6261 D Error : at pb.onTransact(:com.google.android.gms.GoogleCertificates:54)
07-03 18:42:50.659 6261 6261 D Error : at android.os.Binder.transact(Binder.java:499)
07-03 18:42:50.659 6261 6261 D Error : at kwl.isGoogleOrPlatformSigned(:com.google.android.gms:3)
07-03 18:42:50.659 6261 6261 D Error : at joo.a(:com.google.android.gms:25)
07-03 18:42:50.659 6261 6261 D Error : at joo.a(:com.google.android.gms:20)
07-03 18:42:50.659 6261 6261 D Error : at keq.b(:com.google.android.gms:3)
07-03 18:42:50.659 6261 6261 D Error : at keq.a(:com.google.android.gms:25)
07-03 18:42:50.659 6261 6261 D Error : at keq.b(:com.google.android.gms:16)
07-03 18:42:50.659 6261 6261 D Error : at keq.c(:com.google.android.gms:3)
07-03 18:42:50.659 6261 6261 D Error : at com.google.android.gms.auth.account.be.legacy.AccountChimeraContentProvider.call(:com.google.android.gms:1)
07-03 18:42:50.659 6261 6261 D Error : at bxn.call(:com.google.android.gms:0)
07-03 18:42:50.659 6261 6261 D Error : at android.content.ContentProvider$Transport.call(ContentProvider.java:400)
07-03 18:42:50.659 6261 6261 D Error : at android.content.ContentProviderClient.call(ContentProviderClient.java:456)
07-03 18:42:50.659 6261 6261 D Error : at dzg.f(:com.google.android.gms:1)
07-03 18:42:50.659 6261 6261 D Error : at dze.d(:com.google.android.gms:2)
07-03 18:42:50.659 6261 6261 D Error : at akvc.b(:com.google.android.gms:0)
07-03 18:42:50.659 6261 6261 D Error : at akvc.(:com.google.android.gms:2)
07-03 18:42:50.659 6261 6261 D Error : at akvc.a(:com.google.android.gms:0)
07-03 18:42:50.659 6261 6261 D Error : at akqa.a(:com.google.android.gms:1)
07-03 18:42:50.659 6261 6261 D Error : at com.google.android.location.reporting.service.ReportingAndroidChimeraService.onCreate(:com.google.android.gms:0)
07-03 18:42:50.659 6261 6261 D Error : at byx.onCreate(:com.google.android.gms:0)
07-03 18:42:50.659 6261 6261 D Error : at jda.onCreate(:com.google.android.gms:4)
07-03 18:42:50.659 6261 6261 D Error : at android.app.ActivityThread.handleCreateService(ActivityThread.java:3210)
07-03 18:42:50.659 6261 6261 D Error : at android.app.ActivityThread.-wrap5(ActivityThread.java)
07-03 18:42:50.659 6261 6261 D Error : at android.app.ActivityThread$H.handleMessage(ActivityThread.java:1582)
07-03 18:42:50.659 6261 6261 D Error : at android.os.Handler.dispatchMessage(Handler.java:102)
07-03 18:42:50.659 6261 6261 D Error : at android.os.Looper.loop(Looper.java:154)
07-03 18:42:50.659 6261 6261 D Error : at android.app.ActivityThread.main(ActivityThread.java:6208)
07-03 18:42:50.659 6261 6261 D Error : at java.lang.reflect.Method.invoke(Native Method)
07-03 18:42:50.659 6261 6261 D Error : at com.android.internal.os.ZygoteInit$MethodAndArgsCaller.run(ZygoteInit.java:891)
07-03 18:42:50.659 6261 6261 D Error : at com.android.internal.os.ZygoteInit.main(ZygoteInit.java:781)
07-03 18:42:50.659 6261 6261 D Error : # via Binder call with stack:
07-03 18:42:50.659 6261 6261 D Error : android.os.StrictMode$LogStackTrace
07-03 18:42:50.659 6261 6261 D Error : at android.os.StrictMode.readAndHandleBinderCallViolations(StrictMode.java:1954)
07-03 18:42:50.659 6261 6261 D Error : at android.os.Parcel.readExceptionCode(Pa
07-03 18:42:50.659 6261 6261 D Error : ERR: TOTAL BYTES WRITTEN: 39696
07-03 18:42:50.659 6261 6261 D Error : ERR: exClass=android.os.StrictMode$StrictModeDiskReadViolation
07-03 18:42:50.659 6261 6261 D Error : ERR: exMsg=policy=23068679 violation=2
07-03 18:42:50.659 6261 6261 D Error : ERR: file=StrictMode.java
07-03 18:42:50.659 6261 6261 D Error : ERR: class=android.os.StrictMode$AndroidBlockGuardPolicy
07-03 18:42:50.659 6261 6261 D Error : ERR: method=onReadFromDisk line=1293
07-03 18:42:50.660 6261 6261 D Error : ERR: stack=android.os.StrictMode$StrictModeDiskReadViolation: policy=23068679 violation=2
07-03 18:42:50.660 6261 6261 D Error : at android.os.StrictMode$AndroidBlockGuardPolicy.onReadFromDisk(StrictMode.java:1293)
07-03 18:42:50.660 6261 6261 D Error : at java.io.UnixFileSystem.checkAccess(UnixFileSystem.java:249)
07-03 18:42:50.660 6261 6261 D Error : at java.io.File.exists(File.java:780)
07-03 18:42:50.660 6261 6261 D Error : at android.app.ContextImpl.ensurePrivateDirExists(ContextImpl.java:512)
07-03 18:42:50.660 6261 6261 D Error : at android.app.ContextImpl.getDatabasesDir(ContextImpl.java:715)
07-03 18:42:50.660 6261 6261 D Error : at android.app.ContextImpl.getDatabasePath(ContextImpl.java:694)
07-03 18:42:50.660 6261 6261 D Error : at android.app.ContextImpl.openOrCreateDatabase(ContextImpl.java:644)
07-03 18:42:50.660 6261 6261 D Error : at android.content.ContextWrapper.openOrCreateDatabase(ContextWrapper.java:289)
07-03 18:42:50.660 6261 6261 D Error : at android.content.ContextWrapper.openOrCreateDatabase(ContextWrapper.java:289)
07-03 18:42:50.660 6261 6261 D Error : at android.database.sqlite.SQLiteOpenHelper.getDatabaseLocked(SQLiteOpenHelper.java:223)
07-03 18:42:50.660 6261 6261 D Error : at android.database.sqlite.SQLiteOpenHelper.getWritableDatabase(SQLiteOpenHelper.java:163)
07-03 18:42:50.660 6261 6261 D Error : at cqt.getWritableDatabase(:com.google.android.gms:0)
07-03 18:42:50.660 6261 6261 D Error : at cqp.a(:com.google.android.gms:3)
07-03 18:42:50.660 6261 6261 D Error : at crh.b(:com.google.android.gms:5)
07-03 18:42:50.660 6261 6261 D Error : at crh.a(:com.google.android.gms:132)
07-03 18:42:50.660 6261 6261 D Error : at ckp.N(:com.google.android.gms:1)
07-03 18:42:50.660 6261 6261 D Error : at ckp.n(:com.google.android.gms:0)
07-03 18:42:50.660 6261 6261 D Error : at che.a(:com.google.android.gms:12)
07-03 18:42:50.660 6261 6261 D Error : at crm.(:com.google.android.gms:1)
07-03 18:42:50.660 6261 6261 D Error : at cqw.(:com.google.android.gms:0)
07-03 18:42:50.660 6261 6261 D Error : at ckp.L(:com.google.android.gms:1)
07-03 18:42:50.660 6261 6261 D Error : at ckp.a(:com.google.android.gms:5)
07-03 18:42:50.660 6261 6261 D Error : at ckp.k(:com.google.android.gms:0)
07-03 18:42:50.660 6261 6261 D Error : at com.google.android.contextmanager.service.ContextManagerChimeraService.onCreate(:com.google.android.gms:2)
07-03 18:42:50.660 6261 6261 D Error : at byx.onCreate(:com.google.android.gms:0)
07-03 18:42:50.660 6261 6261 D Error : at jda.onCreate(:com.google.android.gms:4)
07-03 18:42:50.660 6261 6261 D Error : at android.app.ActivityThread.handleCreateService(ActivityThread.java:3210)
07-03 18:42:50.660 6261 6261 D Error : at android.app.ActivityThread.-wrap5(ActivityThread.java)
07-03 18:42:50.660 6261 6261 D Error : at android.app.ActivityThread$H.handleMessage(ActivityThread.java:1582)
07-03 18:42:50.660 6261 6261 D Error : at android.os.Handler.dispatchMessage(Handler.java:102)
07-03 18:42:50.660 6261 6261 D Error : at android.os.Looper.loop(Looper.java:154)
07-03 18:42:50.660 6261 6261 D Error : at android.app.ActivityThread.main(ActivityThread.java:6208)
07-03 18:42:50.660 6261 6261 D Error : at java.lang.reflect.Method.invoke(Native Method)
07-03 18:42:50.660 6261 6261 D Error : at com.android.internal.os.ZygoteInit$MethodAndArgsCaller.run(ZygoteInit.java:891)
07-03 18:42:50.660 6261 6261 D Error : at com.android.internal.os.ZygoteInit.main(ZygoteInit.java:781)
07-03 18:42:50.660 6261 6261 D Error : # via Binder call with stack:
07-03 18:42:50.660 6261 6261 D Error : android.os.StrictMode$LogStackTrace
07-03 18:42:50.660 6261 6261 D Error : at android.os.StrictMode.readAndHandleBinderCallViolations(StrictMode.java:1954)
07-03 18:42:50.660 6261 6261 D Error : at android.os.Parcel.readExceptionCode(Parcel.java:1665)
07-03 18:42:50.660 6261 6261 D Error : at android.os.Parcel.readException(Parcel.java:1634)
07-03 18:42:50.660 6261 6261 D Error : at oz.b(:com.google.android.gms.GoogleCertificates:9)
07-03 18:42:50.660 6261 6261 D Error : at os.a(:com.google.android.gms.GoogleCertificates:47)
07-03 18:42:50.660 6261 6261 D Error : at os.(:com.google.android.gms.GoogleCertificates:3)
07-03 18:42:50.660 6261 6261 D Error : at ot.createFromParcel(:com.google.android.gms.GoogleCertificates:71)
07-03 18:42:50.660 6261 6261 D Error : at pb.onTransact(:com.google.android.gms.GoogleCertificates:54)
07-03 18:42:50.660 6261 6261 D Error : at android.os.Binder.transact(Binder.java:499)
07-03 18:42:50.660 6261 6261 D Error : at kwl.isGoogleOrPlatformSigned(:com.google.android.gms:3)
07-03 18:42:50.660 6261 6261 D Error : at joo.a(:com.google.android.gms:25)
07-03 18:42:50.660 6261 6261 D Error : at joo.a(:com.google.android.gms:20)
07-03 18:42:50.660 6261 6261 D Error : at keq.b(:com.google.android.gms:3)
07-03 18:42:50.660 6261 6261 D Error : at keq.a(:com.google.android.gms:25)
07-03 18:42:50.660 6261 6261 D Error : at keq.b(:com.google.android.gms:16)
07-03 18:42:50.660 6261 6261 D Error : at keq.c(:com.google.android.gms:3)
07-03 18:42:50.660 6261 6261 D Error : at com.google.android.gms.auth.account.be.legacy.AccountChimeraContentProvider.call(:com.google.android.gms:1)
07-03 18:42:50.660 6261 6261 D Error : at bxn.call(:com.google.android.gms:0)
07-03 18:42:50.660 6261 6261 D Error : at android.content.ContentProvider$Transport.call(ContentProvider.java:400)
07-03 18:42:50.660 6261 6261 D Error : at android.content.ContentProviderClient.call(ContentProviderClient.java:456)
07-03 18:42:50.660 6261 6261 D Error : at dzg.f(:com.google.android.gms:1)
07-03 18:42:50.660 6261 6261 D Error : at dze.d(:com.google.android.gms:2)
07-03 18:42:50.660 6261 6261 D Error : at akvc.b(:com.google.android.gms:0)
07-03 18:42:50.660 6261 6261 D Error : at akvc.(:com.google.android.gms:2)
07-03 18:42:50.660 6261 6261 D Error : at akvc.a(:com.google.android.gms:0)
07-03 18:42:50.660 6261 6261 D Error : at akqa.a(:com.google.android.gms:1)
07-03 18:42:50.660 6261 6261 D Error : at com.google.android.location.reporting.service.ReportingAndroidChimeraService.onCreate(:com.google.android.gms:0)
07-03 18:42:50.660 6261 6261 D Error : at byx.onCreate(:com.google.android.gms:0)
07-03 18:42:50.660 6261 6261 D Error : at jda.onCreate(:com.google.android.gms:4)
07-03 18:42:50.660 6261 6261 D Error : at android.app.ActivityThread.handleCreateService(ActivityThread.java:3210)
07-03 18:42:50.660 6261 6261 D Error : at android.app.ActivityThread.-wrap5(ActivityThread.java)
07-03 18:42:50.660 6261 6261 D Error : at android.app.ActivityThread$H.handleMessage(ActivityThread.java:1582)
07-03 18:42:50.660 6261 6261 D Error : at android.os.Handler.dispatchMessage(Handler.java:102)
07-03 18:42:50.660 6261 6261 D Error : at
07-03 18:42:50.660 6261 6261 D Error : ERR: TOTAL BYTES WRITTEN: 40684
07-03 18:42:50.660 6261 6261 D Error : ERR: exClass=android.os.StrictMode$StrictModeDiskReadViolation
07-03 18:42:50.660 6261 6261 D Error : ERR: exMsg=policy=23068679 violation=2
07-03 18:42:50.660 6261 6261 D Error : ERR: file=StrictMode.java
07-03 18:42:50.660 6261 6261 D Error : ERR: class=android.os.StrictMode$AndroidBlockGuardPolicy
07-03 18:42:50.660 6261 6261 D Error : ERR: method=onReadFromDisk line=1293
07-03 18:42:50.661 6261 6261 D Error : ERR: stack=android.os.StrictMode$StrictModeDiskReadViolation: policy=23068679 violation=2
07-03 18:42:50.661 6261 6261 D Error : at android.os.StrictMode$AndroidBlockGuardPolicy.onReadFromDisk(StrictMode.java:1293)
07-03 18:42:50.661 6261 6261 D Error : at android.database.sqlite.SQLiteConnection.applyBlockGuardPolicy(SQLiteConnection.java:1041)
07-03 18:42:50.661 6261 6261 D Error : at android.database.sqlite.SQLiteConnection.executeForLong(SQLiteConnection.java:595)
07-03 18:42:50.661 6261 6261 D Error : at android.database.sqlite.SQLiteConnection.setPageSize(SQLiteConnection.java:251)
07-03 18:42:50.661 6261 6261 D Error : at android.database.sqlite.SQLiteConnection.open(SQLiteConnection.java:213)
07-03 18:42:50.661 6261 6261 D Error : at android.database.sqlite.SQLiteConnection.open(SQLiteConnection.java:193)
07-03 18:42:50.661 6261 6261 D Error : at android.database.sqlite.SQLiteConnectionPool.openConnectionLocked(SQLiteConnectionPool.java:463)
07-03 18:42:50.661 6261 6261 D Error : at android.database.sqlite.SQLiteConnectionPool.open(SQLiteConnectionPool.java:185)
07-03 18:42:50.661 6261 6261 D Error : at android.database.sqlite.SQLiteConnectionPool.open(SQLiteConnectionPool.java:177)
