07-03 18:42:50.661 6261 6261 D Error : at android.database.sqlite.SQLiteDatabase.openInner(SQLiteDatabase.java:808)
07-03 18:42:50.661 6261 6261 D Error : at android.database.sqlite.SQLiteDatabase.open(SQLiteDatabase.java:793)
07-03 18:42:50.661 6261 6261 D Error : at android.database.sqlite.SQLiteDatabase.openDatabase(SQLiteDatabase.java:696)
07-03 18:42:50.661 6261 6261 D Error : at android.app.ContextImpl.openOrCreateDatabase(ContextImpl.java:652)
07-03 18:42:50.661 6261 6261 D Error : at android.content.ContextWrapper.openOrCreateDatabase(ContextWrapper.java:289)
07-03 18:42:50.661 6261 6261 D Error : at android.content.ContextWrapper.openOrCreateDatabase(ContextWrapper.java:289)
07-03 18:42:50.661 6261 6261 D Error : at android.database.sqlite.SQLiteOpenHelper.getDatabaseLocked(SQLiteOpenHelper.java:223)
07-03 18:42:50.661 6261 6261 D Error : at android.database.sqlite.SQLiteOpenHelper.getWritableDatabase(SQLiteOpenHelper.java:163)
07-03 18:42:50.661 6261 6261 D Error : at cqt.getWritableDatabase(:com.google.android.gms:0)
07-03 18:42:50.661 6261 6261 D Error : at cqp.a(:com.google.android.gms:3)
07-03 18:42:50.661 6261 6261 D Error : at crh.b(:com.google.android.gms:5)
07-03 18:42:50.661 6261 6261 D Error : at crh.a(:com.google.android.gms:132)
07-03 18:42:50.661 6261 6261 D Error : at ckp.N(:com.google.android.gms:1)
07-03 18:42:50.661 6261 6261 D Error : at ckp.n(:com.google.android.gms:0)
07-03 18:42:50.661 6261 6261 D Error : at che.a(:com.google.android.gms:12)
07-03 18:42:50.661 6261 6261 D Error : at crm.(:com.google.android.gms:1)
07-03 18:42:50.661 6261 6261 D Error : at cqw.(:com.google.android.gms:0)
07-03 18:42:50.661 6261 6261 D Error : at ckp.L(:com.google.android.gms:1)
07-03 18:42:50.661 6261 6261 D Error : at ckp.a(:com.google.android.gms:5)
07-03 18:42:50.661 6261 6261 D Error : at ckp.k(:com.google.android.gms:0)
07-03 18:42:50.661 6261 6261 D Error : at com.google.android.contextmanager.service.ContextManagerChimeraService.onCreate(:com.google.android.gms:2)
07-03 18:42:50.661 6261 6261 D Error : at byx.onCreate(:com.google.android.gms:0)
07-03 18:42:50.661 6261 6261 D Error : at jda.onCreate(:com.google.android.gms:4)
07-03 18:42:50.661 6261 6261 D Error : at android.app.ActivityThread.handleCreateService(ActivityThread.java:3210)
07-03 18:42:50.661 6261 6261 D Error : at android.app.ActivityThread.-wrap5(ActivityThread.java)
07-03 18:42:50.661 6261 6261 D Error : at android.app.ActivityThread$H.handleMessage(ActivityThread.java:1582)
07-03 18:42:50.661 6261 6261 D Error : at android.os.Handler.dispatchMessage(Handler.java:102)
07-03 18:42:50.661 6261 6261 D Error : at android.os.Looper.loop(Looper.java:154)
07-03 18:42:50.661 6261 6261 D Error : at android.app.ActivityThread.main(ActivityThread.java:6208)
07-03 18:42:50.661 6261 6261 D Error : at java.lang.reflect.Method.invoke(Native Method)
07-03 18:42:50.661 6261 6261 D Error : at com.android.internal.os.ZygoteInit$MethodAndArgsCaller.run(ZygoteInit.java:891)
07-03 18:42:50.661 6261 6261 D Error : at com.android.internal.os.ZygoteInit.main(ZygoteInit.java:781)
07-03 18:42:50.661 6261 6261 D Error : # via Binder call with stack:
07-03 18:42:50.661 6261 6261 D Error : android.os.StrictMode$LogStackTrace
07-03 18:42:50.661 6261 6261 D Error : at android.os.StrictMode.readAndHandleBinderCallViolations(StrictMode.java:1954)
07-03 18:42:50.661 6261 6261 D Error : at android.os.Parcel.readExceptionCode(Parcel.java:1665)
07-03 18:42:50.661 6261 6261 D Error : at android.os.Parcel.readException(Parcel.java:1634)
07-03 18:42:50.661 6261 6261 D Error : at oz.b(:com.google.android.gms.GoogleCertificates:9)
07-03 18:42:50.661 6261 6261 D Error : at os.a(:com.google.android.gms.GoogleCertificates:47)
07-03 18:42:50.661 6261 6261 D Error : at os.(:com.google.android.gms.GoogleCertificates:3)
07-03 18:42:50.661 6261 6261 D Error : at ot.createFromParcel(:com.google.android.gms.GoogleCertificates:71)
07-03 18:42:50.661 6261 6261 D Error : at pb.onTransact(:com.google.android.gms.GoogleCertificates:54)
07-03 18:42:50.661 6261 6261 D Error : at android.os.Binder.transact(Binder.java:499)
07-03 18:42:50.661 6261 6261 D Error : at kwl.isGoogleOrPlatformSigned(:com.google.android.gms:3)
07-03 18:42:50.661 6261 6261 D Error : at joo.a(:com.google.android.gms:25)
07-03 18:42:50.661 6261 6261 D Error : at joo.a(:com.google.android.gms:20)
07-03 18:42:50.661 6261 6261 D Error : at keq.b(:com.google.android.gms:3)
07-03 18:42:50.661 6261 6261 D Error : at keq.a(:com.google.android.gms:25)
07-03 18:42:50.661 6261 6261 D Error : at keq.b(:com.google.android.gms:16)
07-03 18:42:50.661 6261 6261 D Error : at keq.c(:com.google.android.gms:3)
07-03 18:42:50.661 6261 6261 D Error : at com.google.android.gms.auth.account.be.legacy.AccountChimeraContentProvider.call(:com.google.android.gms:1)
07-03 18:42:50.661 6261 6261 D Error : at bxn.call(:com.google.android.gms:0)
07-03 18:42:50.661 6261 6261 D Error : at android.content.ContentProvider$Transport.call(ContentProvider.java:400)
07-03 18:42:50.661 6261 6261 D Error : at android.content.ContentProviderClient.call(ContentProviderClient.java:456)
07-03 18:42:50.661 6261 6261 D Error : at dzg.f(:com.google.android.gms:1)
07-03 18:42:50.661 6261 6261 D Error : at dze.d(:com.google.android.gms:2)
07-03 18:42:50.661 6261 6261 D Error : at akvc.b(:com.
07-03 18:42:50.661 6261 6261 D Error : ERR: TOTAL BYTES WRITTEN: 41348
07-03 18:42:50.700 6261 12331 I Places : Converted 5 out of 10 WiFi scans
07-03 18:42:50.847 6261 18524 I PlaceInferenceEngine: No beacon scan available - ignoring candidates.
07-03 18:42:50.877 6261 6261 E ctxmgr : [PlaceFenceHelper]NearbyBuffer is null!
07-03 18:42:50.889 6261 13972 W ctxmgr : [AclManager]No 2 for (accnt=account#-517948760#, com.google.android.gms(10013):PlacesProducer, vrsn=11055000, 0, 3pPkg = null , 3pMdlId = null , pid = 6261). Was: 3 for 18, account#-517948760#
07-03 18:42:51.121 1247 1704 I ActivityManager: Start proc 18525:org.libreoffice.impressremote/u0a144 for service org.libreoffice.impressremote/.communication.CommunicationService
07-03 18:42:51.181 18525 18525 W System : ClassLoader referenced unknown path: /data/app/org.libreoffice.impressremote-1/lib/arm
07-03 18:42:51.237 18525 18525 V CommunicationSrvcWear: GoogleApiClient created
07-03 18:42:51.242 18525 18525 V CommunicationSrvcWear: Connecting to GoogleApiClient..
07-03 18:42:51.275 6261 6261 I WearableService: onCreate - Wear is not available on this device.
07-03 18:42:51.289 6261 6777 D WearableService: onGetService - Wear is not available on this device.
07-03 18:42:51.376 1247 7028 I ActivityManager: START u0 {act=android.intent.action.MAIN cat=[android.intent.category.LAUNCHER] flg=0x10200000 cmp=org.libreoffice.impressremote/.activity.ComputersActivity (has extras)} from uid 10112 on display 0
07-03 18:42:51.660 18525 18546 I Adreno-EGL: : EGL 1.4 QUALCOMM build: (Ifd751822f5)
07-03 18:42:51.660 18525 18546 I Adreno-EGL: OpenGL ES Shader Compiler Version: XE031.06.00.05
07-03 18:42:51.660 18525 18546 I Adreno-EGL: Build Date: 01/26/16 Tue 07-03 18:42:51.660 18525 18546 I Adreno-EGL: Local Branch: AU12_SBA
07-03 18:42:51.660 18525 18546 I Adreno-EGL: Remote Branch:
07-03 18:42:51.660 18525 18546 I Adreno-EGL: Local Patches:
07-03 18:42:51.660 18525 18546 I Adreno-EGL: Reconstruct Branch:
07-03 18:42:51.665 18525 18546 I OpenGLRenderer: Initialized EGL, version 1.4
07-03 18:42:51.665 18525 18546 D OpenGLRenderer: Swap behavior 1
07-03 18:42:51.663 18525 18525 I RenderThread: type=1400 audit(0.0:93): avc: denied { read } for uid=10144 name="gpuclk" dev="sysfs" ino=11450 scontext=u:r:untrusted_app:s0:c512,c768 tcontext=u:object_r:sysfs:s0 tclass=file permissive=1
07-03 18:42:51.663 18525 18525 I RenderThread: type=1400 audit(0.0:94): avc: denied { open } for uid=10144 path="/sys/devices/soc.0/1c00000.qcom,kgsl-3d0/kgsl/kgsl-3d0/gpuclk" dev="sysfs" ino=11450 scontext=u:r:untrusted_app:s0:c512,c768 tcontext=u:object_r:sysfs:s0 tclass=file permissive=1
07-03 18:42:51.663 18525 18525 I RenderThread: type=1400 audit(0.0:95): avc: denied { getattr } for uid=10144 path="/sys/devices/soc.0/1c00000.qcom,kgsl-3d0/kgsl/kgsl-3d0/gpuclk" dev="sysfs" ino=11450 scontext=u:r:untrusted_app:s0:c512,c768 tcontext=u:object_r:sysfs:s0 tclass=file permissive=1
07-03 18:42:51.781 6467 6467 W IInputConnectionWrapper: reportFullscreenMode on inexistent InputConnection
07-03 18:42:51.781 6467 6467 W IInputConnectionWrapper: finishComposingText on inactive InputConnection
07-03 18:42:51.972 11880 11985 I PBSessionCacheImpl: Deleted sessionId[64061543571656] from persistence.
07-03 18:42:52.018 11880 11880 W SearchService: Abort, client detached.
07-03 18:42:52.499 5235 5235 D wpa_supplicant: wlan0: Control interface command 'SIGNAL_POLL'
07-03 18:42:52.567 1247 16829 I ActivityManager: START u0 {cmp=org.libreoffice.impressremote/.activity.ComputerConnectionActivity (has extras)} from uid 10144 on display 0
07-03 18:42:52.717 1247 1847 I chatty : uid=1000(system) android.display expire 10 lines
07-03 18:42:52.796 1247 7035 I ActivityManager: START u0 {cmp=org.libreoffice.impressremote/.activity.SlideShowActivity} from uid 10144 on display 0
07-03 18:42:53.042 18525 18525 D AndroidRuntime: Shutting down VM
07-03 18:42:53.043 18525 18525 E AndroidRuntime: FATAL EXCEPTION: main
07-03 18:42:53.043 18525 18525 E AndroidRuntime: Process: org.libreoffice.impressremote, PID: 18525
07-03 18:42:53.043 18525 18525 E AndroidRuntime: android.os.NetworkOnMainThreadException
07-03 18:42:53.043 18525 18525 E AndroidRuntime: at android.os.StrictMode$AndroidBlockGuardPolicy.onNetwork(StrictMode.java:1303)
07-03 18:42:53.043 18525 18525 E AndroidRuntime: at java.net.SocketOutputStream.socketWrite(SocketOutputStream.java:111)
07-03 18:42:53.043 18525 18525 E AndroidRuntime: at java.net.SocketOutputStream.write(SocketOutputStream.java:157)
07-03 18:42:53.043 18525 18525 E AndroidRuntime: at sun.nio.cs.StreamEncoder.writeBytes(StreamEncoder.java:221)
07-03 18:42:53.043 18525 18525 E AndroidRuntime: at sun.nio.cs.StreamEncoder.implFlushBuffer(StreamEncoder.java:291)
07-03 18:42:53.043 18525 18525 E AndroidRuntime: at sun.nio.cs.StreamEncoder.implFlush(StreamEncoder.java:295)
07-03 18:42:53.043 18525 18525 E AndroidRuntime: at sun.nio.cs.StreamEncoder.flush(StreamEncoder.java:141)
07-03 18:42:53.043 18525 18525 E AndroidRuntime: at java.io.OutputStreamWriter.flush(OutputStreamWriter.java:229)
07-03 18:42:53.043 18525 18525 E AndroidRuntime: at java.io.BufferedWriter.flush(BufferedWriter.java:254)
07-03 18:42:53.043 18525 18525 E AndroidRuntime: at org.libreoffice.impressremote.communication.CommandsTransmitter.writeCommand(CommandsTransmitter.java:44)
07-03 18:42:53.043 18525 18525 E AndroidRuntime: at org.libreoffice.impressremote.communication.CommandsTransmitter.startPresentation(CommandsTransmitter.java:77)
07-03 18:42:53.043 18525 18525 E AndroidRuntime: at org.libreoffice.impressremote.activity.SlideShowActivity.startSlideShow(SlideShowActivity.java:174)
07-03 18:42:53.043 18525 18525 E AndroidRuntime: at org.libreoffice.impressremote.activity.SlideShowActivity.onServiceConnected(SlideShowActivity.java:158)
07-03 18:42:53.043 18525 18525 E AndroidRuntime: at android.app.LoadedApk$ServiceDispatcher.doConnected(LoadedApk.java:1453)
07-03 18:42:53.043 18525 18525 E AndroidRuntime: at android.app.LoadedApk$ServiceDispatcher$RunConnection.run(LoadedApk.java:1481)
07-03 18:42:53.043 18525 18525 E AndroidRuntime: at android.os.Handler.handleCallback(Handler.java:751)
07-03 18:42:53.043 18525 18525 E AndroidRuntime: at android.os.Handler.dispatchMessage(Handler.java:95)
07-03 18:42:53.043 18525 18525 E AndroidRuntime: at android.os.Looper.loop(Looper.java:154)
07-03 18:42:53.043 18525 18525 E AndroidRuntime: at android.app.ActivityThread.main(ActivityThread.java:6208)
07-03 18:42:53.043 18525 18525 E AndroidRuntime: at java.lang.reflect.Method.invoke(Native Method)
07-03 18:42:53.043 18525 18525 E AndroidRuntime: at com.android.internal.os.ZygoteInit$MethodAndArgsCaller.run(ZygoteInit.java:891)
07-03 18:42:53.043 18525 18525 E AndroidRuntime: at com.android.internal.os.ZygoteInit.main(ZygoteInit.java:781)
07-03 18:42:53.048 1247 16833 W ActivityManager: Force finishing activity org.libreoffice.impressremote/.activity.SlideShowActivity
07-03 18:42:53.053 1247 16833 W ContextImpl: Calling a method in the system process without a qualified user: android.app.ContextImpl.sendBroadcast:877 com.android.server.am.AppErrors.crashApplicationInner:370 com.android.server.am.AppErrors.crashApplication:305 com.android.server.am.ActivityManagerService.handleApplicationCrashInner:13558 com.android.server.am.ActivityManagerService.handleApplicationCrash:13540
07-03 18:42:53.057 1247 18558 W DropBoxManagerService: Dropping: data_app_crash (1864 > 0 bytes)
07-03 18:42:53.058 11514 11514 E AppCrashReceiver: 'org.libreoffice.impressremote' is repeatedly stopping...
07-03 18:42:53.058 11514 11514 E AppCrashReceiver: Now disabling all overlays for 'org.libreoffice.impressremote'...
07-03 18:42:53.058 18525 18525 I Process : Sending signal. PID: 18525 SIG: 9
07-03 18:42:53.069 1247 5183 I chatty : uid=1000(system) InputDispatcher expire 10 lines
07-03 18:42:53.072 1247 5251 I chatty : uid=1000(system) Binder:1247_3 expire 1 line
07-03 18:42:53.072 1247 7032 I WindowManager: WIN DEATH: Window{2709d44 u0 org.libreoffice.impressremote/org.libreoffice.impressremote.activity.ComputerConnectionActivity}
07-03 18:42:53.072 1247 7032 I chatty : uid=1000(system) Binder:1247_F expire 2 lines
07-03 18:42:53.076 1221 1221 I chatty : uid=1000(system) /system/bin/surfaceflinger expire 10 lines
07-03 18:42:53.078 1247 5464 I ActivityManager: Process org.libreoffice.impressremote (pid 18525) has died
07-03 18:42:53.078 1247 5464 D ActivityManager: cleanUpApplicationRecord -- 18525
07-03 18:42:53.081 1247 6433 I WindowManager: WIN DEATH: Window{e63e881 u0 org.libreoffice.impressremote/org.libreoffice.impressremote.activity.ComputersActivity}
07-03 18:42:53.081 1247 6433 I chatty : uid=1000(system) Binder:1247_C expire 1 line
07-03 18:42:53.084 1247 5464 W ActivityManager: Service crashed 2 times, stopping: ServiceRecord{e6d2832 u0 org.libreoffice.impressremote/.communication.CommunicationService}
07-03 18:42:53.084 1247 5464 W ActivityManager: Service crashed 2 times, stopping: ServiceRecord{b4b9df4 u0 org.libreoffice.impressremote/.communication.CommunicationServiceWear}
07-03 18:42:53.085 1247 1627 I WindowManager: WIN DEATH: Window{2ac8686 u0 org.libreoffice.impressremote/org.libreoffice.impressremote.activity.SlideShowActivity}
07-03 18:42:53.090 1247 5464 W ActivityManager: Force removing ActivityRecord{6e98a76 u0 org.libreoffice.impressremote/.activity.ComputersActivity t3574}: app died, no saved state
07-03 18:42:53.167 11880 11880 W SessionLifecycleManager: Handover failed. Creating new session controller.
07-03 18:42:54.311 1247 16831 I ActivityManager: START u0 {act=android.intent.action.MAIN cat=[android.intent.category.LAUNCHER] flg=0x10200000 cmp=org.libreoffice.impressremote/.activity.ComputersActivity (has extras)} from uid 10112 on display 0
07-03 18:42:54.353 1247 5464 I ActivityManager: Start proc 18563:org.libreoffice.impressremote/u0a144 for activity org.libreoffice.impressremote/.activity.ComputersActivity
07-03 18:42:54.423 18563 18563 W System : ClassLoader referenced unknown path: /data/app/org.libreoffice.impressremote-1/lib/arm
07-03 18:42:54.682 18563 18580 I Adreno-EGL: : EGL 1.4 QUALCOMM build: (Ifd751822f5)
07-03 18:42:54.682 18563 18580 I Adreno-EGL: OpenGL ES Shader Compiler Version: XE031.06.00.05
07-03 18:42:54.682 18563 18580 I Adreno-EGL: Build Date: 01/26/16 Tue 07-03 18:42:54.682 18563 18580 I Adreno-EGL: Local Branch: AU12_SBA
07-03 18:42:54.682 18563 18580 I Adreno-EGL: Remote Branch:
07-03 18:42:54.682 18563 18580 I Adreno-EGL: Local Patches:
07-03 18:42:54.682 18563 18580 I Adreno-EGL: Reconstruct Branch:
07-03 18:42:54.685 18563 18580 I OpenGLRenderer: Initialized EGL, version 1.4
07-03 18:42:54.686 18563 18580 D OpenGLRenderer: Swap behavior 1
07-03 18:42:54.780 6467 6467 W IInputConnectionWrapper: reportFullscreenMode on inexistent InputConnection
07-03 18:42:54.780 6467 6467 W IInputConnectionWrapper: finishComposingText on inactive InputConnection
07-03 18:42:55.236 1247 7017 I ActivityManager: START u0 {cmp=org.libreoffice.impressremote/.activity.ComputerConnectionActivity (has extras)} from uid 10144 on display 0
07-03 18:42:55.408 11880 17736 I PBSessionCacheImpl: Deleted sessionId[64061543571657] from persistence.
07-03 18:42:55.454 1247 6425 I ActivityManager: START u0 {cmp=org.libreoffice.impressremote/.activity.SlideShowActivity} from uid 10144 on display 0
07-03 18:42:55.474 11880 11880 W SearchService: Abort, client detached.
07-03 18:42:55.552 5235 5235 D wpa_supplicant: wlan0: Control interface command 'SIGNAL_POLL'
07-03 18:42:55.609 18563 18563 D AndroidRuntime: Shutting down VM
07-03 18:42:55.611 18563 18563 E AndroidRuntime: FATAL EXCEPTION: main
07-03 18:42:55.611 18563 18563 E AndroidRuntime: Process: org.libreoffice.impressremote, PID: 18563
07-03 18:42:55.611 18563 18563 E AndroidRuntime: android.os.NetworkOnMainThreadException
07-03 18:42:55.611 18563 18563 E AndroidRuntime: at android.os.StrictMode$AndroidBlockGuardPolicy.onNetwork(StrictMode.java:1303)
07-03 18:42:55.611 18563 18563 E AndroidRuntime: at java.net.SocketOutputStream.socketWrite(SocketOutputStream.java:111)
07-03 18:42:55.611 18563 18563 E AndroidRuntime: at java.net.SocketOutputStream.write(SocketOutputStream.java:157)
07-03 18:42:55.611 18563 18563 E AndroidRuntime: at sun.nio.cs.StreamEncoder.writeBytes(StreamEncoder.java:221)
07-03 18:42:55.611 18563 18563 E AndroidRuntime: at sun.nio.cs.StreamEncoder.implFlushBuffer(StreamEncoder.java:291)
07-03 18:42:55.611 18563 18563 E AndroidRuntime: at sun.nio.cs.StreamEncoder.implFlush(StreamEncoder.java:295)
07-03 18:42:55.611 18563 18563 E AndroidRuntime: at sun.nio.cs.StreamEncoder.flush(StreamEncoder.java:141)
07-03 18:42:55.611 18563 18563 E AndroidRuntime: at java.io.OutputStreamWriter.flush(OutputStreamWriter.java:229)
07-03 18:42:55.611 18563 18563 E AndroidRuntime: at java.io.BufferedWriter.flush(BufferedWriter.java:254)
07-03 18:42:55.611 18563 18563 E AndroidRuntime: at org.libreoffice.impressremote.communication.CommandsTransmitter.writeCommand(CommandsTransmitter.java:44)
07-03 18:42:55.611 18563 18563 E AndroidRuntime: at org.libreoffice.impressremote.communication.CommandsTransmitter.startPresentation(CommandsTransmitter.java:77)
07-03 18:42:55.611 18563 18563 E AndroidRuntime: at org.libreoffice.impressremote.activity.SlideShowActivity.startSlideShow(SlideShowActivity.java:174)
07-03 18:42:55.611 18563 18563 E AndroidRuntime: at org.libreoffice.impressremote.activity.SlideShowActivity.onServiceConnected(SlideShowActivity.java:158)
07-03 18:42:55.611 18563 18563 E AndroidRuntime: at android.app.LoadedApk$ServiceDispatcher.doConnected(LoadedApk.java:1453)
07-03 18:42:55.611 18563 18563 E AndroidRuntime: at android.app.LoadedApk$ServiceDispatcher$RunConnection.run(LoadedApk.java:1481)
07-03 18:42:55.611 18563 18563 E AndroidRuntime: at android.os.Handler.handleCallback(Handler.java:751)
07-03 18:42:55.611 18563 18563 E AndroidRuntime: at android.os.Handler.dispatchMessage(Handler.java:95)
07-03 18:42:55.611 18563 18563 E AndroidRuntime: at android.os.Looper.loop(Looper.java:154)
07-03 18:42:55.611 18563 18563 E AndroidRuntime: at android.app.ActivityThread.main(ActivityThread.java:6208)
07-03 18:42:55.611 18563 18563 E AndroidRuntime: at java.lang.reflect.Method.invoke(Native Method)
07-03 18:42:55.611 18563 18563 E AndroidRuntime: at com.android.internal.os.ZygoteInit$MethodAndArgsCaller.run(ZygoteInit.java:891)
07-03 18:42:55.611 18563 18563 E AndroidRuntime: at com.android.internal.os.ZygoteInit.main(ZygoteInit.java:781)
07-03 18:42:55.613 1247 5988 W ActivityManager: Force finishing activity org.libreoffice.impressremote/.activity.SlideShowActivity
07-03 18:42:55.617 1247 18592 W DropBoxManagerService: Dropping: data_app_crash (1864 > 0 bytes)
07-03 18:42:55.618 1247 5988 W ContextImpl: Calling a method in the system process without a qualified user: android.app.ContextImpl.sendBroadcast:877 com.android.server.am.AppErrors.crashApplicationInner:370 com.android.server.am.AppErrors.crashApplication:305 com.android.server.am.ActivityManagerService.handleApplicationCrashInner:13558 com.android.server.am.ActivityManagerService.handleApplicationCrash:13540
07-03 18:42:55.620 11514 11514 E AppCrashReceiver: 'org.libreoffice.impressremote' is repeatedly stopping...
07-03 18:42:55.620 11514 11514 E AppCrashReceiver: Now disabling all overlays for 'org.libreoffice.impressremote'...
07-03 18:42:55.623 18563 18563 I Process : Sending signal. PID: 18563 SIG: 9
07-03 18:42:55.654 1247 6433 I WindowManager: WIN DEATH: Window{1278f7a u0 org.libreoffice.impressremote/org.libreoffice.impressremote.activity.ComputerConnectionActivity}
07-03 18:42:55.654 1247 6426 I chatty : uid=1000(system) Binder:1247_B expire 2 lines
07-03 18:42:55.655 1247 6426 I ActivityManager: Process org.libreoffice.impressremote (pid 18563) has died
07-03 18:42:55.655 1247 6426 D ActivityManager: cleanUpApplicationRecord -- 18563
07-03 18:42:55.657 1247 6426 W ActivityManager: Scheduling restart of crashed service org.libreoffice.impressremote/.communication.CommunicationServiceWear in 1000ms
07-03 18:42:55.657 1247 6426 W ActivityManager: Scheduling restart of crashed service org.libreoffice.impressremote/.communication.CommunicationService in 10999ms
07-03 18:42:55.666 1247 7032 I WindowManager: WIN DEATH: Window{2c741cc u0 org.libreoffice.impressremote/org.libreoffice.impressremote.activity.SlideShowActivity}
07-03 18:42:55.669 1247 7028 I WindowManager: WIN DEATH: Window{8fbb479 u0 org.libreoffice.impressremote/org.libreoffice.impressremote.activity.ComputersActivity}
07-03 18:42:55.669 1247 7028 I chatty : uid=1000(system) Binder:1247_E expire 2 lines
07-03 18:42:55.680 1247 6426 W ActivityManager: Force removing ActivityRecord{cf93ed1 u0 org.libreoffice.impressremote/.activity.ComputersActivity t3575}: app died, no saved state
07-03 18:42:55.706 18396 18396 W NSApplication: Trimming memory to level 80
07-03 18:42:55.736 11880 11880 W SessionLifecycleManager: Handover failed. Creating new session controller.
07-03 18:42:56.675 1247 1704 I ActivityManager: Start proc 18598:org.libreoffice.impressremote/u0a144 for service org.libreoffice.impressremote/.communication.CommunicationServiceWear
07-03 18:42:56.727 18598 18598 W System : ClassLoader referenced unknown path: /data/app/org.libreoffice.impressremote-1/lib/arm
07-03 18:42:56.754 18598 18598 V CommunicationSrvcWear: GoogleApiClient created
07-03 18:42:56.757 18598 18598 V CommunicationSrvcWear: Connecting to GoogleApiClient..
07-03 18:42:56.773 6261 6261 I WearableService: onCreate - Wear is not available on this device.
07-03 18:42:56.780 6261 6777 D WearableService: onGetService - Wear is not available on this device.
07-03 18:42:57.527 1247 7033 I ActivityManager: START u0 {act=android.intent.action.MAIN cat=[android.intent.category.LAUNCHER] flg=0x10200000 cmp=org.libreoffice.impressremote/.activity.ComputersActivity (has extras)} from uid 10112 on display 0
07-03 18:42:57.805 18598 18619 I Adreno-EGL: : EGL 1.4 QUALCOMM build: (Ifd751822f5)
07-03 18:42:57.805 18598 18619 I Adreno-EGL: OpenGL ES Shader Compiler Version: XE031.06.00.05
07-03 18:42:57.805 18598 18619 I Adreno-EGL: Build Date: 01/26/16 Tue 07-03 18:42:57.805 18598 18619 I Adreno-EGL: Local Branch: AU12_SBA
07-03 18:42:57.805 18598 18619 I Adreno-EGL: Remote Branch:
07-03 18:42:57.805 18598 18619 I Adreno-EGL: Local Patches:
07-03 18:42:57.805 18598 18619 I Adreno-EGL: Reconstruct Branch:
07-03 18:42:57.808 18598 18619 I OpenGLRenderer: Initialized EGL, version 1.4
07-03 18:42:57.808 18598 18619 D OpenGLRenderer: Swap behavior 1
07-03 18:42:57.912 6467 6467 W IInputConnectionWrapper: reportFullscreenMode on inexistent InputConnection
07-03 18:42:57.912 6467 6467 W IInputConnectionWrapper: finishComposingText on inactive InputConnection
07-03 18:42:58.605 5235 5235 D wpa_supplicant: wlan0: Control interface command 'SIGNAL_POLL'
07-03 18:42:58.628 11880 17736 I PBSessionCacheImpl: Deleted sessionId[64061543571658] from persistence.
07-03 18:42:58.670 11880 11880 W SearchService: Abort, client detached.
07-03 18:43:00.375 1247 7032 I ActivityManager: START u0 {cmp=org.libreoffice.impressremote/.activity.SettingsActivity} from uid 10144 on display 0
07-03 18:43:00.512 11880 11880 I MemoryTrimmer: Trimming objects from memory, since app is in the background.
07-03 18:43:00.567 6261 13972 E ctxmgr : [ProducerActiveIntervalImpl]closeActiveInterval: Error: ongoing, trying to close
07-03 18:43:00.600 6261 12331 I PlaceInferenceEngine: [anon] Changed inference mode: 105
07-03 18:43:01.674 5235 5235 D wpa_supplicant: wlan0: Control interface command 'SIGNAL_POLL'
07-03 18:43:02.629 1247 5988 I ActivityManager: Process com.google.process.gapps (pid 18383) has died
07-03 18:43:02.629 1247 5988 D ActivityManager: cleanUpApplicationRecord -- 18383
07-03 18:43:03.196 5271 5271 I SlideTouchEvent: vel=0.0, MinimumFlingVelocity=90
07-03 18:43:03.910 1247 16832 I ActivityManager: START u0 {cmp=org.libreoffice.impressremote/.activity.ComputerConnectionActivity (has extras)} from uid 10144 on display 0
07-03 18:43:04.025 1247 16832 I ActivityManager: START u0 {cmp=org.libreoffice.impressremote/.activity.SlideShowActivity} from uid 10144 on display 0
07-03 18:43:04.145 18598 18598 D AndroidRuntime: Shutting down VM
07-03 18:43:04.147 18598 18598 E AndroidRuntime: FATAL EXCEPTION: main
07-03 18:43:04.147 18598 18598 E AndroidRuntime: Process: org.libreoffice.impressremote, PID: 18598
07-03 18:43:04.147 18598 18598 E AndroidRuntime: android.os.NetworkOnMainThreadException
07-03 18:43:04.147 18598 18598 E AndroidRuntime: at android.os.StrictMode$AndroidBlockGuardPolicy.onNetwork(StrictMode.java:1303)
07-03 18:43:04.147 18598 18598 E AndroidRuntime: at java.net.SocketOutputStream.socketWrite(SocketOutputStream.java:111)
07-03 18:43:04.147 18598 18598 E AndroidRuntime: at java.net.SocketOutputStream.write(SocketOutputStream.java:157)
07-03 18:43:04.147 18598 18598 E AndroidRuntime: at sun.nio.cs.StreamEncoder.writeBytes(StreamEncoder.java:221)
07-03 18:43:04.147 18598 18598 E AndroidRuntime: at sun.nio.cs.StreamEncoder.implFlushBuffer(StreamEncoder.java:291)
07-03 18:43:04.147 18598 18598 E AndroidRuntime: at sun.nio.cs.StreamEncoder.implFlush(StreamEncoder.java:295)
07-03 18:43:04.147 18598 18598 E AndroidRuntime: at sun.nio.cs.StreamEncoder.flush(StreamEncoder.java:141)
07-03 18:43:04.147 18598 18598 E AndroidRuntime: at java.io.OutputStreamWriter.flush(OutputStreamWriter.java:229)
07-03 18:43:04.147 18598 18598 E AndroidRuntime: at java.io.BufferedWriter.flush(BufferedWriter.java:254)
07-03 18:43:04.147 18598 18598 E AndroidRuntime: at org.libreoffice.impressremote.communication.CommandsTransmitter.writeCommand(CommandsTransmitter.java:44)
07-03 18:43:04.147 18598 18598 E AndroidRuntime: at org.libreoffice.impressremote.communication.CommandsTransmitter.startPresentation(CommandsTransmitter.java:77)
07-03 18:43:04.147 18598 18598 E AndroidRuntime: at org.libreoffice.impressremote.activity.SlideShowActivity.startSlideShow(SlideShowActivity.java:174)
07-03 18:43:04.147 18598 18598 E AndroidRuntime: at org.libreoffice.impressremote.activity.SlideShowActivity.onServiceConnected(SlideShowActivity.java:158)
07-03 18:43:04.147 18598 18598 E AndroidRuntime: at android.app.LoadedApk$ServiceDispatcher.doConnected(LoadedApk.java:1453)
07-03 18:43:04.147 18598 18598 E AndroidRuntime: at android.app.LoadedApk$ServiceDispatcher$RunConnection.run(LoadedApk.java:1481)
07-03 18:43:04.147 18598 18598 E AndroidRuntime: at android.os.Handler.handleCallback(Handler.java:751)
07-03 18:43:04.147 18598 18598 E AndroidRuntime: at android.os.Handler.dispatchMessage(Handler.java:95)
07-03 18:43:04.147 18598 18598 E AndroidRuntime: at android.os.Looper.loop(Looper.java:154)
07-03 18:43:04.147 18598 18598 E AndroidRuntime: at android.app.ActivityThread.main(ActivityThread.java:6208)
07-03 18:43:04.147 18598 18598 E AndroidRuntime: at java.lang.reflect.Method.invoke(Native Method)
07-03 18:43:04.147 18598 18598 E AndroidRuntime: at com.android.internal.os.ZygoteInit$MethodAndArgsCaller.run(ZygoteInit.java:891)
07-03 18:43:04.147 18598 18598 E AndroidRuntime: at com.android.internal.os.ZygoteInit.main(ZygoteInit.java:781)
07-03 18:43:04.149 1247 7032 W ActivityManager: Force finishing activity org.libreoffice.impressremote/.activity.SlideShowActivity
07-03 18:43:04.159 1247 7032 W ContextImpl: Calling a method in the system process without a qualified user: android.app.ContextImpl.sendBroadcast:877 com.android.server.am.AppErrors.crashApplicationInner:370 com.android.server.am.AppErrors.crashApplication:305 com.android.server.am.ActivityManagerService.handleApplicationCrashInner:13558 com.android.server.am.ActivityManagerService.handleApplicationCrash:13540
07-03 18:43:04.161 11514 11514 E AppCrashReceiver: 'org.libreoffice.impressremote' is repeatedly stopping...
07-03 18:43:04.161 11514 11514 E AppCrashReceiver: Now disabling all overlays for 'org.libreoffice.impressremote'...
07-03 18:43:04.161 1247 18642 W DropBoxManagerService: Dropping: data_app_crash (1864 > 0 bytes)
07-03 18:43:04.161 18598 18598 I Process : Sending signal. PID: 18598 SIG: 9
07-03 18:43:04.173 1247 5183 I chatty : uid=1000(system) InputDispatcher expire 10 lines
07-03 18:43:04.176 1247 16833 I WindowManager: WIN DEATH: Window{82d4eec u0 org.libreoffice.impressremote/org.libreoffice.impressremote.activity.SlideShowActivity}
07-03 18:43:04.176 1247 16833 I chatty : uid=1000(system) Binder:1247_15 expire 1 line
07-03 18:43:04.176 1247 16831 I chatty : uid=1000(system) Binder:1247_13 expire 1 line
07-03 18:43:04.178 1247 1627 I ActivityManager: Process org.libreoffice.impressremote (pid 18598) has died
07-03 18:43:04.178 1247 1627 D ActivityManager: cleanUpApplicationRecord -- 18598
07-03 18:43:04.179 1247 1627 W ActivityManager: Service crashed 2 times, stopping: ServiceRecord{4ab5c15 u0 org.libreoffice.impressremote/.communication.CommunicationServiceWear}
07-03 18:43:04.179 1247 1627 W ActivityManager: Service crashed 2 times, stopping: ServiceRecord{2bee5be u0 org.libreoffice.impressremote/.communication.CommunicationService}
07-03 18:43:04.185 1247 6426 I WindowManager: WIN DEATH: Window{a4a10a7 u0 org.libreoffice.impressremote/org.libreoffice.impressremote.activity.ComputerConnectionActivity}
07-03 18:43:04.191 1247 7028 I WindowManager: WIN DEATH: Window{35795d7 u0 org.libreoffice.impressremote/org.libreoffice.impressremote.activity.ComputersActivity}
07-03 18:43:04.195 1247 1627 W ActivityManager: Force removing ActivityRecord{f4d401 u0 org.libreoffice.impressremote/.activity.ComputersActivity t3576}: app died, no saved state
07-03 18:43:04.225 18396 18396 W NSApplication: Trimming memory to level 80
07-03 18:43:04.353 11880 11880 W SessionLifecycleManager: Handover failed. Creating new session controller.
07-03 18:43:04.371 11880 11880 I OptInState: There is a new client and it does not support opt-in. Dropping request.
07-03 18:43:04.414 11880 11964 W LocationOracle: No location history returned by ContextManager
07-03 18:43:04.521 1247 7032 I ActivityManager: Start proc 18648:android.process.acore/u0a1 for content provider com.android.providers.contacts/.ContactsProvider2
07-03 18:43:04.578 18648 18648 W System : ClassLoader referenced unknown path: /system/priv-app/ContactsProvider/lib/arm
07-03 18:43:04.583 6261 12331 I PlaceInferenceEngine: [anon] Changed inference mode: 105
07-03 18:43:04.631 6261 6261 E ctxmgr : [WorkInfo]Attribution was already enqueued pkg=com.google.android.gms, lbl=PlacesProducer_receive, start=unspec, stop=unspec.
07-03 18:43:04.650 6261 15775 E ctxmgr : [WorkManager]Ongoing task not found: PlacesProducer_receive
07-03 18:43:04.665 6261 12331 I Places : ?: PlacesBleScanner start() with priority 2
07-03 18:43:04.666 6261 12331 I PlaceInferenceEngine: [anon] Changed inference mode: 102
07-03 18:43:04.671 6261 6261 D Error : ERR: exClass=android.os.StrictMode$StrictModeDiskReadViolation
07-03 18:43:04.671 6261 6261 D Error : ERR: exMsg=policy=23068679 violation=2
07-03 18:43:04.673 6261 6261 D Error : ERR: file=StrictMode.java
07-03 18:43:04.673 6261 6261 D Error : ERR: class=android.os.StrictMode$AndroidBlockGuardPolicy
07-03 18:43:04.673 6261 6261 D Error : ERR: method=onReadFromDisk line=1293
07-03 18:43:04.675 6261 6261 D Error : ERR: stack=android.os.StrictMode$StrictModeDiskReadViolation: policy=23068679 violation=2
07-03 18:43:04.675 6261 6261 D Error : at android.os.StrictMode$AndroidBlockGuardPolicy.onReadFromDisk(StrictMode.java:1293)
07-03 18:43:04.675 6261 6261 D Error : at java.io.UnixFileSystem.checkAccess(UnixFileSystem.java:249)
07-03 18:43:04.675 6261 6261 D Error : at java.io.File.exists(File.java:780)
07-03 18:43:04.675 6261 6261 D Error : at android.app.ContextImpl.ensurePrivateDirExists(ContextImpl.java:512)
07-03 18:43:04.675 6261 6261 D Error : at android.app.ContextImpl.getPreferencesDir(ContextImpl.java:468)
07-03 18:43:04.675 6261 6261 D Error : at android.app.ContextImpl.getSharedPreferencesPath(ContextImpl.java:627)
07-03 18:43:04.675 6261 6261 D Error : at android.app.ContextImpl.getSharedPreferences(ContextImpl.java:345)
07-03 18:43:04.675 6261 6261 D Error : at android.content.ContextWrapper.getSharedPreferences(ContextWrapper.java:164)
07-03 18:43:04.675 6261 6261 D Error : at android.content.ContextWrapper.getSharedPreferences(ContextWrapper.java:164)
07-03 18:43:04.675 6261 6261 D Error : at clo.(:com.google.android.gms:0)
07-03 18:43:04.675 6261 6261 D Error : at ckp.K(:com.google.android.gms:1)
07-03 18:43:04.675 6261 6261 D Error : at ckp.a(:com.google.android.gms:5)
07-03 18:43:04.675 6261 6261 D Error : at ckp.k(:com.google.android.gms:0)
07-03 18:43:04.675 6261 6261 D Error : at com.google.android.contextmanager.service.ContextManagerChimeraService.onCreate(:com.google.android.gms:2)
07-03 18:43:04.675 6261 6261 D Error : at byx.onCreate(:com.google.android.gms:0)
07-03 18:43:04.675 6261 6261 D Error : at jda.onCreate(:com.google.android.gms:4)
07-03 18:43:04.675 6261 6261 D Error : at android.app.ActivityThread.handleCreateService(ActivityThread.java:3210)
07-03 18:43:04.675 6261 6261 D Error : at android.app.ActivityThread.-wrap5(ActivityThread.java)
07-03 18:43:04.675 6261 6261 D Error : at android.app.ActivityThread$H.handleMessage(ActivityThread.java:1582)
07-03 18:43:04.675 6261 6261 D Error : at android.os.Handler.dispatchMessage(Handler.java:102)
07-03 18:43:04.675 6261 6261 D Error : at android.os.Looper.loop(Looper.java:154)
07-03 18:43:04.675 6261 6261 D Error : at android.app.ActivityThread.main(ActivityThread.java:6208)
07-03 18:43:04.675 6261 6261 D Error : at java.lang.reflect.Method.invoke(Native Method)
07-03 18:43:04.675 6261 6261 D Error : at com.android.internal.os.ZygoteInit$MethodAndArgsCaller.run(ZygoteInit.java:891)
07-03 18:43:04.675 6261 6261 D Error : at com.android.internal.os.ZygoteInit.main(ZygoteInit.java:781)
07-03 18:43:04.675 6261 6261 D Error : # via Binder call with stack:
07-03 18:43:04.675 6261 6261 D Error : android.os.StrictMode$LogStackTrace
07-03 18:43:04.675 6261 6261 D Error : at android.os.StrictMode.readAndHandleBinderCallViolations(StrictMode.java:1954)
07-03 18:43:04.675 6261 6261 D Error : at android.os.Parcel.readExceptionCode(Parcel.java:1665)
07-03 18:43:04.675 6261 6261 D Error : at android.os.Parcel.readException(Parcel.java:1634)
07-03 18:43:04.675 6261 6261 D Error : at oz.b(:com.google.android.gms.GoogleCertificates:9)
07-03 18:43:04.675 6261 6261 D Error : at os.a(:com.google.android.gms.GoogleCertificates:47)
07-03 18:43:04.675 6261 6261 D Error : at os.(:com.google.android.gms.GoogleCertificates:3)
07-03 18:43:04.675 6261 6261 D Error : at ot.createFromParcel(:com.google.android.gms.GoogleCertificates:71)
07-03 18:43:04.675 6261 6261 D Error : at pb.onTransact(:com.google.android.gms.GoogleCertificates:54)
07-03 18:43:04.675 6261 6261 D Error : at android.os.Binder.transact(Binder.java:499)
07-03 18:43:04.675 6261 6261 D Error : at kwl.isGoogleOrPlatformSigned(:com.google.android.gms:3)
07-03 18:43:04.675 6261 6261 D Error : at joo.a(:com.google.android.gms:25)
07-03 18:43:04.675 6261 6261 D Error : at joo.a(:com.google.android.gms:20)
07-03 18:43:04.675 6261 6261 D Error : at keq.b(:com.google.android.gms:3)
07-03 18:43:04.675 6261 6261 D Error : at keq.a(:com.google.android.gms:25)
07-03 18:43:04.675 6261 6261 D Error : at keq.b(:com.google.android.gms:16)
07-03 18:43:04.675 6261 6261 D Error : at keq.c(:com.google.android.gms:3)
07-03 18:43:04.675 6261 6261 D Error : at com.google.android.gms.auth.account.be.legacy.AccountChimeraContentProvider.call(:com.google.android.gms:1)
07-03 18:43:04.675 6261 6261 D Error : at bxn.call(:com.google.android.gms:0)
07-03 18:43:04.675 6261 6261 D Error : at android.content.ContentProvider$Transport.call(ContentProvider.java:400)
07-03 18:43:04.675 6261 6261 D Error : at android.content.ContentProviderClient.call(ContentProviderClient.java:456)
07-03 18:43:04.675 6261 6261 D Error : at dzg.f(:com.google.android.gms:1)
07-03 18:43:04.675 6261 6261 D Error : at dze.d(:com.google.android.gms:2)
07-03 18:43:04.675 6261 6261 D Error : at akvc.b(:com.google.android.gms:0)
07-03 18:43:04.675 6261 6261 D Error : at akvc.(:com.google.android.gms:2)
07-03 18:43:04.675 6261 6261 D Error : at akvc.a(:com.google.android.gms:0)
07-03 18:43:04.675 6261 6261 D Error : at akqa.a(:com.google.android.gms:1)
07-03 18:43:04.675 6261 6261 D Error : at com.google.android.location.reporting.service.ReportingAndroidChimeraService.onCreate(:com.google.android.gms:0)
07-03 18:43:04.675 6261 6261 D Error : at byx.onCreate(:com.google.android.gms:0)
07-03 18:43:04.675 6261 6261 D Error : at jda.onCreate(:com.google.android.gms:4)
07-03 18:43:04.675 6261 6261 D Error : at android.app.ActivityThread.handleCreateService(ActivityThread.java:3210)
07-03 18:43:04.675 6261 6261 D Error : at android.app.ActivityThread.-wrap5(ActivityThread.java)
07-03 18:43:04.675 6261 6261 D Error : at android.app.ActivityThread$H.handleMessage(ActivityThread.java:1582)
07-03 18:43:04.675 6261 6261 D Error : at android.os.Handler.dispatchMessage(Handler.java:102)
07-03 18:43:04.675 6261 6261 D Error : at android.os.Looper.loop(Looper.java:154)
07-03 18:43:04.675 6261 6261 D Error : at android.app.ActivityThread.main(ActivityThread.java:6208)
07-03 18:43:04.675 6261 6261 D Error : at java.lang.reflect.Method.invoke(Native Method)
07-03 18:43:04.675 6261 6261 D Error : at com.android.internal.os.ZygoteInit$MethodAndArgsCaller.run(ZygoteInit.java:891)
07-03 18:43:04.675 6261 6261 D Error : at com.android.internal.os.ZygoteInit.main(ZygoteInit.java:781)
07-03 18:43:04.675 6261 6261 D Error : # via Binder call with stack:
07-03 18:43:04.675 6261 6261 D Error : android.os.StrictMode$LogStackTrace
07-03 18:43:04.675 6261 6261 D Error : at android.os.StrictMode.readAndHandleBinderCallViolations(StrictMode.java:1954)
07-03 18:43:04.675 6261 6261 D Error : at android.os.Parcel.readExceptionCode(Pa
07-03 18:43:04.675 6261 6261 D Error : ERR: TOTAL BYTES WRITTEN: 41348
07-03 18:43:04.675 6261 6261 D Error : ERR: exClass=android.os.StrictMode$StrictModeDiskReadViolation
07-03 18:43:04.675 6261 6261 D Error : ERR: exMsg=policy=23068679 violation=2
07-03 18:43:04.675 6261 6261 D Error : ERR: file=StrictMode.java
07-03 18:43:04.675 6261 6261 D Error : ERR: class=android.os.StrictMode$AndroidBlockGuardPolicy
07-03 18:43:04.675 6261 6261 D Error : ERR: method=onReadFromDisk line=1293
07-03 18:43:04.676 6261 6261 D Error : ERR: stack=android.os.StrictMode$StrictModeDiskReadViolation: policy=23068679 violation=2
07-03 18:43:04.676 6261 6261 D Error : at android.os.StrictMode$AndroidBlockGuardPolicy.onReadFromDisk(StrictMode.java:1293)
07-03 18:43:04.676 6261 6261 D Error : at java.io.UnixFileSystem.checkAccess(UnixFileSystem.java:249)
07-03 18:43:04.676 6261 6261 D Error : at java.io.File.exists(File.java:780)
07-03 18:43:04.676 6261 6261 D Error : at android.app.ContextImpl.ensurePrivateDirExists(ContextImpl.java:512)
07-03 18:43:04.676 6261 6261 D Error : at android.app.ContextImpl.getDatabasesDir(ContextImpl.java:715)
07-03 18:43:04.676 6261 6261 D Error : at android.app.ContextImpl.getDatabasePath(ContextImpl.java:694)
07-03 18:43:04.676 6261 6261 D Error : at android.app.ContextImpl.openOrCreateDatabase(ContextImpl.java:644)
07-03 18:43:04.676 6261 6261 D Error : at android.content.ContextWrapper.openOrCreateDatabase(ContextWrapper.java:289)
07-03 18:43:04.676 6261 6261 D Error : at android.content.ContextWrapper.openOrCreateDatabase(ContextWrapper.java:289)
07-03 18:43:04.676 6261 6261 D Error : at android.database.sqlite.SQLiteOpenHelper.getDatabaseLocked(SQLiteOpenHelper.java:223)
07-03 18:43:04.676 6261 6261 D Error : at android.database.sqlite.SQLiteOpenHelper.getWritableDatabase(SQLiteOpenHelper.java:163)
07-03 18:43:04.676 6261 6261 D Error : at cqt.getWritableDatabase(:com.google.android.gms:0)
07-03 18:43:04.676 6261 6261 D Error : at cqp.a(:com.google.android.gms:3)
07-03 18:43:04.676 6261 6261 D Error : at crh.b(:com.google.android.gms:5)
07-03 18:43:04.676 6261 6261 D Error : at crh.a(:com.google.android.gms:132)
07-03 18:43:04.676 6261 6261 D Error : at ckp.N(:com.google.android.gms:1)
07-03 18:43:04.676 6261 6261 D Error : at ckp.n(:com.google.android.gms:0)
07-03 18:43:04.676 6261 6261 D Error : at che.a(:com.google.android.gms:12)
07-03 18:43:04.676 6261 6261 D Error : at crm.(:com.google.android.gms:1)
07-03 18:43:04.676 6261 6261 D Error : at cqw.(:com.google.android.gms:0)
07-03 18:43:04.676 6261 6261 D Error : at ckp.L(:com.google.android.gms:1)
07-03 18:43:04.676 6261 6261 D Error : at ckp.a(:com.google.android.gms:5)
07-03 18:43:04.676 6261 6261 D Error : at ckp.k(:com.google.android.gms:0)
07-03 18:43:04.676 6261 6261 D Error : at com.google.android.contextmanager.service.ContextManagerChimeraService.onCreate(:com.google.android.gms:2)
07-03 18:43:04.676 6261 6261 D Error : at byx.onCreate(:com.google.android.gms:0)
07-03 18:43:04.676 6261 6261 D Error : at jda.onCreate(:com.google.android.gms:4)
07-03 18:43:04.676 6261 6261 D Error : at android.app.ActivityThread.handleCreateService(ActivityThread.java:3210)
07-03 18:43:04.676 6261 6261 D Error : at android.app.ActivityThread.-wrap5(ActivityThread.java)
07-03 18:43:04.676 6261 6261 D Error : at android.app.ActivityThread$H.handleMessage(ActivityThread.java:1582)
07-03 18:43:04.676 6261 6261 D Error : at android.os.Handler.dispatchMessage(Handler.java:102)
07-03 18:43:04.676 6261 6261 D Error : at android.os.Looper.loop(Looper.java:154)
07-03 18:43:04.676 6261 6261 D Error : at android.app.ActivityThread.main(ActivityThread.java:6208)
07-03 18:43:04.676 6261 6261 D Error : at java.lang.reflect.Method.invoke(Native Method)
07-03 18:43:04.676 6261 6261 D Error : at com.android.internal.os.ZygoteInit$MethodAndArgsCaller.run(ZygoteInit.java:891)
07-03 18:43:04.676 6261 6261 D Error : at com.android.internal.os.ZygoteInit.main(ZygoteInit.java:781)
07-03 18:43:04.676 6261 6261 D Error : # via Binder call with stack:
07-03 18:43:04.676 6261 6261 D Error : android.os.StrictMode$LogStackTrace
07-03 18:43:04.676 6261 6261 D Error : at android.os.StrictMode.readAndHandleBinderCallViolations(StrictMode.java:1954)
07-03 18:43:04.676 6261 6261 D Error : at android.os.Parcel.readExceptionCode(Parcel.java:1665)
07-03 18:43:04.676 6261 6261 D Error : at android.os.Parcel.readException(Parcel.java:1634)
07-03 18:43:04.676 6261 6261 D Error : at oz.b(:com.google.android.gms.GoogleCertificates:9)
07-03 18:43:04.676 6261 6261 D Error : at os.a(:com.google.android.gms.GoogleCertificates:47)
07-03 18:43:04.676 6261 6261 D Error : at os.(:com.google.android.gms.GoogleCertificates:3)
07-03 18:43:04.676 6261 6261 D Error : at ot.createFromParcel(:com.google.android.gms.GoogleCertificates:71)
07-03 18:43:04.676 6261 6261 D Error : at pb.onTransact(:com.google.android.gms.GoogleCertificates:54)
07-03 18:43:04.676 6261 6261 D Error : at android.os.Binder.transact(Binder.java:499)
07-03 18:43:04.676 6261 6261 D Error : at kwl.isGoogleOrPlatformSigned(:com.google.android.gms:3)
07-03 18:43:04.676 6261 6261 D Error : at joo.a(:com.google.android.gms:25)
07-03 18:43:04.676 6261 6261 D Error : at joo.a(:com.google.android.gms:20)
07-03 18:43:04.676 6261 6261 D Error : at keq.b(:com.google.android.gms:3)
07-03 18:43:04.676 6261 6261 D Error : at keq.a(:com.google.android.gms:25)
07-03 18:43:04.676 6261 6261 D Error : at keq.b(:com.google.android.gms:16)
07-03 18:43:04.676 6261 6261 D Error : at keq.c(:com.google.android.gms:3)
07-03 18:43:04.676 6261 6261 D Error : at com.google.android.gms.auth.account.be.legacy.AccountChimeraContentProvider.call(:com.google.android.gms:1)
07-03 18:43:04.676 6261 6261 D Error : at bxn.call(:com.google.android.gms:0)
07-03 18:43:04.676 6261 6261 D Error : at android.content.ContentProvider$Transport.call(ContentProvider.java:400)
07-03 18:43:04.676 6261 6261 D Error : at android.content.ContentProviderClient.call(ContentProviderClient.java:456)
07-03 18:43:04.676 6261 6261 D Error : at dzg.f(:com.google.android.gms:1)
07-03 18:43:04.676 6261 6261 D Error : at dze.d(:com.google.android.gms:2)
07-03 18:43:04.676 6261 6261 D Error : at akvc.b(:com.google.android.gms:0)
07-03 18:43:04.676 6261 6261 D Error : at akvc.(:com.google.android.gms:2)
07-03 18:43:04.676 6261 6261 D Error : at akvc.a(:com.google.android.gms:0)
07-03 18:43:04.676 6261 6261 D Error : at akqa.a(:com.google.android.gms:1)
07-03 18:43:04.676 6261 6261 D Error : at com.google.android.location.reporting.service.ReportingAndroidChimeraService.onCreate(:com.google.android.gms:0)
07-03 18:43:04.676 6261 6261 D Error : at byx.onCreate(:com.google.android.gms:0)
07-03 18:43:04.676 6261 6261 D Error : at jda.onCreate(:com.google.android.gms:4)
07-03 18:43:04.676 6261 6261 D Error : at android.app.ActivityThread.handleCreateService(ActivityThread.java:3210)
07-03 18:43:04.676 6261 6261 D Error : at android.app.ActivityThread.-wrap5(ActivityThread.java)
07-03 18:43:04.676 6261 6261 D Error : at android.app.ActivityThread$H.handleMessage(ActivityThread.java:1582)
07-03 18:43:04.676 6261 6261 D Error : at android.os.Handler.dispatchMessage(Handler.java:102)
07-03 18:43:04.676 6261 6261 D Error : at
07-03 18:43:04.676 6261 6261 D Error : ERR: TOTAL BYTES WRITTEN: 41352
07-03 18:43:04.676 6261 6261 D Error : ERR: exClass=android.os.StrictMode$StrictModeDiskReadViolation
07-03 18:43:04.676 6261 6261 D Error : ERR: exMsg=policy=23068679 violation=2
07-03 18:43:04.676 6261 6261 D Error : ERR: file=StrictMode.java
07-03 18:43:04.676 6261 6261 D Error : ERR: class=android.os.StrictMode$AndroidBlockGuardPolicy
07-03 18:43:04.676 6261 6261 D Error : ERR: method=onReadFromDisk line=1293
07-03 18:43:04.681 6261 6261 D Error : ERR: stack=android.os.StrictMode$StrictModeDiskReadViolation: policy=23068679 violation=2
07-03 18:43:04.681 6261 6261 D Error : at android.os.StrictMode$AndroidBlockGuardPolicy.onReadFromDisk(StrictMode.java:1293)
07-03 18:43:04.681 6261 6261 D Error : at android.database.sqlite.SQLiteConnection.applyBlockGuardPolicy(SQLiteConnection.java:1041)
07-03 18:43:04.681 6261 6261 D Error : at android.database.sqlite.SQLiteConnection.executeForLong(SQLiteConnection.java:595)
07-03 18:43:04.681 6261 6261 D Error : at android.database.sqlite.SQLiteConnection.setPageSize(SQLiteConnection.java:251)
07-03 18:43:04.681 6261 6261 D Error : at android.database.sqlite.SQLiteConnection.open(SQLiteConnection.java:213)
07-03 18:43:04.681 6261 6261 D Error : at android.database.sqlite.SQLiteConnection.open(SQLiteConnection.java:193)
07-03 18:43:04.681 6261 6261 D Error : at android.database.sqlite.SQLiteConnectionPool.openConnectionLocked(SQLiteConnectionPool.java:463)
07-03 18:43:04.681 6261 6261 D Error : at android.database.sqlite.SQLiteConnectionPool.open(SQLiteConnectionPool.java:185)
07-03 18:43:04.681 6261 6261 D Error : at android.database.sqlite.SQLiteConnectionPool.open(SQLiteConnectionPool.java:177)
07-03 18:43:04.681 6261 6261 D Error : at android.database.sqlite.SQLiteDatabase.openInner(SQLiteDatabase.java:808)
07-03 18:43:04.681 6261 6261 D Error : at android.database.sqlite.SQLiteDatabase.open(SQLiteDatabase.java:793)
07-03 18:43:04.681 6261 6261 D Error : at android.database.sqlite.SQLiteDatabase.openDatabase(SQLiteDatabase.java:696)
07-03 18:43:04.681 6261 6261 D Error : at android.app.ContextImpl.openOrCreateDatabase(ContextImpl.java:652)
07-03 18:43:04.681 6261 6261 D Error : at android.content.ContextWrapper.openOrCreateDatabase(ContextWrapper.java:289)
07-03 18:43:04.681 6261 6261 D Error : at android.content.ContextWrapper.openOrCreateDatabase(ContextWrapper.java:289)
07-03 18:43:04.681 6261 6261 D Error : at android.database.sqlite.SQLiteOpenHelper.getDatabaseLocked(SQLiteOpenHelper.java:223)
07-03 18:43:04.681 6261 6261 D Error : at android.database.sqlite.SQLiteOpenHelper.getWritableDatabase(SQLiteOpenHelper.java:163)
07-03 18:43:04.681 6261 6261 D Error : at cqt.getWritableDatabase(:com.google.android.gms:0)
07-03 18:43:04.681 6261 6261 D Error : at cqp.a(:com.google.android.gms:3)
07-03 18:43:04.681 6261 6261 D Error : at crh.b(:com.google.android.gms:5)
07-03 18:43:04.681 6261 6261 D Error : at crh.a(:com.google.android.gms:132)
07-03 18:43:04.681 6261 6261 D Error : at ckp.N(:com.google.android.gms:1)
07-03 18:43:04.681 6261 6261 D Error : at ckp.n(:com.google.android.gms:0)
07-03 18:43:04.681 6261 6261 D Error : at che.a(:com.google.android.gms:12)
07-03 18:43:04.681 6261 6261 D Error : at crm.(:com.google.android.gms:1)
