07-03 18:50:37.046 19517 19517 E AndroidRuntime: at android.app.LoadedApk$ServiceDispatcher$RunConnection.run(LoadedApk.java:1481)
07-03 18:50:37.046 19517 19517 E AndroidRuntime: at android.os.Handler.handleCallback(Handler.java:751)
07-03 18:50:37.046 19517 19517 E AndroidRuntime: at android.os.Handler.dispatchMessage(Handler.java:95)
07-03 18:50:37.046 19517 19517 E AndroidRuntime: at android.os.Looper.loop(Looper.java:154)
07-03 18:50:37.046 19517 19517 E AndroidRuntime: at android.app.ActivityThread.main(ActivityThread.java:6208)
07-03 18:50:37.046 19517 19517 E AndroidRuntime: at java.lang.reflect.Method.invoke(Native Method)
07-03 18:50:37.046 19517 19517 E AndroidRuntime: at com.android.internal.os.ZygoteInit$MethodAndArgsCaller.run(ZygoteInit.java:891)
07-03 18:50:37.046 19517 19517 E AndroidRuntime: at com.android.internal.os.ZygoteInit.main(ZygoteInit.java:781)
07-03 18:50:37.052 1247 7028 W ActivityManager: Force finishing activity org.libreoffice.impressremote/.activity.SlideShowActivity
07-03 18:50:37.058 1247 7028 W ContextImpl: Calling a method in the system process without a qualified user: android.app.ContextImpl.sendBroadcast:877 com.android.server.am.AppErrors.crashApplicationInner:370 com.android.server.am.AppErrors.crashApplication:305 com.android.server.am.ActivityManagerService.handleApplicationCrashInner:13558 com.android.server.am.ActivityManagerService.handleApplicationCrash:13540
07-03 18:50:37.060 11514 11514 E AppCrashReceiver: 'org.libreoffice.impressremote' is repeatedly stopping...
07-03 18:50:37.060 11514 11514 E AppCrashReceiver: Now disabling all overlays for 'org.libreoffice.impressremote'...
07-03 18:50:37.061 1247 19548 W DropBoxManagerService: Dropping: data_app_crash (1864 > 0 bytes)
07-03 18:50:37.061 19517 19517 I Process : Sending signal. PID: 19517 SIG: 9
07-03 18:50:37.110 1247 5464 I WindowManager: WIN DEATH: Window{1253502 u0 org.libreoffice.impressremote/org.libreoffice.impressremote.activity.ComputerConnectionActivity}
07-03 18:50:37.111 1247 6426 D GraphicsStats: Buffer count: 10
07-03 18:50:37.111 1247 1627 I ActivityManager: Process org.libreoffice.impressremote (pid 19517) has died
07-03 18:50:37.111 1247 5183 W InputDispatcher: channel 'b53a623 org.libreoffice.impressremote/org.libreoffice.impressremote.activity.ComputersActivity (server)' ~ Consumer closed input channel or an error occurred. events=0x9
07-03 18:50:37.111 1247 1627 D ActivityManager: cleanUpApplicationRecord -- 19517
07-03 18:50:37.111 1247 5183 E InputDispatcher: channel 'b53a623 org.libreoffice.impressremote/org.libreoffice.impressremote.activity.ComputersActivity (server)' ~ Channel is unrecoverably broken and will be disposed!
07-03 18:50:37.112 1247 1627 W ActivityManager: Scheduling restart of crashed service org.libreoffice.impressremote/.communication.CommunicationService in 1000ms
07-03 18:50:37.112 1247 1627 W ActivityManager: Scheduling restart of crashed service org.libreoffice.impressremote/.communication.CommunicationServiceWear in 11000ms
07-03 18:50:37.113 1247 5183 W InputDispatcher: channel '1729168 org.libreoffice.impressremote/org.libreoffice.impressremote.activity.SlideShowActivity (server)' ~ Consumer closed input channel or an error occurred. events=0x9
07-03 18:50:37.113 1247 5183 E InputDispatcher: channel '1729168 org.libreoffice.impressremote/org.libreoffice.impressremote.activity.SlideShowActivity (server)' ~ Channel is unrecoverably broken and will be disposed!
07-03 18:50:37.115 1221 12753 W SurfaceFlinger: couldn't log to binary event log: overflow.
07-03 18:50:37.123 1247 6017 I WindowManager: WIN DEATH: Window{b53a623 u0 org.libreoffice.impressremote/org.libreoffice.impressremote.activity.ComputersActivity}
07-03 18:50:37.123 1247 6017 W InputDispatcher: Attempted to unregister already unregistered input channel 'b53a623 org.libreoffice.impressremote/org.libreoffice.impressremote.activity.ComputersActivity (server)'
07-03 18:50:37.134 1221 1221 W SurfaceFlinger: couldn't log to binary event log: overflow.
07-03 18:50:37.135 1247 6426 I WindowManager: WIN DEATH: Window{1729168 u0 org.libreoffice.impressremote/org.libreoffice.impressremote.activity.SlideShowActivity}
07-03 18:50:37.135 1247 6426 W InputDispatcher: Attempted to unregister already unregistered input channel '1729168 org.libreoffice.impressremote/org.libreoffice.impressremote.activity.SlideShowActivity (server)'
07-03 18:50:37.141 1247 1627 W ActivityManager: Force removing ActivityRecord{5b06ee4 u0 org.libreoffice.impressremote/.activity.ComputersActivity t3581}: app died, no saved state
07-03 18:50:37.156 1247 6433 I ActivityManager: Process com.google.process.gapps (pid 19326) has died
07-03 18:50:37.156 1247 6433 D ActivityManager: cleanUpApplicationRecord -- 19326
07-03 18:50:37.158 1247 16829 I ActivityManager: Process com.android.packageinstaller (pid 19264) has died
07-03 18:50:37.158 1247 16829 D ActivityManager: cleanUpApplicationRecord -- 19264
07-03 18:50:37.175 1214 1214 E lowmemorykiller: Error writing /proc/19384/oom_score_adj; errno=22
07-03 18:50:37.185 1247 6017 I ActivityManager: Process com.mgoogle.android.gms (pid 19384) has died
07-03 18:50:37.185 1247 6017 D ActivityManager: cleanUpApplicationRecord -- 19384
07-03 18:50:37.447 5235 5235 D wpa_supplicant: wlan0: Control interface command 'SIGNAL_POLL'
07-03 18:50:37.544 11880 11880 W SessionLifecycleManager: Handover failed. Creating new session controller.
07-03 18:50:37.564 11880 11880 I OptInState: There is a new client and it does not support opt-in. Dropping request.
07-03 18:50:37.610 11880 18519 W LocationOracle: No location history returned by ContextManager
07-03 18:50:37.698 7855 7855 I Norm_Shared6: type=1400 audit(0.0:103): avc: denied { read } for uid=10117 name="mem" dev="debugfs" ino=49639 scontext=u:r:untrusted_app:s0:c512,c768 tcontext=u:object_r:debugfs:s0 tclass=file permissive=1
07-03 18:50:37.698 7855 7855 I Norm_Shared6: type=1400 audit(0.0:104): avc: denied { open } for uid=10117 path="/sys/kernel/debug/kgsl/proc/7855/mem" dev="debugfs" ino=49639 scontext=u:r:untrusted_app:s0:c512,c768 tcontext=u:object_r:debugfs:s0 tclass=file permissive=1
07-03 18:50:37.698 7855 7855 I Norm_Shared6: type=1400 audit(0.0:105): avc: denied { getattr } for uid=10117 path="/sys/kernel/debug/kgsl/proc/7855/mem" dev="debugfs" ino=49639 scontext=u:r:untrusted_app:s0:c512,c768 tcontext=u:object_r:debugfs:s0 tclass=file permissive=1
07-03 18:50:37.815 6261 12331 I PlaceInferenceEngine: [anon] Changed inference mode: 105
07-03 18:50:37.848 6261 6261 E ctxmgr : [WorkInfo]Attribution was already enqueued pkg=com.google.android.gms, lbl=PlacesProducer_receive, start=unspec, stop=unspec.
07-03 18:50:37.856 6261 14474 E ctxmgr : [WorkManager]Ongoing task not found: PlacesProducer_receive
07-03 18:50:37.890 6261 12331 I Places : ?: PlacesBleScanner start() with priority 2
07-03 18:50:37.891 6261 12331 I PlaceInferenceEngine: [anon] Changed inference mode: 102
07-03 18:50:37.894 6261 6261 D Error : ERR: exClass=android.os.StrictMode$StrictModeDiskReadViolation
07-03 18:50:37.894 6261 6261 D Error : ERR: exMsg=policy=23068679 violation=2
07-03 18:50:37.895 6261 6261 D Error : ERR: file=StrictMode.java
07-03 18:50:37.895 6261 6261 D Error : ERR: class=android.os.StrictMode$AndroidBlockGuardPolicy
07-03 18:50:37.895 6261 6261 D Error : ERR: method=onReadFromDisk line=1293
07-03 18:50:37.895 6261 6261 D Error : ERR: stack=android.os.StrictMode$StrictModeDiskReadViolation: policy=23068679 violation=2
07-03 18:50:37.895 6261 6261 D Error : at android.os.StrictMode$AndroidBlockGuardPolicy.onReadFromDisk(StrictMode.java:1293)
07-03 18:50:37.895 6261 6261 D Error : at java.io.UnixFileSystem.checkAccess(UnixFileSystem.java:249)
07-03 18:50:37.895 6261 6261 D Error : at java.io.File.exists(File.java:780)
07-03 18:50:37.895 6261 6261 D Error : at android.app.ContextImpl.ensurePrivateDirExists(ContextImpl.java:512)
07-03 18:50:37.895 6261 6261 D Error : at android.app.ContextImpl.getPreferencesDir(ContextImpl.java:468)
07-03 18:50:37.895 6261 6261 D Error : at android.app.ContextImpl.getSharedPreferencesPath(ContextImpl.java:627)
07-03 18:50:37.895 6261 6261 D Error : at android.app.ContextImpl.getSharedPreferences(ContextImpl.java:345)
07-03 18:50:37.895 6261 6261 D Error : at android.content.ContextWrapper.getSharedPreferences(ContextWrapper.java:164)
07-03 18:50:37.895 6261 6261 D Error : at android.content.ContextWrapper.getSharedPreferences(ContextWrapper.java:164)
07-03 18:50:37.895 6261 6261 D Error : at clo.(:com.google.android.gms:0)
07-03 18:50:37.895 6261 6261 D Error : at ckp.K(:com.google.android.gms:1)
07-03 18:50:37.895 6261 6261 D Error : at ckp.a(:com.google.android.gms:5)
07-03 18:50:37.895 6261 6261 D Error : at ckp.k(:com.google.android.gms:0)
07-03 18:50:37.895 6261 6261 D Error : at com.google.android.contextmanager.service.ContextManagerChimeraService.onCreate(:com.google.android.gms:2)
07-03 18:50:37.895 6261 6261 D Error : at byx.onCreate(:com.google.android.gms:0)
07-03 18:50:37.895 6261 6261 D Error : at jda.onCreate(:com.google.android.gms:4)
07-03 18:50:37.895 6261 6261 D Error : at android.app.ActivityThread.handleCreateService(ActivityThread.java:3210)
07-03 18:50:37.895 6261 6261 D Error : at android.app.ActivityThread.-wrap5(ActivityThread.java)
07-03 18:50:37.895 6261 6261 D Error : at android.app.ActivityThread$H.handleMessage(ActivityThread.java:1582)
07-03 18:50:37.895 6261 6261 D Error : at android.os.Handler.dispatchMessage(Handler.java:102)
07-03 18:50:37.895 6261 6261 D Error : at android.os.Looper.loop(Looper.java:154)
07-03 18:50:37.895 6261 6261 D Error : at android.app.ActivityThread.main(ActivityThread.java:6208)
07-03 18:50:37.895 6261 6261 D Error : at java.lang.reflect.Method.invoke(Native Method)
07-03 18:50:37.895 6261 6261 D Error : at com.android.internal.os.ZygoteInit$MethodAndArgsCaller.run(ZygoteInit.java:891)
07-03 18:50:37.895 6261 6261 D Error : at com.android.internal.os.ZygoteInit.main(ZygoteInit.java:781)
07-03 18:50:37.895 6261 6261 D Error : # via Binder call with stack:
07-03 18:50:37.895 6261 6261 D Error : android.os.StrictMode$LogStackTrace
07-03 18:50:37.895 6261 6261 D Error : at android.os.StrictMode.readAndHandleBinderCallViolations(StrictMode.java:1954)
07-03 18:50:37.895 6261 6261 D Error : at android.os.Parcel.readExceptionCode(Parcel.java:1665)
07-03 18:50:37.895 6261 6261 D Error : at android.os.Parcel.readException(Parcel.java:1634)
07-03 18:50:37.895 6261 6261 D Error : at oz.b(:com.google.android.gms.GoogleCertificates:9)
07-03 18:50:37.895 6261 6261 D Error : at os.a(:com.google.android.gms.GoogleCertificates:47)
07-03 18:50:37.895 6261 6261 D Error : at os.(:com.google.android.gms.GoogleCertificates:3)
07-03 18:50:37.895 6261 6261 D Error : at ot.createFromParcel(:com.google.android.gms.GoogleCertificates:71)
07-03 18:50:37.895 6261 6261 D Error : at pb.onTransact(:com.google.android.gms.GoogleCertificates:54)
07-03 18:50:37.895 6261 6261 D Error : at android.os.Binder.transact(Binder.java:499)
07-03 18:50:37.895 6261 6261 D Error : at kwl.isGoogleOrPlatformSigned(:com.google.android.gms:3)
07-03 18:50:37.895 6261 6261 D Error : at joo.a(:com.google.android.gms:25)
07-03 18:50:37.895 6261 6261 D Error : at joo.a(:com.google.android.gms:20)
07-03 18:50:37.895 6261 6261 D Error : at keq.b(:com.google.android.gms:3)
07-03 18:50:37.895 6261 6261 D Error : at keq.a(:com.google.android.gms:25)
07-03 18:50:37.895 6261 6261 D Error : at keq.b(:com.google.android.gms:16)
07-03 18:50:37.895 6261 6261 D Error : at keq.c(:com.google.android.gms:3)
07-03 18:50:37.895 6261 6261 D Error : at com.google.android.gms.auth.account.be.legacy.AccountChimeraContentProvider.call(:com.google.android.gms:1)
07-03 18:50:37.895 6261 6261 D Error : at bxn.call(:com.google.android.gms:0)
07-03 18:50:37.895 6261 6261 D Error : at android.content.ContentProvider$Transport.call(ContentProvider.java:400)
07-03 18:50:37.895 6261 6261 D Error : at android.content.ContentProviderClient.call(ContentProviderClient.java:456)
07-03 18:50:37.895 6261 6261 D Error : at dzg.f(:com.google.android.gms:1)
07-03 18:50:37.895 6261 6261 D Error : at dze.d(:com.google.android.gms:2)
07-03 18:50:37.895 6261 6261 D Error : at akvc.b(:com.google.android.gms:0)
07-03 18:50:37.895 6261 6261 D Error : at akvc.(:com.google.android.gms:2)
07-03 18:50:37.895 6261 6261 D Error : at akvc.a(:com.google.android.gms:0)
07-03 18:50:37.895 6261 6261 D Error : at akqa.a(:com.google.android.gms:1)
07-03 18:50:37.895 6261 6261 D Error : at com.google.android.location.reporting.service.ReportingAndroidChimeraService.onCreate(:com.google.android.gms:0)
07-03 18:50:37.895 6261 6261 D Error : at byx.onCreate(:com.google.android.gms:0)
07-03 18:50:37.895 6261 6261 D Error : at jda.onCreate(:com.google.android.gms:4)
07-03 18:50:37.895 6261 6261 D Error : at android.app.ActivityThread.handleCreateService(ActivityThread.java:3210)
07-03 18:50:37.895 6261 6261 D Error : at android.app.ActivityThread.-wrap5(ActivityThread.java)
07-03 18:50:37.895 6261 6261 D Error : at android.app.ActivityThread$H.handleMessage(ActivityThread.java:1582)
07-03 18:50:37.895 6261 6261 D Error : at android.os.Handler.dispatchMessage(Handler.java:102)
07-03 18:50:37.895 6261 6261 D Error : at android.os.Looper.loop(Looper.java:154)
07-03 18:50:37.895 6261 6261 D Error : at android.app.ActivityThread.main(ActivityThread.java:6208)
07-03 18:50:37.895 6261 6261 D Error : at java.lang.reflect.Method.invoke(Native Method)
07-03 18:50:37.895 6261 6261 D Error : at com.android.internal.os.ZygoteInit$MethodAndArgsCaller.run(ZygoteInit.java:891)
07-03 18:50:37.895 6261 6261 D Error : at com.android.internal.os.ZygoteInit.main(ZygoteInit.java:781)
07-03 18:50:37.895 6261 6261 D Error : # via Binder call with stack:
07-03 18:50:37.895 6261 6261 D Error : android.os.StrictMode$LogStackTrace
07-03 18:50:37.895 6261 6261 D Error : at android.os.StrictMode.readAndHandleBinderCallViolations(StrictMode.java:1954)
07-03 18:50:37.895 6261 6261 D Error : at android.os.Parcel.readExceptionCode(Pa
07-03 18:50:37.895 6261 6261 D Error : ERR: TOTAL BYTES WRITTEN: 41352
07-03 18:50:37.896 6261 6261 D Error : ERR: exClass=android.os.StrictMode$StrictModeDiskReadViolation
07-03 18:50:37.896 6261 6261 D Error : ERR: exMsg=policy=23068679 violation=2
07-03 18:50:37.896 6261 6261 D Error : ERR: file=StrictMode.java
07-03 18:50:37.896 6261 6261 D Error : ERR: class=android.os.StrictMode$AndroidBlockGuardPolicy
07-03 18:50:37.896 6261 6261 D Error : ERR: method=onReadFromDisk line=1293
07-03 18:50:37.896 6261 6261 D Error : ERR: stack=android.os.StrictMode$StrictModeDiskReadViolation: policy=23068679 violation=2
07-03 18:50:37.896 6261 6261 D Error : at android.os.StrictMode$AndroidBlockGuardPolicy.onReadFromDisk(StrictMode.java:1293)
07-03 18:50:37.896 6261 6261 D Error : at java.io.UnixFileSystem.checkAccess(UnixFileSystem.java:249)
07-03 18:50:37.896 6261 6261 D Error : at java.io.File.exists(File.java:780)
07-03 18:50:37.896 6261 6261 D Error : at android.app.ContextImpl.ensurePrivateDirExists(ContextImpl.java:512)
07-03 18:50:37.896 6261 6261 D Error : at android.app.ContextImpl.getDatabasesDir(ContextImpl.java:715)
07-03 18:50:37.896 6261 6261 D Error : at android.app.ContextImpl.getDatabasePath(ContextImpl.java:694)
07-03 18:50:37.896 6261 6261 D Error : at android.app.ContextImpl.openOrCreateDatabase(ContextImpl.java:644)
07-03 18:50:37.896 6261 6261 D Error : at android.content.ContextWrapper.openOrCreateDatabase(ContextWrapper.java:289)
07-03 18:50:37.896 6261 6261 D Error : at android.content.ContextWrapper.openOrCreateDatabase(ContextWrapper.java:289)
07-03 18:50:37.896 6261 6261 D Error : at android.database.sqlite.SQLiteOpenHelper.getDatabaseLocked(SQLiteOpenHelper.java:223)
07-03 18:50:37.896 6261 6261 D Error : at android.database.sqlite.SQLiteOpenHelper.getWritableDatabase(SQLiteOpenHelper.java:163)
07-03 18:50:37.896 6261 6261 D Error : at cqt.getWritableDatabase(:com.google.android.gms:0)
07-03 18:50:37.896 6261 6261 D Error : at cqp.a(:com.google.android.gms:3)
07-03 18:50:37.896 6261 6261 D Error : at crh.b(:com.google.android.gms:5)
07-03 18:50:37.896 6261 6261 D Error : at crh.a(:com.google.android.gms:132)
07-03 18:50:37.896 6261 6261 D Error : at ckp.N(:com.google.android.gms:1)
07-03 18:50:37.896 6261 6261 D Error : at ckp.n(:com.google.android.gms:0)
07-03 18:50:37.896 6261 6261 D Error : at che.a(:com.google.android.gms:12)
07-03 18:50:37.896 6261 6261 D Error : at crm.(:com.google.android.gms:1)
07-03 18:50:37.896 6261 6261 D Error : at cqw.(:com.google.android.gms:0)
07-03 18:50:37.896 6261 6261 D Error : at ckp.L(:com.google.android.gms:1)
07-03 18:50:37.896 6261 6261 D Error : at ckp.a(:com.google.android.gms:5)
07-03 18:50:37.896 6261 6261 D Error : at ckp.k(:com.google.android.gms:0)
07-03 18:50:37.896 6261 6261 D Error : at com.google.android.contextmanager.service.ContextManagerChimeraService.onCreate(:com.google.android.gms:2)
07-03 18:50:37.896 6261 6261 D Error : at byx.onCreate(:com.google.android.gms:0)
07-03 18:50:37.896 6261 6261 D Error : at jda.onCreate(:com.google.android.gms:4)
07-03 18:50:37.896 6261 6261 D Error : at android.app.ActivityThread.handleCreateService(ActivityThread.java:3210)
07-03 18:50:37.896 6261 6261 D Error : at android.app.ActivityThread.-wrap5(ActivityThread.java)
07-03 18:50:37.896 6261 6261 D Error : at android.app.ActivityThread$H.handleMessage(ActivityThread.java:1582)
07-03 18:50:37.896 6261 6261 D Error : at android.os.Handler.dispatchMessage(Handler.java:102)
07-03 18:50:37.896 6261 6261 D Error : at android.os.Looper.loop(Looper.java:154)
07-03 18:50:37.896 6261 6261 D Error : at android.app.ActivityThread.main(ActivityThread.java:6208)
07-03 18:50:37.896 6261 6261 D Error : at java.lang.reflect.Method.invoke(Native Method)
07-03 18:50:37.896 6261 6261 D Error : at com.android.internal.os.ZygoteInit$MethodAndArgsCaller.run(ZygoteInit.java:891)
07-03 18:50:37.896 6261 6261 D Error : at com.android.internal.os.ZygoteInit.main(ZygoteInit.java:781)
07-03 18:50:37.896 6261 6261 D Error : # via Binder call with stack:
07-03 18:50:37.896 6261 6261 D Error : android.os.StrictMode$LogStackTrace
07-03 18:50:37.896 6261 6261 D Error : at android.os.StrictMode.readAndHandleBinderCallViolations(StrictMode.java:1954)
07-03 18:50:37.896 6261 6261 D Error : at android.os.Parcel.readExceptionCode(Parcel.java:1665)
07-03 18:50:37.896 6261 6261 D Error : at android.os.Parcel.readException(Parcel.java:1634)
07-03 18:50:37.896 6261 6261 D Error : at oz.b(:com.google.android.gms.GoogleCertificates:9)
07-03 18:50:37.896 6261 6261 D Error : at os.a(:com.google.android.gms.GoogleCertificates:47)
07-03 18:50:37.896 6261 6261 D Error : at os.(:com.google.android.gms.GoogleCertificates:3)
07-03 18:50:37.896 6261 6261 D Error : at ot.createFromParcel(:com.google.android.gms.GoogleCertificates:71)
07-03 18:50:37.896 6261 6261 D Error : at pb.onTransact(:com.google.android.gms.GoogleCertificates:54)
07-03 18:50:37.896 6261 6261 D Error : at android.os.Binder.transact(Binder.java:499)
07-03 18:50:37.896 6261 6261 D Error : at kwl.isGoogleOrPlatformSigned(:com.google.android.gms:3)
07-03 18:50:37.896 6261 6261 D Error : at joo.a(:com.google.android.gms:25)
07-03 18:50:37.896 6261 6261 D Error : at joo.a(:com.google.android.gms:20)
07-03 18:50:37.896 6261 6261 D Error : at keq.b(:com.google.android.gms:3)
07-03 18:50:37.896 6261 6261 D Error : at keq.a(:com.google.android.gms:25)
07-03 18:50:37.896 6261 6261 D Error : at keq.b(:com.google.android.gms:16)
07-03 18:50:37.896 6261 6261 D Error : at keq.c(:com.google.android.gms:3)
07-03 18:50:37.896 6261 6261 D Error : at com.google.android.gms.auth.account.be.legacy.AccountChimeraContentProvider.call(:com.google.android.gms:1)
07-03 18:50:37.896 6261 6261 D Error : at bxn.call(:com.google.android.gms:0)
07-03 18:50:37.896 6261 6261 D Error : at android.content.ContentProvider$Transport.call(ContentProvider.java:400)
07-03 18:50:37.896 6261 6261 D Error : at android.content.ContentProviderClient.call(ContentProviderClient.java:456)
07-03 18:50:37.896 6261 6261 D Error : at dzg.f(:com.google.android.gms:1)
07-03 18:50:37.896 6261 6261 D Error : at dze.d(:com.google.android.gms:2)
07-03 18:50:37.896 6261 6261 D Error : at akvc.b(:com.google.android.gms:0)
07-03 18:50:37.896 6261 6261 D Error : at akvc.(:com.google.android.gms:2)
07-03 18:50:37.896 6261 6261 D Error : at akvc.a(:com.google.android.gms:0)
07-03 18:50:37.896 6261 6261 D Error : at akqa.a(:com.google.android.gms:1)
07-03 18:50:37.896 6261 6261 D Error : at com.google.android.location.reporting.service.ReportingAndroidChimeraService.onCreate(:com.google.android.gms:0)
07-03 18:50:37.896 6261 6261 D Error : at byx.onCreate(:com.google.android.gms:0)
07-03 18:50:37.896 6261 6261 D Error : at jda.onCreate(:com.google.android.gms:4)
07-03 18:50:37.896 6261 6261 D Error : at android.app.ActivityThread.handleCreateService(ActivityThread.java:3210)
07-03 18:50:37.896 6261 6261 D Error : at android.app.ActivityThread.-wrap5(ActivityThread.java)
07-03 18:50:37.896 6261 6261 D Error : at android.app.ActivityThread$H.handleMessage(ActivityThread.java:1582)
07-03 18:50:37.896 6261 6261 D Error : at android.os.Handler.dispatchMessage(Handler.java:102)
07-03 18:50:37.896 6261 6261 D Error : at
07-03 18:50:37.896 6261 6261 D Error : ERR: TOTAL BYTES WRITTEN: 41352
07-03 18:50:37.897 6261 6261 D Error : ERR: exClass=android.os.StrictMode$StrictModeDiskReadViolation
07-03 18:50:37.897 6261 6261 D Error : ERR: exMsg=policy=23068679 violation=2
07-03 18:50:37.897 6261 6261 D Error : ERR: file=StrictMode.java
07-03 18:50:37.897 6261 6261 D Error : ERR: class=android.os.StrictMode$AndroidBlockGuardPolicy
07-03 18:50:37.897 6261 6261 D Error : ERR: method=onReadFromDisk line=1293
07-03 18:50:37.898 6261 6261 D Error : ERR: stack=android.os.StrictMode$StrictModeDiskReadViolation: policy=23068679 violation=2
07-03 18:50:37.898 6261 6261 D Error : at android.os.StrictMode$AndroidBlockGuardPolicy.onReadFromDisk(StrictMode.java:1293)
07-03 18:50:37.898 6261 6261 D Error : at android.database.sqlite.SQLiteConnection.applyBlockGuardPolicy(SQLiteConnection.java:1041)
07-03 18:50:37.898 6261 6261 D Error : at android.database.sqlite.SQLiteConnection.executeForLong(SQLiteConnection.java:595)
07-03 18:50:37.898 6261 6261 D Error : at android.database.sqlite.SQLiteConnection.setPageSize(SQLiteConnection.java:251)
07-03 18:50:37.898 6261 6261 D Error : at android.database.sqlite.SQLiteConnection.open(SQLiteConnection.java:213)
07-03 18:50:37.898 6261 6261 D Error : at android.database.sqlite.SQLiteConnection.open(SQLiteConnection.java:193)
07-03 18:50:37.898 6261 6261 D Error : at android.database.sqlite.SQLiteConnectionPool.openConnectionLocked(SQLiteConnectionPool.java:463)
07-03 18:50:37.898 6261 6261 D Error : at android.database.sqlite.SQLiteConnectionPool.open(SQLiteConnectionPool.java:185)
07-03 18:50:37.898 6261 6261 D Error : at android.database.sqlite.SQLiteConnectionPool.open(SQLiteConnectionPool.java:177)
07-03 18:50:37.898 6261 6261 D Error : at android.database.sqlite.SQLiteDatabase.openInner(SQLiteDatabase.java:808)
07-03 18:50:37.898 6261 6261 D Error : at android.database.sqlite.SQLiteDatabase.open(SQLiteDatabase.java:793)
07-03 18:50:37.898 6261 6261 D Error : at android.database.sqlite.SQLiteDatabase.openDatabase(SQLiteDatabase.java:696)
07-03 18:50:37.898 6261 6261 D Error : at android.app.ContextImpl.openOrCreateDatabase(ContextImpl.java:652)
07-03 18:50:37.898 6261 6261 D Error : at android.content.ContextWrapper.openOrCreateDatabase(ContextWrapper.java:289)
07-03 18:50:37.898 6261 6261 D Error : at android.content.ContextWrapper.openOrCreateDatabase(ContextWrapper.java:289)
07-03 18:50:37.898 6261 6261 D Error : at android.database.sqlite.SQLiteOpenHelper.getDatabaseLocked(SQLiteOpenHelper.java:223)
07-03 18:50:37.898 6261 6261 D Error : at android.database.sqlite.SQLiteOpenHelper.getWritableDatabase(SQLiteOpenHelper.java:163)
07-03 18:50:37.898 6261 6261 D Error : at cqt.getWritableDatabase(:com.google.android.gms:0)
07-03 18:50:37.898 6261 6261 D Error : at cqp.a(:com.google.android.gms:3)
07-03 18:50:37.898 6261 6261 D Error : at crh.b(:com.google.android.gms:5)
07-03 18:50:37.898 6261 6261 D Error : at crh.a(:com.google.android.gms:132)
07-03 18:50:37.898 6261 6261 D Error : at ckp.N(:com.google.android.gms:1)
07-03 18:50:37.898 6261 6261 D Error : at ckp.n(:com.google.android.gms:0)
07-03 18:50:37.898 6261 6261 D Error : at che.a(:com.google.android.gms:12)
07-03 18:50:37.898 6261 6261 D Error : at crm.(:com.google.android.gms:1)
07-03 18:50:37.898 6261 6261 D Error : at cqw.(:com.google.android.gms:0)
07-03 18:50:37.898 6261 6261 D Error : at ckp.L(:com.google.android.gms:1)
07-03 18:50:37.898 6261 6261 D Error : at ckp.a(:com.google.android.gms:5)
07-03 18:50:37.898 6261 6261 D Error : at ckp.k(:com.google.android.gms:0)
07-03 18:50:37.898 6261 6261 D Error : at com.google.android.contextmanager.service.ContextManagerChimeraService.onCreate(:com.google.android.gms:2)
07-03 18:50:37.898 6261 6261 D Error : at byx.onCreate(:com.google.android.gms:0)
07-03 18:50:37.898 6261 6261 D Error : at jda.onCreate(:com.google.android.gms:4)
07-03 18:50:37.898 6261 6261 D Error : at android.app.ActivityThread.handleCreateService(ActivityThread.java:3210)
07-03 18:50:37.898 6261 6261 D Error : at android.app.ActivityThread.-wrap5(ActivityThread.java)
07-03 18:50:37.898 6261 6261 D Error : at android.app.ActivityThread$H.handleMessage(ActivityThread.java:1582)
07-03 18:50:37.898 6261 6261 D Error : at android.os.Handler.dispatchMessage(Handler.java:102)
07-03 18:50:37.898 6261 6261 D Error : at android.os.Looper.loop(Looper.java:154)
07-03 18:50:37.898 6261 6261 D Error : at android.app.ActivityThread.main(ActivityThread.java:6208)
07-03 18:50:37.898 6261 6261 D Error : at java.lang.reflect.Method.invoke(Native Method)
07-03 18:50:37.898 6261 6261 D Error : at com.android.internal.os.ZygoteInit$MethodAndArgsCaller.run(ZygoteInit.java:891)
07-03 18:50:37.898 6261 6261 D Error : at com.android.internal.os.ZygoteInit.main(ZygoteInit.java:781)
07-03 18:50:37.898 6261 6261 D Error : # via Binder call with stack:
07-03 18:50:37.898 6261 6261 D Error : android.os.StrictMode$LogStackTrace
07-03 18:50:37.898 6261 6261 D Error : at android.os.StrictMode.readAndHandleBinderCallViolations(StrictMode.java:1954)
07-03 18:50:37.898 6261 6261 D Error : at android.os.Parcel.readExceptionCode(Parcel.java:1665)
07-03 18:50:37.898 6261 6261 D Error : at android.os.Parcel.readException(Parcel.java:1634)
07-03 18:50:37.898 6261 6261 D Error : at oz.b(:com.google.android.gms.GoogleCertificates:9)
07-03 18:50:37.898 6261 6261 D Error : at os.a(:com.google.android.gms.GoogleCertificates:47)
07-03 18:50:37.898 6261 6261 D Error : at os.(:com.google.android.gms.GoogleCertificates:3)
07-03 18:50:37.898 6261 6261 D Error : at ot.createFromParcel(:com.google.android.gms.GoogleCertificates:71)
07-03 18:50:37.898 6261 6261 D Error : at pb.onTransact(:com.google.android.gms.GoogleCertificates:54)
07-03 18:50:37.898 6261 6261 D Error : at android.os.Binder.transact(Binder.java:499)
07-03 18:50:37.898 6261 6261 D Error : at kwl.isGoogleOrPlatformSigned(:com.google.android.gms:3)
07-03 18:50:37.898 6261 6261 D Error : at joo.a(:com.google.android.gms:25)
07-03 18:50:37.898 6261 6261 D Error : at joo.a(:com.google.android.gms:20)
07-03 18:50:37.898 6261 6261 D Error : at keq.b(:com.google.android.gms:3)
07-03 18:50:37.898 6261 6261 D Error : at keq.a(:com.google.android.gms:25)
07-03 18:50:37.898 6261 6261 D Error : at keq.b(:com.google.android.gms:16)
07-03 18:50:37.898 6261 6261 D Error : at keq.c(:com.google.android.gms:3)
07-03 18:50:37.898 6261 6261 D Error : at com.google.android.gms.auth.account.be.legacy.AccountChimeraContentProvider.call(:com.google.android.gms:1)
07-03 18:50:37.898 6261 6261 D Error : at bxn.call(:com.google.android.gms:0)
07-03 18:50:37.898 6261 6261 D Error : at android.content.ContentProvider$Transport.call(ContentProvider.java:400)
07-03 18:50:37.898 6261 6261 D Error : at android.content.ContentProviderClient.call(ContentProviderClient.java:456)
07-03 18:50:37.898 6261 6261 D Error : at dzg.f(:com.google.android.gms:1)
07-03 18:50:37.898 6261 6261 D Error : at dze.d(:com.google.android.gms:2)
07-03 18:50:37.898 6261 6261 D Error : at akvc.b(:com.
07-03 18:50:37.898 6261 6261 D Error : ERR: TOTAL BYTES WRITTEN: 41352
07-03 18:50:37.914 6261 12331 I Places : Converted 6 out of 6 WiFi scans
07-03 18:50:38.015 6261 18662 I PlaceInferenceEngine: No beacon scan available - ignoring candidates.
07-03 18:50:38.046 6261 6261 E ctxmgr : [PlaceFenceHelper]NearbyBuffer is null!
07-03 18:50:38.063 6261 19555 W ctxmgr : [AclManager]No 2 for (accnt=account#-517948760#, com.google.android.gms(10013):PlacesProducer, vrsn=11055000, 0, 3pPkg = null , 3pMdlId = null , pid = 6261). Was: 3 for 18, account#-517948760#
07-03 18:50:38.132 1247 1704 I ActivityManager: Start proc 19556:org.libreoffice.impressremote/u0a144 for service org.libreoffice.impressremote/.communication.CommunicationService
07-03 18:50:38.190 19556 19556 W System : ClassLoader referenced unknown path: /data/app/org.libreoffice.impressremote-1/lib/arm
07-03 18:50:38.234 19556 19556 V CommunicationSrvcWear: GoogleApiClient created
07-03 18:50:38.235 19556 19556 V CommunicationSrvcWear: Connecting to GoogleApiClient..
07-03 18:50:38.249 6261 6261 I WearableService: onCreate - Wear is not available on this device.
07-03 18:50:38.262 6261 6279 D WearableService: onGetService - Wear is not available on this device.
07-03 18:50:38.427 6467 6827 W OpenGLRenderer: Points are too far apart 4.001877
07-03 18:50:38.427 6467 6827 W OpenGLRenderer: Points are too far apart 4.001877
07-03 18:50:39.466 1247 5251 I ActivityManager: START u0 {act=android.settings.APPLICATION_DETAILS_SETTINGS dat=package:org.libreoffice.impressremote flg=0x10008000 cmp=com.android.settings/.applications.InstalledAppDetails} from uid 1000 on display 0
07-03 18:50:39.611 6467 6827 W OpenGLRenderer: Points are too far apart 4.001877
07-03 18:50:39.611 6467 6827 W OpenGLRenderer: Points are too far apart 4.001877
07-03 18:50:39.885 19244 19583 I chatty : uid=1000(system) com.android.settings expire 3 lines
07-03 18:50:39.967 1283 1698 D audio_hw_primary: out_standby: enter: stream (0xb61c4380) usecase(1: low-latency-playback)
07-03 18:50:39.968 6467 6467 W IInputConnectionWrapper: getExtractedText on inactive InputConnection
07-03 18:50:39.969 6467 6467 W IInputConnectionWrapper: getTextBeforeCursor on inactive InputConnection
07-03 18:50:40.025 19244 19244 W ContextImpl: Calling a method in the system process without a qualified user: android.app.ContextImpl.bindService:1421 android.content.ContextWrapper.bindService:636 android.content.pm.permission.RuntimePermissionPresenter$RemoteService.processMessage:186 android.content.pm.permission.RuntimePermissionPresenter.getAppPermissions:127 com.android.settings.applications.PermissionsSummaryHelper.getPermissionSummary:34
07-03 18:50:40.042 1247 6017 I ActivityManager: Start proc 19585:com.android.packageinstaller/u0a18 for service com.android.packageinstaller/.permission.service.RuntimePermissionPresenterServiceImpl
07-03 18:50:40.072 1283 1698 D audio_hw_primary: disable_audio_route: reset and update mixer path: low-latency-playback
07-03 18:50:40.074 1283 1698 D hardware_info: hw_info_append_hw_type : device_name = speaker
07-03 18:50:40.074 1283 1698 D audio_hw_primary: disable_snd_device: snd_device(2: speaker)
07-03 18:50:40.097 7207 7207 W ResourceType: No known package when getting value for resource number 0xff000000
07-03 18:50:40.098 7207 7207 W ResourceType: No known package when getting value for resource number 0xff000000
07-03 18:50:40.127 19585 19585 W System : ClassLoader referenced unknown path: /system/priv-app/PackageInstaller/lib/arm
07-03 18:50:40.299 1247 6388 E BatteryStatsService: modem info is invalid: ModemActivityInfo{ mTimestamp=0 mSleepTimeMs=0 mIdleTimeMs=0 mTxTimeMs[]=[0, 0, 0, 0, 0] mRxTimeMs=0 mEnergyUsed=0}
07-03 18:50:40.458 5271 5289 I art : Background sticky concurrent mark sweep GC freed 84953(4MB) AllocSpace objects, 2(284KB) LOS objects, 30% free, 10MB/15MB, paused 3.664ms total 201.295ms
07-03 18:50:40.501 5235 5235 D wpa_supplicant: wlan0: Control interface command 'SIGNAL_POLL'
07-03 18:50:40.566 1247 1847 I ActivityManager: Displayed com.android.settings/.applications.InstalledAppDetails: +996ms (total +3s763ms)
07-03 18:50:40.601 6467 6467 W IInputConnectionWrapper: finishComposingText on inactive InputConnection
07-03 18:50:40.679 6467 6467 W IInputConnectionWrapper: reportFullscreenMode on inexistent InputConnection
07-03 18:50:40.680 6467 6467 W IInputConnectionWrapper: finishComposingText on inactive InputConnection
07-03 18:50:40.758 1247 6017 I ProcessStatsService: Added stats: 2017-07-03-15-28-26, over +49m1s770ms
07-03 18:50:40.802 1247 6017 I ProcessStatsService: Added stats: 2017-07-03-11-30-33, over +3h57m53s341ms
07-03 18:50:40.886 19244 19581 I chatty : uid=1000(system) com.android.settings expire 140 lines
07-03 18:50:40.946 11880 14041 I PBSessionCacheImpl: Deleted sessionId[64061543576328] from persistence.
07-03 18:50:40.961 1247 5251 I ProcessStatsService: Added stats: 2017-07-03-15-28-26, over +49m1s770ms
07-03 18:50:40.973 11880 11880 W SearchService: Abort, client detached.
07-03 18:50:40.987 1247 5251 I ProcessStatsService: Added stats: 2017-07-03-11-30-33, over +3h57m53s341ms
07-03 18:50:41.839 1283 1698 D audio_hw_primary: start_output_stream: enter: stream(0xb61c4380)usecase(1: low-latency-playback) devices(0x2)
07-03 18:50:41.839 1283 1698 D audio_hw_primary: select_devices: out_snd_device(2: speaker) in_snd_device(0: )
07-03 18:50:41.839 1283 1698 W msm8916_platform: Codec backend bitwidth 16, samplerate 48000
07-03 18:50:41.839 1283 1698 D hardware_info: hw_info_append_hw_type : device_name = speaker
07-03 18:50:41.839 1283 1698 D audio_hw_primary: enable_snd_device: snd_device(2: speaker)
07-03 18:50:41.843 1247 6433 I ActivityManager: START u0 {act=android.intent.action.MAIN cmp=com.android.settings/.SubSettings (has extras)} from uid 1000 on display 0
07-03 18:50:41.846 1283 1698 W audio_hw_utils: audio_extn_utils_update_stream_app_type_cfg: App type could not be selected. Falling back to default
07-03 18:50:41.846 1283 1698 I audio_hw_primary: select_devices Selected apptype: 69936
07-03 18:50:41.846 1283 1698 D ACDB-LOADER: ACDB -> send_audio_cal, acdb_id = 15, path = 0
07-03 18:50:41.846 1283 1698 D ACDB-LOADER: ACDB -> send_asm_topology
07-03 18:50:41.846 1283 1698 D ACDB-LOADER: ACDB -> ACDB_CMD_GET_AUDPROC_STREAM_TOPOLOGY_ID
07-03 18:50:41.846 1283 1698 D ACDB-LOADER: ACDB -> send_adm_topology
07-03 18:50:41.846 1283 1698 D ACDB-LOADER: ACDB -> ACDB_CMD_GET_AUDPROC_COMMON_TOPOLOGY_ID
07-03 18:50:41.846 1283 1698 D ACDB-LOADER: ACDB -> send_audtable
07-03 18:50:41.846 1283 1698 D ACDB-LOADER: ACDB -> ACDB_CMD_GET_AUDPROC_COMMON_TABLE
07-03 18:50:41.846 1283 1698 D ACDB-LOADER: ACDB -> AUDIO_SET_AUDPROC_CAL
07-03 18:50:41.846 1283 1698 D ACDB-LOADER: ACDB -> send_audvoltable
07-03 18:50:41.846 1283 1698 D ACDB-LOADER: ACDB -> ACDB_CMD_GET_AUDPROC_GAIN_DEP_STEP_TABLE
07-03 18:50:41.846 1283 1698 D ACDB-LOADER: ACDB -> AUDIO_SET_AUDPROC_VOL_CAL
07-03 18:50:41.847 1283 1698 D ACDB-LOADER: ACDB -> send_afe_cal
07-03 18:50:41.847 1283 1698 D ACDB-LOADER: ACDB -> ACDB_CMD_GET_AFE_COMMON_TABLE
07-03 18:50:41.847 1283 1698 D : Failed to fetch the lookup information of the device 0000000F
07-03 18:50:41.847 1283 1698 D ACDB-LOADER: ACDB -> AUDIO_SET_AFE_CAL
07-03 18:50:41.847 1283 1698 D ACDB-LOADER: ACDB -> send_hw_delay : acdb_id = 15 path = 0
07-03 18:50:41.847 1283 1698 D ACDB-LOADER: ACDB -> ACDB_AVSYNC_INFO: ACDB_CMD_GET_DEVICE_PROPERTY
07-03 18:50:41.847 1283 1698 I audio_hw_utils: audio_extn_utils_send_app_type_cfg: PLAYBACK app_type 69936, acdb_dev_id 15, sample_rate 48000
07-03 18:50:41.847 1283 1698 D audio_hw_primary: enable_audio_route: apply mixer and update path: low-latency-playback
07-03 18:50:41.848 1283 1698 D audio_hw_primary: select_devices: done
07-03 18:50:41.874 1283 1698 D msm8916_platform: platform_set_channel_map mixer_ctl_name:Playback Channel Map12
07-03 18:50:41.875 1283 1698 D msm8916_platform: platform_set_channel_map: set mapping(1 2 3 0 0 0 0 0) for channel:2
07-03 18:50:41.875 1283 1698 D audio_hw_primary: start_output_stream: exit
07-03 18:50:41.970 19244 19244 I chatty : uid=1000(system) com.android.settings expire 3 lines
07-03 18:50:42.148 19244 19582 I chatty : uid=1000(system) com.android.settings expire 3 lines
07-03 18:50:42.454 1247 1847 I ActivityManager: Displayed com.android.settings/.SubSettings: +593ms
07-03 18:50:42.524 19244 19291 I chatty : uid=1000(system) RenderThread expire 1 line
07-03 18:50:43.554 5235 5235 D wpa_supplicant: wlan0: Control interface command 'SIGNAL_POLL'
07-03 18:50:43.884 1247 16833 I ActivityManager: Force stopping org.libreoffice.impressremote appid=10144 user=0: clear data
07-03 18:50:43.885 1247 16833 I ActivityManager: Killing 19556:org.libreoffice.impressremote/u0a144 (adj 500): stop org.libreoffice.impressremote
07-03 18:50:43.886 1247 16833 D ActivityManager: cleanUpApplicationRecord -- 19556
07-03 18:50:43.886 1247 16833 W ActivityManager: Scheduling restart of crashed service org.libreoffice.impressremote/.communication.CommunicationService in 1000ms
07-03 18:50:43.887 1247 16833 W ActivityManager: Scheduling restart of crashed service org.libreoffice.impressremote/.communication.CommunicationServiceWear in 11000ms
07-03 18:50:43.902 1247 16833 I ActivityManager: Force stopping service ServiceRecord{55ddefa u0 org.libreoffice.impressremote/.communication.CommunicationService}
07-03 18:50:43.903 1247 16833 I ActivityManager: Force stopping service ServiceRecord{485c981 u0 org.libreoffice.impressremote/.communication.CommunicationServiceWear}
07-03 18:50:43.954 1247 16833 D ZenLog : config: removeAutomaticZenRules,ZenModeConfig[user=0,allowCalls=true,allowRepeatCallers=false,allowMessages=false,allowCallsFrom=contacts,allowMessagesFrom=contacts,allowReminders=true,allowEvents=true,allowWhenScreenOff=true,allowWhenScreenOn=true,automaticRules={8c3f4d8e24434da3aee4876f09628335=ZenRule[enabled=false,snoozing=false,name=Event,zenMode=ZEN_MODE_ALARMS,conditionId=condition://android/event?userId=-10000&calendar=&reply=1,condition=Condition[id=condition://android/event?userId=-10000&calendar=&reply=1,summary=...,line1=...,line2=...,icon=0,state=STATE_FALSE,flags=2],component=ComponentInfo{android/com.android.server.notification.EventConditionProvider},id=8c3f4d8e24434da3aee4876f09628335,creationTime=1494264418153,enabler=null], fe8d92b9cd7248c5a36fdc0099fbc946=ZenRule[enabled=true,snoozing=false,name=Clases,zenMode=ZEN_MODE_ALARMS,conditionId=condition://android/schedule?days=2.3.4.5&start=7.0&end=15.0&exitAtAlarm=false,condition=Condition[id=condition://android/schedule?days=2.3.4.5&start=7.0&end=15.0&exitAtAlarm=false,summary=...,line1=...,line2=...,icon=0,state=STATE_FALSE,flags=2],component=ComponentInfo{android/com.android.server.notification.ScheduleConditionProvider},id=fe8d92b9cd7248c5a36fdc0099fbc946,creationTime=1498132262308,enabler=null], c54ef2d99f004582b474a991245b76a3=ZenRule[enabled=true,snoozing=false,name=Clases Vie,zenMode=ZEN_MODE_IMPORTANT_INTERRUPTIONS,conditionId=condition://android/schedule?days=6&start=7.0&end=14.10&exitAtAlarm=false,condition=Condition[id=condition://android/schedule?days=6&start=7.0&end=14.10&exitAtAlarm=false,summary=...,line1=...,line2=...,icon=0,state=STATE_FALSE,flags=2],component=ComponentInfo{android/com.android.server.notification.ScheduleConditionProvider},id=c54ef2d99f004582b474a991245b76a3,creationTime=1498132396547,enabler=null], fbb53e758b66488bbf629b5f5977f525=ZenRule[enabled=false,snoozing=false,name=Weekend,zenMode=ZEN_MODE_ALARMS,conditionId=condition://android/schedule?days=6.7&start=23.30&end=10.0&exitAtAlarm=false,condition=Condition[id=condition://android/schedule?days=6.7&start=23.30&end=10.0&exitAtAlarm=false,summary=...,line1=...,line2=...,icon=0,state=STATE_FALSE,flags=2],component=ComponentInfo{android/com.android.server.notification.ScheduleConditionProvider},id=fbb53e758b66488bbf629b5f5977f525,creationTime=1494264418151,enabler=null], 1435ecfdf92046b99ee26272bf293233=ZenRule[enabled=false,snoozing=false,name=Weeknight,zenMode=ZEN_MODE_ALARMS,conditionId=condition://android/schedule?days=1.2.3.4.5&start=22.0&end=7.0&exitAtAlarm=false,condition=Condition[id=condition://android/schedule?days=1.2.3.4.5&start=22.0&end=7.0&exitAtAlarm=false,summary=...,line1=...,line2=...,icon=0,state=STATE_FALSE,flags=2],component=ComponentInfo{android/com.android.server.notification.ScheduleConditionProvider},id=1435ecfdf92046b99ee26272bf293233,creationTime=1494264418151,enabler=null]},manualRule=null],Diff[]
07-03 18:50:43.960 1247 1247 D ZenLog : set_zen_mode: off,removeAutomaticZenRules
07-03 18:50:44.005 1247 6390 W InputMethodManagerService: Window already focused, ignoring focus gain of: com.android.internal.view.IInputMethodClient$Stub$Proxy@b6e3dbb attribute=null, token = android.os.BinderProxy@69cfbeb
07-03 18:50:44.077 1247 1704 I ActivityManager: Force stopping org.libreoffice.impressremote appid=10144 user=-1: clearApplicationUserData
07-03 18:50:44.183 5502 5502 D CarrierSvcBindHelper: No carrier app for: 0
07-03 18:50:44.186 5502 5502 D CarrierSvcBindHelper: No carrier app for: 1
07-03 18:50:44.190 1247 1704 I ActivityManager: Start proc 19613:com.mgoogle.android.gms/u0a268 for broadcast com.mgoogle.android.gms/org.microg.nlp.PackageReceiver
07-03 18:50:44.293 5271 5271 I SlideTouchEvent: vel=0.0, MinimumFlingVelocity=90
07-03 18:50:44.292 7855 7855 I Norm_Shared6: type=1400 audit(0.0:106): avc: denied { read } for uid=10117 name="mem" dev="debugfs" ino=49639 scontext=u:r:untrusted_app:s0:c512,c768 tcontext=u:object_r:debugfs:s0 tclass=file permissive=1
07-03 18:50:44.303 1247 5183 I ActivityManager: START u0 {act=android.intent.action.MAIN cat=[android.intent.category.HOME] flg=0x10200000 cmp=com.teslacoilsw.launcher/.NovaLauncher (has extras)} from uid 1000 on display 0
07-03 18:50:44.292 7855 7855 I Norm_Shared6: type=1400 audit(0.0:107): avc: denied { open } for uid=10117 path="/sys/kernel/debug/kgsl/proc/7855/mem" dev="debugfs" ino=49639 scontext=u:r:untrusted_app:s0:c512,c768 tcontext=u:object_r:debugfs:s0 tclass=file permissive=1
07-03 18:50:44.292 7855 7855 I Norm_Shared6: type=1400 audit(0.0:108): avc: denied { getattr } for uid=10117 path="/sys/kernel/debug/kgsl/proc/7855/mem" dev="debugfs" ino=49639 scontext=u:r:untrusted_app:s0:c512,c768 tcontext=u:object_r:debugfs:s0 tclass=file permissive=1
07-03 18:50:44.391 19613 19613 D NlpPackageReceiver: Intent received: Intent { act=android.intent.action.PACKAGE_RESTARTED dat=package:org.libreoffice.impressremote flg=0x10 cmp=com.mgoogle.android.gms/org.microg.nlp.PackageReceiver (has extras) }
07-03 18:50:44.439 1247 1626 I ActivityManager: Start proc 19629:com.android.documentsui/u0a7 for broadcast com.android.documentsui/.PackageReceiver
07-03 18:50:44.445 11880 11880 W SessionLifecycleManager: Handover failed. Creating new session controller.
07-03 18:50:44.473 5235 5235 D wpa_supplicant: wlan0: Control interface command 'SCAN TYPE=ONLY freq=2437 scan_id=18,2'
07-03 18:50:44.474 5235 5235 D wpa_supplicant: wlan0: Setting scan request: 0.000000 sec
07-03 18:50:44.477 5235 5235 D wpa_supplicant: Scan SSID (manual request): SECUNDARIAint
07-03 18:50:44.477 5235 5235 D wpa_supplicant: Scan SSID (manual request): INFINITUM2D40
07-03 18:50:44.477 5235 5235 D wpa_supplicant: wlan0: Starting AP scan for wildcard SSID
07-03 18:50:44.477 5235 5235 D wpa_supplicant: wlan0: Limit manual scan to specified channels
07-03 18:50:44.478 5235 5235 D wpa_supplicant: wlan0: Add radio work 'scan'@0xb67161b0
07-03 18:50:44.478 5235 5235 D wpa_supplicant: wlan0: First radio work item in the queue - schedule start immediately
07-03 18:50:44.478 5235 5235 D wpa_supplicant: wlan0: Starting radio work 'scan'@0xb67161b0 after 0.000099 second wait
07-03 18:50:44.478 5235 5235 D wpa_supplicant: wlan0: nl80211: scan request
07-03 18:50:44.479 5235 5235 D wpa_supplicant: Scan requested (ret=0) - scan timeout 30 seconds
07-03 18:50:44.482 5235 5235 D wpa_supplicant: nl80211: Drv Event 33 (NL80211_CMD_TRIGGER_SCAN) received for wlan0
07-03 18:50:44.482 5235 5235 D wpa_supplicant: wlan0: nl80211: Scan trigger
07-03 18:50:44.482 5235 5235 D wpa_supplicant: wlan0: Event SCAN_STARTED (47) received
07-03 18:50:44.482 5235 5235 D wpa_supplicant: wlan0: Own scan request started a scan in 0.003449 seconds
07-03 18:50:44.567 5235 5235 D wpa_supplicant: nl80211: Drv Event 34 (NL80211_CMD_NEW_SCAN_RESULTS) received for wlan0
07-03 18:50:44.567 5235 5235 D wpa_supplicant: wlan0: nl80211: New scan results available
07-03 18:50:44.567 5235 5235 D wpa_supplicant: nl80211: Scan probed for SSID 'SECUNDARIAint'
07-03 18:50:44.567 5235 5235 D wpa_supplicant: nl80211: Scan probed for SSID 'INFINITUM2D40'
07-03 18:50:44.567 5235 5235 D wpa_supplicant: nl80211: Scan probed for SSID ''
07-03 18:50:44.567 5235 5235 D wpa_supplicant: nl80211: Scan included frequencies: 2437
07-03 18:50:44.567 5235 5235 D wpa_supplicant: wlan0: Event SCAN_RESULTS (3) received
07-03 18:50:44.567 5235 5235 D wpa_supplicant: wlan0: Scan completed in 0.084851 seconds
07-03 18:50:44.567 5235 5235 D wpa_supplicant: nl80211: Associated on 2437 MHz
07-03 18:50:44.568 5235 5235 D wpa_supplicant: nl80211: Associated with 00:0c:43:53:92:00
07-03 18:50:44.568 5235 5235 D wpa_supplicant: nl80211: Received scan results (6 BSSes)
07-03 18:50:44.568 5235 5235 D wpa_supplicant: nl80211: Scan results indicate BSS status with 00:0c:43:53:92:00 as associated
07-03 18:50:44.568 5235 5235 D wpa_supplicant: wlan0: BSS: Start scan result update 42
07-03 18:50:44.568 5235 5235 D wpa_supplicant: BSS: last_scan_res_used=6/32
07-03 18:50:44.568 5235 5235 D wpa_supplicant: wlan0: Scan-only results received
07-03 18:50:44.568 5235 5235 D wpa_supplicant: wlan0: Radio work 'scan'@0xb67161b0 done in 0.090409 seconds
07-03 18:50:44.568 5235 5235 D wpa_supplicant: wlan0: radio_work_free('scan'@0xb67161b0: num_active_works --> 0
07-03 18:50:44.655 19629 19629 I art : Starting a blocking GC AddRemoveAppImageSpace
07-03 18:50:44.658 19629 19629 W System : ClassLoader referenced unknown path: /system/priv-app/DocumentsUI/lib/arm
07-03 18:50:44.728 1247 1265 I art : Background partial concurrent mark sweep GC freed 116417(6MB) AllocSpace objects, 53(2MB) LOS objects, 33% free, 19MB/29MB, paused 2.341ms total 376.882ms
07-03 18:50:44.790 1247 6425 I ActivityManager: Start proc 19647:com.android.externalstorage/u0a12 for content provider com.android.externalstorage/.ExternalStorageProvider
07-03 18:50:44.806 1247 5988 I ActivityManager: Start proc 19658:com.google.android.apps.photos/u0a78 for broadcast com.google.android.apps.photos/com.google.android.libraries.social.mediastoresync.reset.impl.MediaStoreClearedReceiver
07-03 18:50:44.852 19647 19647 I art : Starting a blocking GC AddRemoveAppImageSpace
07-03 18:50:44.852 19647 19647 W System : ClassLoader referenced unknown path: /system/priv-app/ExternalStorageProvider/lib/arm
07-03 18:50:44.888 19647 19647 D ExternalStorage: After updating volumes, found 2 active roots
07-03 18:50:44.934 1247 5251 I ActivityManager: Start proc 19682:com.android.mtp/u0a8 for content provider com.android.mtp/.MtpDocumentsProvider
07-03 18:50:45.004 19682 19682 I art : Starting a blocking GC AddRemoveAppImageSpace
07-03 18:50:45.036 6467 6827 W OpenGLRenderer: Points are too far apart 4.001877
07-03 18:50:45.036 6467 6827 W OpenGLRenderer: Points are too far apart 4.001877
07-03 18:50:45.151 1247 16831 D VoldConnector: SND -> {7 appfuse mount 10008 19682 MtpDocumentsProvider}
07-03 18:50:45.188 1247 5187 D VoldConnector: RCV <- {200 7 AppFuse command succeeded}
07-03 18:50:45.208 1247 6425 I ActivityManager: Process com.android.documentsui (pid 19629) has died
07-03 18:50:45.208 1247 6425 D ActivityManager: cleanUpApplicationRecord -- 19629
07-03 18:50:45.245 1247 6390 I ActivityManager: Process com.mgoogle.android.gms (pid 19613) has died
07-03 18:50:45.245 1247 6390 D ActivityManager: cleanUpApplicationRecord -- 19613
07-03 18:50:45.309 19658 19663 I art : Do partial code cache collection, code=0B, data=14KB
07-03 18:50:45.310 19658 19663 I art : After code cache collection, code=0B, data=14KB
07-03 18:50:45.310 19658 19663 I art : Increasing code cache capacity to 128KB
07-03 18:50:45.373 7207 7207 W ResourceType: No known package when getting value for resource number 0xff000000
07-03 18:50:45.374 7207 7207 W ResourceType: No known package when getting value for resource number 0xff000000
07-03 18:50:45.453 1247 6388 I ActivityManager: Start proc 19702:com.google.process.gapps/u0a13 for content provider com.google.android.gsf/.gservices.GservicesProvider
07-03 18:50:45.555 19702 19702 I art : Starting a blocking GC AddRemoveAppImageSpace
07-03 18:50:45.556 19702 19702 W System : ClassLoader referenced unknown path: /system/priv-app/GoogleServicesFramework/lib/arm
07-03 18:50:45.611 1247 16832 I ActivityManager: Process com.google.android.apps.photos (pid 19658) has died
07-03 18:50:45.612 1247 16832 D ActivityManager: cleanUpApplicationRecord -- 19658
07-03 18:50:45.627 1247 6425 I ActivityManager: Process com.android.externalstorage (pid 19647) has died
07-03 18:50:45.627 1247 6425 D ActivityManager: cleanUpApplicationRecord -- 19647
07-03 18:50:45.657 19702 19702 I GservicesProvider: Gservices pushing to system: true; secure/global: true
07-03 18:50:45.842 6532 19720 D Wear_Controller: Received broadcast action=android.intent.action.PACKAGE_DATA_CLEARED and uri=org.libreoffice.impressremote
