07-03 18:51:21.050 19244 20012 W ProcStatsManager: No process com.google.android.apps.messaging/10075 for service com.google.android.apps.messaging.shared.datamodel.sticker.StickerSyncService
07-03 18:51:21.050 19244 20012 W ProcStatsManager: No process com.purenexus.ota/10097 for service com.purenexus.ota.service.UpdateCheckService
07-03 18:51:21.050 19244 20012 W ProcStatsManager: No process com.backdrops.wallpapers/10138 for service com.backdrops.wallpapers.util.gcm.PushService
07-03 18:51:21.050 19244 20012 W ProcStatsManager: No process com.backdrops.wallpapers/10138 for service com.batch.android.BatchPushService
07-03 18:51:21.050 19244 20012 W ProcStatsManager: No process com.android.carrierconfig/10003 for service com.android.carrierconfig.DefaultCarrierConfigService
07-03 18:51:21.050 19244 20012 W ProcStatsManager: No process com.android.egg/10045 for service com.android.egg.neko.NekoTile
07-03 18:51:21.050 19244 20012 W ProcStatsManager: No process flipboard.app/10128 for service flipboard.gcm.FlipboardGCMIntentService
07-03 18:51:21.051 19244 20012 W ProcStatsManager: No process com.android.printspooler/10058 for service com.android.printspooler.model.PrintSpoolerService
07-03 18:51:21.051 19244 20012 W ProcStatsManager: No process com.google.android.dialer/10041 for service com.android.dialer.app.calllog.CallLogNotificationsService
07-03 18:51:21.051 19244 20012 W ProcStatsManager: No process com.google.android.dialer/10041 for service com.google.android.apps.dialer.spam.impl.SpamJobService
07-03 18:51:21.051 19244 20012 W ProcStatsManager: No process com.dropbox.android:crash_uploader/10132 for service com.dropbox.android.exception.CrashUploaderService
07-03 18:51:21.051 19244 20012 W ProcStatsManager: No process com.grarak.kerneladiutor/10304 for service com.google.firebase.iid.FirebaseInstanceIdService
07-03 18:51:21.051 19244 20012 W ProcStatsManager: No process com.grarak.kerneladiutor/10304 for service com.grarak.kerneladiutor.services.boot.Service
07-03 18:51:21.051 19244 20012 W ProcStatsManager: No process com.android.cellbroadcastreceiver/10004 for service com.android.cellbroadcastreceiver.CellBroadcastConfigService
07-03 18:51:21.052 19244 20012 W ProcStatsManager: No process com.android.keychain/1000 for service com.android.keychain.KeyChainService
07-03 18:51:21.052 19244 20012 W ProcStatsManager: No process com.android.chrome:sandboxed_process10/10064 for service org.chromium.content.app.SandboxedProcessService10
07-03 18:51:21.052 19244 20012 W ProcStatsManager: No process com.android.chrome:sandboxed_process11/10064 for service org.chromium.content.app.SandboxedProcessService11
07-03 18:51:21.052 19244 20012 W ProcStatsManager: No process com.android.chrome:sandboxed_process0/10064 for service org.chromium.content.app.SandboxedProcessService0
07-03 18:51:21.052 19244 20012 W ProcStatsManager: No process com.android.chrome:sandboxed_process1/10064 for service org.chromium.content.app.SandboxedProcessService1
07-03 18:51:21.052 19244 20012 W ProcStatsManager: No process com.android.chrome:sandboxed_process2/10064 for service org.chromium.content.app.SandboxedProcessService2
07-03 18:51:21.052 19244 20012 W ProcStatsManager: No process com.android.chrome:sandboxed_process3/10064 for service org.chromium.content.app.SandboxedProcessService3
07-03 18:51:21.052 19244 20012 W ProcStatsManager: No process com.android.chrome:sandboxed_process4/10064 for service org.chromium.content.app.SandboxedProcessService4
07-03 18:51:21.052 19244 20012 W ProcStatsManager: No process com.android.chrome:sandboxed_process5/10064 for service org.chromium.content.app.SandboxedProcessService5
07-03 18:51:21.052 19244 20012 W ProcStatsManager: No process com.android.chrome:sandboxed_process6/10064 for service org.chromium.content.app.SandboxedProcessService6
07-03 18:51:21.052 19244 20012 W ProcStatsManager: No process com.android.chrome:sandboxed_process7/10064 for service org.chromium.content.app.SandboxedProcessService7
07-03 18:51:21.052 19244 20012 W ProcStatsManager: No process com.android.chrome:sandboxed_process8/10064 for service org.chromium.content.app.SandboxedProcessService8
07-03 18:51:21.052 19244 20012 W ProcStatsManager: No process com.android.chrome:sandboxed_process9/10064 for service org.chromium.content.app.SandboxedProcessService9
07-03 18:51:21.052 19244 20012 W ProcStatsManager: No process com.android.gallery3d/10046 for service com.android.gallery3d.app.PackagesMonitor$AsyncService
07-03 18:51:21.052 19244 20012 W ProcStatsManager: No process com.google.android.gms.unstable/10013 for service com.google.android.gms.droidguard.DroidGuardService
07-03 18:51:21.052 19244 20012 W ProcStatsManager: No process com.google.android.gms.feedback/10013 for service com.google.android.gms.feedback.FeedbackService
07-03 18:51:21.052 19244 20012 W ProcStatsManager: No process com.google.android.gms.ui/10013 for service com.google.android.gms.chimera.UiIntentOperationService
07-03 18:51:21.053 19244 20012 W ProcStatsManager: No process com.google.android.gms:car/10013 for service com.google.android.gms.car.CarService
07-03 18:51:21.053 19244 20012 W ProcStatsManager: No process com.google.process.gapps/10013 for service com.google.android.gsf.subscribedfeeds.GCMIntentService
07-03 18:51:21.053 19244 20012 W ProcStatsManager: No process com.google.android.partnersetup/10036 for service com.google.android.partnersetup.AppInstalledService
07-03 18:51:21.053 19244 20012 W ProcStatsManager: No process com.google.android.partnersetup/10036 for service com.google.android.partnersetup.ClientIdService
07-03 18:51:21.053 19244 20012 W ProcStatsManager: No process com.google.android.partnersetup/10036 for service com.google.android.partnersetup.MccFallbackService
07-03 18:51:21.053 19244 20012 W ProcStatsManager: No process com.google.android.partnersetup/10036 for service com.google.android.partnersetup.AppHiderService
07-03 18:51:21.053 19244 20012 W ProcStatsManager: No process com.google.android.partnersetup/10036 for service com.google.android.partnersetup.RlzPingIntentService
07-03 18:51:21.053 19244 20012 W ProcStatsManager: No process com.google.android.partnersetup/10036 for service com.google.android.partnersetup.MccOverrideService
07-03 18:51:21.053 19244 20012 W ProcStatsManager: No process com.google.android.apps.nexuslauncher:wallpaper_chooser/10034 for service com.android.launcher3.dynamicui.ColorExtractionService
07-03 18:51:21.053 19244 20012 W ProcStatsManager: No process com.android.inputmethod.latin/10105 for service com.android.inputmethod.latin.LatinIME
07-03 18:51:21.053 19244 20012 W ProcStatsManager: No process com.android.inputmethod.latin/10105 for service com.google.android.apps.inputmethod.libs.experiments.ExperimentIntentService
07-03 18:51:21.053 19244 20012 W ProcStatsManager: No process com.topjohnwu.magisk/10086 for service com.topjohnwu.magisk.services.BootupIntentService
07-03 18:51:21.053 19244 20012 W ProcStatsManager: No process com.topjohnwu.magisk/10086 for service com.topjohnwu.magisk.services.UpdateCheckService
07-03 18:51:21.053 19244 20012 W ProcStatsManager: No process com.xda.feed/10312 for service com.xda.feed.services.NotificationJobService
07-03 18:51:21.053 19244 20012 W ProcStatsManager: No process org.lichess.mobileapp/10118 for service com.onesignal.NotificationRestoreService
07-03 18:51:21.053 19244 20012 W ProcStatsManager: No process ch.deletescape.lawnchair:color_extraction/10136 for service ch.deletescape.lawnchair.dynamicui.ColorExtractionService
07-03 18:51:21.053 19244 20012 W ProcStatsManager: No process com.google.android.ogyoutube/10308 for service com.google.android.apps.ogyoutube.app.system.LocaleUpdatedService
07-03 18:51:21.053 19244 20012 W ProcStatsManager: No process com.google.android.keep/10072 for service com.google.android.keep.notification.AlertService
07-03 18:51:21.054 19244 20012 W ProcStatsManager: No process com.google.android.keep/10072 for service com.google.android.keep.sharing.SharingRepostNotificationService
07-03 18:51:21.054 19244 20012 W ProcStatsManager: No process com.google.android.keep/10072 for service com.google.android.keep.service.ExperimentConfigInitService
07-03 18:51:21.054 19244 20012 W ProcStatsManager: No process com.google.android.talk/10071 for service com.google.android.apps.hangouts.concurrent.impl.ConcurrentService
07-03 18:51:21.054 19244 20012 W ProcStatsManager: No process com.google.android.talk/10071 for service com.google.android.apps.hangouts.service.NetworkConnectionCheckingService
07-03 18:51:21.054 19244 20012 W ProcStatsManager: No process com.ideashower.readitlater.pro/10107 for service com.pocket.sdk.util.wakelock.WakefulAppService
07-03 18:51:21.054 19244 20012 W ProcStatsManager: No process com.google.android.apps.magazines/10080 for service com.google.apps.dots.android.newsstand.service.SyncAdapterService
07-03 18:51:21.054 19244 20012 W ProcStatsManager: No process com.google.android.apps.magazines/10080 for service com.google.apps.dots.android.newsstand.pushmessage.PushMessageRegistrationService
07-03 18:51:21.491 1247 6390 I ActivityManager: START u0 {flg=0x8000 cmp=com.android.settings/.Settings$DevelopmentSettingsActivity (has extras)} from uid 1000 on display 0
07-03 18:51:21.593 1247 7017 E UserRestrictionsUtils: Unknown restriction: null
07-03 18:51:21.596 1247 5464 E UserRestrictionsUtils: Unknown restriction: null
07-03 18:51:21.618 1247 16829 D CryptdConnector: SND -> {6 cryptfs isConvertibleToFBE}
07-03 18:51:21.619 273 284 D VoldCryptCmdListener: cryptfs isConvertibleToFBE
07-03 18:51:21.623 1247 5188 D CryptdConnector: RCV <- {200 6 0}
07-03 18:51:21.708 19244 19244 W Settings: Setting bugreport_in_power_menu has moved from android.provider.Settings.Secure to android.provider.Settings.Global.
07-03 18:51:21.730 19244 20021 D Index : Indexing locale 'en_US' took 39 millis
07-03 18:51:21.757 19244 20020 D Index : Indexing locale 'en_US' took 15 millis
07-03 18:51:21.805 19244 20020 W TileUtils: Found com.cyanogenmod.settings.device.TouchscreenGestureSettings for intent Intent { act=com.android.settings.action.EXTRA_SETTINGS } missing metadata
07-03 18:51:21.956 1247 5988 I ActivityManager: Process com.google.android.calendar (pid 19932) has died
07-03 18:51:21.956 1247 5988 D ActivityManager: cleanUpApplicationRecord -- 19932
07-03 18:51:21.974 1247 1847 I ActivityManager: Displayed com.android.settings/.Settings$DevelopmentSettingsActivity: +463ms
07-03 18:51:22.040 19244 19291 D OpenGLRenderer: endAllActiveAnimators on 0x885d7100 (RippleDrawable) with handle 0x99b781e0
07-03 18:51:23.330 5235 5235 D wpa_supplicant: wlan0: Control interface command 'SIGNAL_POLL'
07-03 18:51:24.580 1247 1844 I UsbDeviceManager: Setting USB config to adb
07-03 18:51:24.598 1247 16829 W InputMethodManagerService: Window already focused, ignoring focus gain of: com.android.internal.view.IInputMethodClient$Stub$Proxy@6fdfac9 attribute=null, token = android.os.BinderProxy@c725f7
07-03 18:51:24.933 6162 6162 E NEW_BHD : Open /sys/class/power_supply/gb_battery
07-03 18:51:24.950 5502 5502 D VideoCall_LowBattery: BatteryIntent received: android.intent.action.BATTERY_CHANGED
07-03 18:51:25.044 5502 5502 D VideoCall_LowBattery: allowVideoCallsInLowBattery: false isCarrierOneSupported: false mIsLowbattery: false
07-03 18:51:25.061 1247 20011 W DropBoxManagerService: Dropping: system_app_strictmode (10 > 0 bytes)
07-03 18:51:26.180 1247 1626 W InputMethodManagerService: Window already focused, ignoring focus gain of: com.android.internal.view.IInputMethodClient$Stub$Proxy@220e0da attribute=null, token = android.os.BinderProxy@c725f7
07-03 18:51:26.206 9896 12533 I PlayCommon: [344] com.google.android.play.a.g.e(220): Preparing logs for uploading
07-03 18:51:26.207 9896 12533 I PlayCommon: [344] com.google.android.play.a.g.e(224): No file ready to send
07-03 18:51:26.226 5271 5271 W ResourceType: Invalid package identifier when getting bag for resource number 0x7f060000
07-03 18:51:26.233 5271 5271 W ResourceType: Invalid package identifier when getting bag for resource number 0x7f060000
07-03 18:51:26.240 5271 5271 W ResourceType: Invalid package identifier when getting bag for resource number 0x7f060000
07-03 18:51:26.378 5235 5235 D wpa_supplicant: wlan0: Control interface command 'SIGNAL_POLL'
07-03 18:51:26.385 1247 5194 D WifiStateMachine: updateCapabilities for config:INFINITUMjhgcfalse,false
07-03 18:51:28.924 5271 5271 I SlideTouchEvent: vel=0.0, MinimumFlingVelocity=90
07-03 18:51:28.932 1247 5183 I ActivityManager: START u0 {act=android.intent.action.MAIN cat=[android.intent.category.HOME] flg=0x10200000 cmp=com.teslacoilsw.launcher/.NovaLauncher (has extras)} from uid 1000 on display 0
07-03 18:51:29.142 19764 19764 W SessionLifecycleManager: Handover failed. Creating new session controller.
07-03 18:51:29.164 19764 19764 I OptInState: There is a new client and it does not support opt-in. Dropping request.
07-03 18:51:29.238 19764 19897 W LocationOracle: No location history returned by ContextManager
07-03 18:51:29.423 5235 5235 D wpa_supplicant: wlan0: Control interface command 'SIGNAL_POLL'
07-03 18:51:29.426 1247 5194 D WifiStateMachine: updateCapabilities for config:INFINITUMjhgcfalse,false
07-03 18:51:29.491 6261 12331 I PlaceInferenceEngine: [anon] Changed inference mode: 105
07-03 18:51:29.552 6261 6277 I art : Background partial concurrent mark sweep GC freed 53045(3MB) AllocSpace objects, 3(132KB) LOS objects, 39% free, 6MB/10MB, paused 11.244ms total 161.161ms
07-03 18:51:29.611 6261 12331 I Places : ?: PlacesBleScanner start() with priority 2
07-03 18:51:29.613 6261 12331 I PlaceInferenceEngine: [anon] Changed inference mode: 102
07-03 18:51:29.616 6261 6261 D Error : ERR: exClass=android.os.StrictMode$StrictModeDiskReadViolation
07-03 18:51:29.616 6261 6261 D Error : ERR: exMsg=policy=23068679 violation=2
07-03 18:51:29.616 6261 6261 D Error : ERR: file=StrictMode.java
07-03 18:51:29.616 6261 6261 D Error : ERR: class=android.os.StrictMode$AndroidBlockGuardPolicy
07-03 18:51:29.616 6261 6261 D Error : ERR: method=onReadFromDisk line=1293
07-03 18:51:29.617 6261 6261 D Error : ERR: stack=android.os.StrictMode$StrictModeDiskReadViolation: policy=23068679 violation=2
07-03 18:51:29.617 6261 6261 D Error : at android.os.StrictMode$AndroidBlockGuardPolicy.onReadFromDisk(StrictMode.java:1293)
07-03 18:51:29.617 6261 6261 D Error : at java.io.UnixFileSystem.checkAccess(UnixFileSystem.java:249)
07-03 18:51:29.617 6261 6261 D Error : at java.io.File.exists(File.java:780)
07-03 18:51:29.617 6261 6261 D Error : at android.app.ContextImpl.ensurePrivateDirExists(ContextImpl.java:512)
07-03 18:51:29.617 6261 6261 D Error : at android.app.ContextImpl.getPreferencesDir(ContextImpl.java:468)
07-03 18:51:29.617 6261 6261 D Error : at android.app.ContextImpl.getSharedPreferencesPath(ContextImpl.java:627)
07-03 18:51:29.617 6261 6261 D Error : at android.app.ContextImpl.getSharedPreferences(ContextImpl.java:345)
07-03 18:51:29.617 6261 6261 D Error : at android.content.ContextWrapper.getSharedPreferences(ContextWrapper.java:164)
07-03 18:51:29.617 6261 6261 D Error : at android.content.ContextWrapper.getSharedPreferences(ContextWrapper.java:164)
07-03 18:51:29.617 6261 6261 D Error : at clo.(:com.google.android.gms:0)
07-03 18:51:29.617 6261 6261 D Error : at ckp.K(:com.google.android.gms:1)
07-03 18:51:29.617 6261 6261 D Error : at ckp.a(:com.google.android.gms:5)
07-03 18:51:29.617 6261 6261 D Error : at ckp.k(:com.google.android.gms:0)
07-03 18:51:29.617 6261 6261 D Error : at com.google.android.contextmanager.service.ContextManagerChimeraService.onCreate(:com.google.android.gms:2)
07-03 18:51:29.617 6261 6261 D Error : at byx.onCreate(:com.google.android.gms:0)
07-03 18:51:29.617 6261 6261 D Error : at jda.onCreate(:com.google.android.gms:4)
07-03 18:51:29.617 6261 6261 D Error : at android.app.ActivityThread.handleCreateService(ActivityThread.java:3210)
07-03 18:51:29.617 6261 6261 D Error : at android.app.ActivityThread.-wrap5(ActivityThread.java)
07-03 18:51:29.617 6261 6261 D Error : at android.app.ActivityThread$H.handleMessage(ActivityThread.java:1582)
07-03 18:51:29.617 6261 6261 D Error : at android.os.Handler.dispatchMessage(Handler.java:102)
07-03 18:51:29.617 6261 6261 D Error : at android.os.Looper.loop(Looper.java:154)
07-03 18:51:29.617 6261 6261 D Error : at android.app.ActivityThread.main(ActivityThread.java:6208)
07-03 18:51:29.617 6261 6261 D Error : at java.lang.reflect.Method.invoke(Native Method)
07-03 18:51:29.617 6261 6261 D Error : at com.android.internal.os.ZygoteInit$MethodAndArgsCaller.run(ZygoteInit.java:891)
07-03 18:51:29.617 6261 6261 D Error : at com.android.internal.os.ZygoteInit.main(ZygoteInit.java:781)
07-03 18:51:29.617 6261 6261 D Error : # via Binder call with stack:
07-03 18:51:29.617 6261 6261 D Error : android.os.StrictMode$LogStackTrace
07-03 18:51:29.617 6261 6261 D Error : at android.os.StrictMode.readAndHandleBinderCallViolations(StrictMode.java:1954)
07-03 18:51:29.617 6261 6261 D Error : at android.os.Parcel.readExceptionCode(Parcel.java:1665)
07-03 18:51:29.617 6261 6261 D Error : at android.os.Parcel.readException(Parcel.java:1634)
07-03 18:51:29.617 6261 6261 D Error : at oz.b(:com.google.android.gms.GoogleCertificates:9)
07-03 18:51:29.617 6261 6261 D Error : at os.a(:com.google.android.gms.GoogleCertificates:47)
07-03 18:51:29.617 6261 6261 D Error : at os.(:com.google.android.gms.GoogleCertificates:3)
07-03 18:51:29.617 6261 6261 D Error : at ot.createFromParcel(:com.google.android.gms.GoogleCertificates:71)
07-03 18:51:29.617 6261 6261 D Error : at pb.onTransact(:com.google.android.gms.GoogleCertificates:54)
07-03 18:51:29.617 6261 6261 D Error : at android.os.Binder.transact(Binder.java:499)
07-03 18:51:29.617 6261 6261 D Error : at kwl.isGoogleOrPlatformSigned(:com.google.android.gms:3)
07-03 18:51:29.617 6261 6261 D Error : at joo.a(:com.google.android.gms:25)
07-03 18:51:29.617 6261 6261 D Error : at joo.a(:com.google.android.gms:20)
07-03 18:51:29.617 6261 6261 D Error : at keq.b(:com.google.android.gms:3)
07-03 18:51:29.617 6261 6261 D Error : at keq.a(:com.google.android.gms:25)
07-03 18:51:29.617 6261 6261 D Error : at keq.b(:com.google.android.gms:16)
07-03 18:51:29.617 6261 6261 D Error : at keq.c(:com.google.android.gms:3)
07-03 18:51:29.617 6261 6261 D Error : at com.google.android.gms.auth.account.be.legacy.AccountChimeraContentProvider.call(:com.google.android.gms:1)
07-03 18:51:29.617 6261 6261 D Error : at bxn.call(:com.google.android.gms:0)
07-03 18:51:29.617 6261 6261 D Error : at android.content.ContentProvider$Transport.call(ContentProvider.java:400)
07-03 18:51:29.617 6261 6261 D Error : at android.content.ContentProviderClient.call(ContentProviderClient.java:456)
07-03 18:51:29.617 6261 6261 D Error : at dzg.f(:com.google.android.gms:1)
07-03 18:51:29.617 6261 6261 D Error : at dze.d(:com.google.android.gms:2)
07-03 18:51:29.617 6261 6261 D Error : at akvc.b(:com.google.android.gms:0)
07-03 18:51:29.617 6261 6261 D Error : at akvc.(:com.google.android.gms:2)
07-03 18:51:29.617 6261 6261 D Error : at akvc.a(:com.google.android.gms:0)
07-03 18:51:29.617 6261 6261 D Error : at akqa.a(:com.google.android.gms:1)
07-03 18:51:29.617 6261 6261 D Error : at com.google.android.location.reporting.service.ReportingAndroidChimeraService.onCreate(:com.google.android.gms:0)
07-03 18:51:29.617 6261 6261 D Error : at byx.onCreate(:com.google.android.gms:0)
07-03 18:51:29.617 6261 6261 D Error : at jda.onCreate(:com.google.android.gms:4)
07-03 18:51:29.617 6261 6261 D Error : at android.app.ActivityThread.handleCreateService(ActivityThread.java:3210)
07-03 18:51:29.617 6261 6261 D Error : at android.app.ActivityThread.-wrap5(ActivityThread.java)
07-03 18:51:29.617 6261 6261 D Error : at android.app.ActivityThread$H.handleMessage(ActivityThread.java:1582)
07-03 18:51:29.617 6261 6261 D Error : at android.os.Handler.dispatchMessage(Handler.java:102)
07-03 18:51:29.617 6261 6261 D Error : at android.os.Looper.loop(Looper.java:154)
07-03 18:51:29.617 6261 6261 D Error : at android.app.ActivityThread.main(ActivityThread.java:6208)
07-03 18:51:29.617 6261 6261 D Error : at java.lang.reflect.Method.invoke(Native Method)
07-03 18:51:29.617 6261 6261 D Error : at com.android.internal.os.ZygoteInit$MethodAndArgsCaller.run(ZygoteInit.java:891)
07-03 18:51:29.617 6261 6261 D Error : at com.android.internal.os.ZygoteInit.main(ZygoteInit.java:781)
07-03 18:51:29.617 6261 6261 D Error : # via Binder call with stack:
07-03 18:51:29.617 6261 6261 D Error : android.os.StrictMode$LogStackTrace
07-03 18:51:29.617 6261 6261 D Error : at android.os.StrictMode.readAndHandleBinderCallViolations(StrictMode.java:1954)
07-03 18:51:29.617 6261 6261 D Error : at android.os.Parcel.readExceptionCode(Pa
07-03 18:51:29.617 6261 6261 D Error : ERR: TOTAL BYTES WRITTEN: 41352
07-03 18:51:29.617 6261 6261 D Error : ERR: exClass=android.os.StrictMode$StrictModeDiskReadViolation
07-03 18:51:29.617 6261 6261 D Error : ERR: exMsg=policy=23068679 violation=2
07-03 18:51:29.617 6261 6261 D Error : ERR: file=StrictMode.java
07-03 18:51:29.617 6261 6261 D Error : ERR: class=android.os.StrictMode$AndroidBlockGuardPolicy
07-03 18:51:29.617 6261 6261 D Error : ERR: method=onReadFromDisk line=1293
07-03 18:51:29.619 6261 6261 D Error : ERR: stack=android.os.StrictMode$StrictModeDiskReadViolation: policy=23068679 violation=2
07-03 18:51:29.619 6261 6261 D Error : at android.os.StrictMode$AndroidBlockGuardPolicy.onReadFromDisk(StrictMode.java:1293)
07-03 18:51:29.619 6261 6261 D Error : at java.io.UnixFileSystem.checkAccess(UnixFileSystem.java:249)
07-03 18:51:29.619 6261 6261 D Error : at java.io.File.exists(File.java:780)
07-03 18:51:29.619 6261 6261 D Error : at android.app.ContextImpl.ensurePrivateDirExists(ContextImpl.java:512)
07-03 18:51:29.619 6261 6261 D Error : at android.app.ContextImpl.getDatabasesDir(ContextImpl.java:715)
07-03 18:51:29.619 6261 6261 D Error : at android.app.ContextImpl.getDatabasePath(ContextImpl.java:694)
07-03 18:51:29.619 6261 6261 D Error : at android.app.ContextImpl.openOrCreateDatabase(ContextImpl.java:644)
07-03 18:51:29.619 6261 6261 D Error : at android.content.ContextWrapper.openOrCreateDatabase(ContextWrapper.java:289)
07-03 18:51:29.619 6261 6261 D Error : at android.content.ContextWrapper.openOrCreateDatabase(ContextWrapper.java:289)
07-03 18:51:29.619 6261 6261 D Error : at android.database.sqlite.SQLiteOpenHelper.getDatabaseLocked(SQLiteOpenHelper.java:223)
07-03 18:51:29.619 6261 6261 D Error : at android.database.sqlite.SQLiteOpenHelper.getWritableDatabase(SQLiteOpenHelper.java:163)
07-03 18:51:29.619 6261 6261 D Error : at cqt.getWritableDatabase(:com.google.android.gms:0)
07-03 18:51:29.619 6261 6261 D Error : at cqp.a(:com.google.android.gms:3)
07-03 18:51:29.619 6261 6261 D Error : at crh.b(:com.google.android.gms:5)
07-03 18:51:29.619 6261 6261 D Error : at crh.a(:com.google.android.gms:132)
07-03 18:51:29.619 6261 6261 D Error : at ckp.N(:com.google.android.gms:1)
07-03 18:51:29.619 6261 6261 D Error : at ckp.n(:com.google.android.gms:0)
07-03 18:51:29.619 6261 6261 D Error : at che.a(:com.google.android.gms:12)
07-03 18:51:29.619 6261 6261 D Error : at crm.(:com.google.android.gms:1)
07-03 18:51:29.619 6261 6261 D Error : at cqw.(:com.google.android.gms:0)
07-03 18:51:29.619 6261 6261 D Error : at ckp.L(:com.google.android.gms:1)
07-03 18:51:29.619 6261 6261 D Error : at ckp.a(:com.google.android.gms:5)
07-03 18:51:29.619 6261 6261 D Error : at ckp.k(:com.google.android.gms:0)
07-03 18:51:29.619 6261 6261 D Error : at com.google.android.contextmanager.service.ContextManagerChimeraService.onCreate(:com.google.android.gms:2)
07-03 18:51:29.619 6261 6261 D Error : at byx.onCreate(:com.google.android.gms:0)
07-03 18:51:29.619 6261 6261 D Error : at jda.onCreate(:com.google.android.gms:4)
07-03 18:51:29.619 6261 6261 D Error : at android.app.ActivityThread.handleCreateService(ActivityThread.java:3210)
07-03 18:51:29.619 6261 6261 D Error : at android.app.ActivityThread.-wrap5(ActivityThread.java)
07-03 18:51:29.619 6261 6261 D Error : at android.app.ActivityThread$H.handleMessage(ActivityThread.java:1582)
07-03 18:51:29.619 6261 6261 D Error : at android.os.Handler.dispatchMessage(Handler.java:102)
07-03 18:51:29.619 6261 6261 D Error : at android.os.Looper.loop(Looper.java:154)
07-03 18:51:29.619 6261 6261 D Error : at android.app.ActivityThread.main(ActivityThread.java:6208)
07-03 18:51:29.619 6261 6261 D Error : at java.lang.reflect.Method.invoke(Native Method)
07-03 18:51:29.619 6261 6261 D Error : at com.android.internal.os.ZygoteInit$MethodAndArgsCaller.run(ZygoteInit.java:891)
07-03 18:51:29.619 6261 6261 D Error : at com.android.internal.os.ZygoteInit.main(ZygoteInit.java:781)
07-03 18:51:29.619 6261 6261 D Error : # via Binder call with stack:
07-03 18:51:29.619 6261 6261 D Error : android.os.StrictMode$LogStackTrace
07-03 18:51:29.619 6261 6261 D Error : at android.os.StrictMode.readAndHandleBinderCallViolations(StrictMode.java:1954)
07-03 18:51:29.619 6261 6261 D Error : at android.os.Parcel.readExceptionCode(Parcel.java:1665)
07-03 18:51:29.619 6261 6261 D Error : at android.os.Parcel.readException(Parcel.java:1634)
07-03 18:51:29.619 6261 6261 D Error : at oz.b(:com.google.android.gms.GoogleCertificates:9)
07-03 18:51:29.619 6261 6261 D Error : at os.a(:com.google.android.gms.GoogleCertificates:47)
07-03 18:51:29.619 6261 6261 D Error : at os.(:com.google.android.gms.GoogleCertificates:3)
07-03 18:51:29.619 6261 6261 D Error : at ot.createFromParcel(:com.google.android.gms.GoogleCertificates:71)
07-03 18:51:29.619 6261 6261 D Error : at pb.onTransact(:com.google.android.gms.GoogleCertificates:54)
07-03 18:51:29.619 6261 6261 D Error : at android.os.Binder.transact(Binder.java:499)
07-03 18:51:29.619 6261 6261 D Error : at kwl.isGoogleOrPlatformSigned(:com.google.android.gms:3)
07-03 18:51:29.619 6261 6261 D Error : at joo.a(:com.google.android.gms:25)
07-03 18:51:29.619 6261 6261 D Error : at joo.a(:com.google.android.gms:20)
07-03 18:51:29.619 6261 6261 D Error : at keq.b(:com.google.android.gms:3)
07-03 18:51:29.619 6261 6261 D Error : at keq.a(:com.google.android.gms:25)
07-03 18:51:29.619 6261 6261 D Error : at keq.b(:com.google.android.gms:16)
07-03 18:51:29.619 6261 6261 D Error : at keq.c(:com.google.android.gms:3)
07-03 18:51:29.619 6261 6261 D Error : at com.google.android.gms.auth.account.be.legacy.AccountChimeraContentProvider.call(:com.google.android.gms:1)
07-03 18:51:29.619 6261 6261 D Error : at bxn.call(:com.google.android.gms:0)
07-03 18:51:29.619 6261 6261 D Error : at android.content.ContentProvider$Transport.call(ContentProvider.java:400)
07-03 18:51:29.619 6261 6261 D Error : at android.content.ContentProviderClient.call(ContentProviderClient.java:456)
07-03 18:51:29.619 6261 6261 D Error : at dzg.f(:com.google.android.gms:1)
07-03 18:51:29.619 6261 6261 D Error : at dze.d(:com.google.android.gms:2)
07-03 18:51:29.619 6261 6261 D Error : at akvc.b(:com.google.android.gms:0)
07-03 18:51:29.619 6261 6261 D Error : at akvc.(:com.google.android.gms:2)
07-03 18:51:29.619 6261 6261 D Error : at akvc.a(:com.google.android.gms:0)
07-03 18:51:29.619 6261 6261 D Error : at akqa.a(:com.google.android.gms:1)
07-03 18:51:29.619 6261 6261 D Error : at com.google.android.location.reporting.service.ReportingAndroidChimeraService.onCreate(:com.google.android.gms:0)
07-03 18:51:29.619 6261 6261 D Error : at byx.onCreate(:com.google.android.gms:0)
07-03 18:51:29.619 6261 6261 D Error : at jda.onCreate(:com.google.android.gms:4)
07-03 18:51:29.619 6261 6261 D Error : at android.app.ActivityThread.handleCreateService(ActivityThread.java:3210)
07-03 18:51:29.619 6261 6261 D Error : at android.app.ActivityThread.-wrap5(ActivityThread.java)
07-03 18:51:29.619 6261 6261 D Error : at android.app.ActivityThread$H.handleMessage(ActivityThread.java:1582)
07-03 18:51:29.619 6261 6261 D Error : at android.os.Handler.dispatchMessage(Handler.java:102)
07-03 18:51:29.619 6261 6261 D Error : at
07-03 18:51:29.619 6261 6261 D Error : ERR: TOTAL BYTES WRITTEN: 41352
07-03 18:51:29.619 6261 6261 D Error : ERR: exClass=android.os.StrictMode$StrictModeDiskReadViolation
07-03 18:51:29.619 6261 6261 D Error : ERR: exMsg=policy=23068679 violation=2
07-03 18:51:29.619 6261 6261 D Error : ERR: file=StrictMode.java
07-03 18:51:29.619 6261 6261 D Error : ERR: class=android.os.StrictMode$AndroidBlockGuardPolicy
07-03 18:51:29.619 6261 6261 D Error : ERR: method=onReadFromDisk line=1293
07-03 18:51:29.620 6261 6261 D Error : ERR: stack=android.os.StrictMode$StrictModeDiskReadViolation: policy=23068679 violation=2
07-03 18:51:29.620 6261 6261 D Error : at android.os.StrictMode$AndroidBlockGuardPolicy.onReadFromDisk(StrictMode.java:1293)
07-03 18:51:29.620 6261 6261 D Error : at android.database.sqlite.SQLiteConnection.applyBlockGuardPolicy(SQLiteConnection.java:1041)
07-03 18:51:29.620 6261 6261 D Error : at android.database.sqlite.SQLiteConnection.executeForLong(SQLiteConnection.java:595)
07-03 18:51:29.620 6261 6261 D Error : at android.database.sqlite.SQLiteConnection.setPageSize(SQLiteConnection.java:251)
07-03 18:51:29.620 6261 6261 D Error : at android.database.sqlite.SQLiteConnection.open(SQLiteConnection.java:213)
07-03 18:51:29.620 6261 6261 D Error : at android.database.sqlite.SQLiteConnection.open(SQLiteConnection.java:193)
07-03 18:51:29.620 6261 6261 D Error : at android.database.sqlite.SQLiteConnectionPool.openConnectionLocked(SQLiteConnectionPool.java:463)
07-03 18:51:29.620 6261 6261 D Error : at android.database.sqlite.SQLiteConnectionPool.open(SQLiteConnectionPool.java:185)
07-03 18:51:29.620 6261 6261 D Error : at android.database.sqlite.SQLiteConnectionPool.open(SQLiteConnectionPool.java:177)
07-03 18:51:29.620 6261 6261 D Error : at android.database.sqlite.SQLiteDatabase.openInner(SQLiteDatabase.java:808)
07-03 18:51:29.620 6261 6261 D Error : at android.database.sqlite.SQLiteDatabase.open(SQLiteDatabase.java:793)
07-03 18:51:29.620 6261 6261 D Error : at android.database.sqlite.SQLiteDatabase.openDatabase(SQLiteDatabase.java:696)
07-03 18:51:29.620 6261 6261 D Error : at android.app.ContextImpl.openOrCreateDatabase(ContextImpl.java:652)
07-03 18:51:29.620 6261 6261 D Error : at android.content.ContextWrapper.openOrCreateDatabase(ContextWrapper.java:289)
07-03 18:51:29.620 6261 6261 D Error : at android.content.ContextWrapper.openOrCreateDatabase(ContextWrapper.java:289)
07-03 18:51:29.620 6261 6261 D Error : at android.database.sqlite.SQLiteOpenHelper.getDatabaseLocked(SQLiteOpenHelper.java:223)
07-03 18:51:29.620 6261 6261 D Error : at android.database.sqlite.SQLiteOpenHelper.getWritableDatabase(SQLiteOpenHelper.java:163)
07-03 18:51:29.620 6261 6261 D Error : at cqt.getWritableDatabase(:com.google.android.gms:0)
07-03 18:51:29.620 6261 6261 D Error : at cqp.a(:com.google.android.gms:3)
07-03 18:51:29.620 6261 6261 D Error : at crh.b(:com.google.android.gms:5)
07-03 18:51:29.620 6261 6261 D Error : at crh.a(:com.google.android.gms:132)
07-03 18:51:29.620 6261 6261 D Error : at ckp.N(:com.google.android.gms:1)
07-03 18:51:29.620 6261 6261 D Error : at ckp.n(:com.google.android.gms:0)
07-03 18:51:29.620 6261 6261 D Error : at che.a(:com.google.android.gms:12)
07-03 18:51:29.620 6261 6261 D Error : at crm.(:com.google.android.gms:1)
07-03 18:51:29.620 6261 6261 D Error : at cqw.(:com.google.android.gms:0)
07-03 18:51:29.620 6261 6261 D Error : at ckp.L(:com.google.android.gms:1)
07-03 18:51:29.620 6261 6261 D Error : at ckp.a(:com.google.android.gms:5)
07-03 18:51:29.620 6261 6261 D Error : at ckp.k(:com.google.android.gms:0)
07-03 18:51:29.620 6261 6261 D Error : at com.google.android.contextmanager.service.ContextManagerChimeraService.onCreate(:com.google.android.gms:2)
07-03 18:51:29.620 6261 6261 D Error : at byx.onCreate(:com.google.android.gms:0)
07-03 18:51:29.620 6261 6261 D Error : at jda.onCreate(:com.google.android.gms:4)
07-03 18:51:29.620 6261 6261 D Error : at android.app.ActivityThread.handleCreateService(ActivityThread.java:3210)
07-03 18:51:29.620 6261 6261 D Error : at android.app.ActivityThread.-wrap5(ActivityThread.java)
07-03 18:51:29.620 6261 6261 D Error : at android.app.ActivityThread$H.handleMessage(ActivityThread.java:1582)
07-03 18:51:29.620 6261 6261 D Error : at android.os.Handler.dispatchMessage(Handler.java:102)
07-03 18:51:29.620 6261 6261 D Error : at android.os.Looper.loop(Looper.java:154)
07-03 18:51:29.620 6261 6261 D Error : at android.app.ActivityThread.main(ActivityThread.java:6208)
07-03 18:51:29.620 6261 6261 D Error : at java.lang.reflect.Method.invoke(Native Method)
07-03 18:51:29.620 6261 6261 D Error : at com.android.internal.os.ZygoteInit$MethodAndArgsCaller.run(ZygoteInit.java:891)
07-03 18:51:29.620 6261 6261 D Error : at com.android.internal.os.ZygoteInit.main(ZygoteInit.java:781)
07-03 18:51:29.620 6261 6261 D Error : # via Binder call with stack:
07-03 18:51:29.620 6261 6261 D Error : android.os.StrictMode$LogStackTrace
07-03 18:51:29.620 6261 6261 D Error : at android.os.StrictMode.readAndHandleBinderCallViolations(StrictMode.java:1954)
07-03 18:51:29.620 6261 6261 D Error : at android.os.Parcel.readExceptionCode(Parcel.java:1665)
07-03 18:51:29.620 6261 6261 D Error : at android.os.Parcel.readException(Parcel.java:1634)
07-03 18:51:29.620 6261 6261 D Error : at oz.b(:com.google.android.gms.GoogleCertificates:9)
07-03 18:51:29.620 6261 6261 D Error : at os.a(:com.google.android.gms.GoogleCertificates:47)
07-03 18:51:29.620 6261 6261 D Error : at os.(:com.google.android.gms.GoogleCertificates:3)
07-03 18:51:29.620 6261 6261 D Error : at ot.createFromParcel(:com.google.android.gms.GoogleCertificates:71)
07-03 18:51:29.620 6261 6261 D Error : at pb.onTransact(:com.google.android.gms.GoogleCertificates:54)
07-03 18:51:29.620 6261 6261 D Error : at android.os.Binder.transact(Binder.java:499)
07-03 18:51:29.620 6261 6261 D Error : at kwl.isGoogleOrPlatformSigned(:com.google.android.gms:3)
07-03 18:51:29.620 6261 6261 D Error : at joo.a(:com.google.android.gms:25)
07-03 18:51:29.620 6261 6261 D Error : at joo.a(:com.google.android.gms:20)
07-03 18:51:29.620 6261 6261 D Error : at keq.b(:com.google.android.gms:3)
07-03 18:51:29.620 6261 6261 D Error : at keq.a(:com.google.android.gms:25)
07-03 18:51:29.620 6261 6261 D Error : at keq.b(:com.google.android.gms:16)
07-03 18:51:29.620 6261 6261 D Error : at keq.c(:com.google.android.gms:3)
07-03 18:51:29.620 6261 6261 D Error : at com.google.android.gms.auth.account.be.legacy.AccountChimeraContentProvider.call(:com.google.android.gms:1)
07-03 18:51:29.620 6261 6261 D Error : at bxn.call(:com.google.android.gms:0)
07-03 18:51:29.620 6261 6261 D Error : at android.content.ContentProvider$Transport.call(ContentProvider.java:400)
07-03 18:51:29.620 6261 6261 D Error : at android.content.ContentProviderClient.call(ContentProviderClient.java:456)
07-03 18:51:29.620 6261 6261 D Error : at dzg.f(:com.google.android.gms:1)
07-03 18:51:29.620 6261 6261 D Error : at dze.d(:com.google.android.gms:2)
07-03 18:51:29.620 6261 6261 D Error : at akvc.b(:com.
07-03 18:51:29.620 6261 6261 D Error : ERR: TOTAL BYTES WRITTEN: 41352
07-03 18:51:31.972 1283 1698 D audio_hw_primary: out_standby: enter: stream (0xb61c4380) usecase(1: low-latency-playback)
07-03 18:51:32.065 1283 1698 D audio_hw_primary: disable_audio_route: reset and update mixer path: low-latency-playback
07-03 18:51:32.066 1283 1698 D hardware_info: hw_info_append_hw_type : device_name = speaker
07-03 18:51:32.066 1283 1698 D audio_hw_primary: disable_snd_device: snd_device(2: speaker)
07-03 18:51:32.479 5235 5235 D wpa_supplicant: wlan0: Control interface command 'SIGNAL_POLL'
07-03 18:51:32.492 1247 5194 D WifiStateMachine: updateCapabilities for config:INFINITUMjhgcfalse,false
07-03 18:51:33.097 1247 1265 I art : Background partial concurrent mark sweep GC freed 78321(4MB) AllocSpace objects, 33(1544KB) LOS objects, 33% free, 18MB/28MB, paused 1.806ms total 156.365ms
07-03 18:51:33.213 1283 1698 D audio_hw_primary: start_output_stream: enter: stream(0xb61c4380)usecase(1: low-latency-playback) devices(0x2)
07-03 18:51:33.213 1283 1698 D audio_hw_primary: select_devices: out_snd_device(2: speaker) in_snd_device(0: )
07-03 18:51:33.213 1283 1698 W msm8916_platform: Codec backend bitwidth 16, samplerate 48000
07-03 18:51:33.213 1283 1698 D hardware_info: hw_info_append_hw_type : device_name = speaker
07-03 18:51:33.214 1283 1698 D audio_hw_primary: enable_snd_device: snd_device(2: speaker)
07-03 18:51:33.222 1283 1698 W audio_hw_utils: audio_extn_utils_update_stream_app_type_cfg: App type could not be selected. Falling back to default
07-03 18:51:33.222 1283 1698 I audio_hw_primary: select_devices Selected apptype: 69936
07-03 18:51:33.222 1283 1698 D ACDB-LOADER: ACDB -> send_audio_cal, acdb_id = 15, path = 0
07-03 18:51:33.222 1283 1698 D ACDB-LOADER: ACDB -> send_asm_topology
07-03 18:51:33.222 1283 1698 D ACDB-LOADER: ACDB -> ACDB_CMD_GET_AUDPROC_STREAM_TOPOLOGY_ID
07-03 18:51:33.222 1283 1698 D ACDB-LOADER: ACDB -> send_adm_topology
07-03 18:51:33.222 1283 1698 D ACDB-LOADER: ACDB -> ACDB_CMD_GET_AUDPROC_COMMON_TOPOLOGY_ID
07-03 18:51:33.222 1283 1698 D ACDB-LOADER: ACDB -> send_audtable
07-03 18:51:33.223 1283 1698 D ACDB-LOADER: ACDB -> ACDB_CMD_GET_AUDPROC_COMMON_TABLE
07-03 18:51:33.224 1283 1698 D ACDB-LOADER: ACDB -> AUDIO_SET_AUDPROC_CAL
07-03 18:51:33.224 1283 1698 D ACDB-LOADER: ACDB -> send_audvoltable
07-03 18:51:33.224 1283 1698 D ACDB-LOADER: ACDB -> ACDB_CMD_GET_AUDPROC_GAIN_DEP_STEP_TABLE
07-03 18:51:33.224 1283 1698 D ACDB-LOADER: ACDB -> AUDIO_SET_AUDPROC_VOL_CAL
07-03 18:51:33.224 1283 1698 D ACDB-LOADER: ACDB -> send_afe_cal
07-03 18:51:33.224 1283 1698 D ACDB-LOADER: ACDB -> ACDB_CMD_GET_AFE_COMMON_TABLE
07-03 18:51:33.224 1283 1698 D : Failed to fetch the lookup information of the device 0000000F
07-03 18:51:33.224 1283 1698 D ACDB-LOADER: ACDB -> AUDIO_SET_AFE_CAL
07-03 18:51:33.224 1283 1698 D ACDB-LOADER: ACDB -> send_hw_delay : acdb_id = 15 path = 0
07-03 18:51:33.224 1283 1698 D ACDB-LOADER: ACDB -> ACDB_AVSYNC_INFO: ACDB_CMD_GET_DEVICE_PROPERTY
07-03 18:51:33.225 1283 1698 I audio_hw_utils: audio_extn_utils_send_app_type_cfg: PLAYBACK app_type 69936, acdb_dev_id 15, sample_rate 48000
07-03 18:51:33.226 1283 1698 D audio_hw_primary: enable_audio_route: apply mixer and update path: low-latency-playback
07-03 18:51:33.229 1283 1698 D audio_hw_primary: select_devices: done
07-03 18:51:33.229 5271 5271 I SlideTouchEvent: vel=0.0, MinimumFlingVelocity=90
07-03 18:51:33.239 1247 16833 I ActivityManager: START u0 {flg=0x10804000 cmp=com.android.systemui/.recents.RecentsActivity} from uid 10024 on display 0
07-03 18:51:33.245 1283 1698 D msm8916_platform: platform_set_channel_map mixer_ctl_name:Playback Channel Map12
07-03 18:51:33.246 1283 1698 D msm8916_platform: platform_set_channel_map: set mapping(1 2 3 0 0 0 0 0) for channel:2
07-03 18:51:33.246 1283 1698 D audio_hw_primary: start_output_stream: exit
07-03 18:51:33.524 19764 19764 W SearchService: Abort, client detached.
07-03 18:51:33.529 19764 19791 I PBSessionCacheImpl: Deleted sessionId[64130263053580] from persistence.
07-03 18:51:33.724 5271 5271 I SlideTouchEvent: vel=0.0, MinimumFlingVelocity=90
07-03 18:51:33.756 1247 6425 E ActivityManager: applyOptionsLocked: Unknown animationType=0
07-03 18:51:33.807 19244 19244 W Settings: Setting bugreport_in_power_menu has moved from android.provider.Settings.Secure to android.provider.Settings.Global.
07-03 18:51:33.831 19244 19291 I Adreno-EGL: : EGL 1.4 QUALCOMM build: (Ifd751822f5)
07-03 18:51:33.831 19244 19291 I Adreno-EGL: OpenGL ES Shader Compiler Version: XE031.06.00.05
07-03 18:51:33.831 19244 19291 I Adreno-EGL: Build Date: 01/26/16 Tue 07-03 18:51:33.831 19244 19291 I Adreno-EGL: Local Branch: AU12_SBA
07-03 18:51:33.831 19244 19291 I Adreno-EGL: Remote Branch:
07-03 18:51:33.831 19244 19291 I Adreno-EGL: Local Patches:
07-03 18:51:33.831 19244 19291 I Adreno-EGL: Reconstruct Branch:
07-03 18:51:33.831 19244 19291 I OpenGLRenderer: Initialized EGL, version 1.4
07-03 18:51:33.832 19244 19291 D OpenGLRenderer: Swap behavior 1
07-03 18:51:33.873 19244 20021 D Index : Indexing locale 'en_US' took 84 millis
07-03 18:51:34.029 19244 20021 W TileUtils: Found com.cyanogenmod.settings.device.TouchscreenGestureSettings for intent Intent { act=com.android.settings.action.EXTRA_SETTINGS } missing metadata
07-03 18:51:34.055 19244 20021 D Index : Indexing locale 'en_US' took 15 millis
07-03 18:51:34.352 1247 7033 I ActivityManager: Process com.android.providers.calendar (pid 19906) has died
07-03 18:51:34.352 1247 7033 D ActivityManager: cleanUpApplicationRecord -- 19906
07-03 18:51:35.536 5235 5235 D wpa_supplicant: wlan0: Control interface command 'SIGNAL_POLL'
07-03 18:51:35.545 1247 5194 D WifiStateMachine: updateCapabilities for config:INFINITUMjhgcfalse,false
07-03 18:51:36.786 1283 1698 D audio_hw_primary: out_standby: enter: stream (0xb61c4380) usecase(1: low-latency-playback)
07-03 18:51:36.876 1283 1698 D audio_hw_primary: disable_audio_route: reset and update mixer path: low-latency-playback
07-03 18:51:36.878 1283 1698 D hardware_info: hw_info_append_hw_type : device_name = speaker
07-03 18:51:36.878 1283 1698 D audio_hw_primary: disable_snd_device: snd_device(2: speaker)
07-03 18:51:38.573 6261 18662 E ctxmgr : [ProducerActiveIntervalImpl]closeActiveInterval: Error: ongoing, trying to close
07-03 18:51:38.588 5235 5235 D wpa_supplicant: wlan0: Control interface command 'SIGNAL_POLL'
07-03 18:51:38.592 1247 5194 D WifiStateMachine: updateCapabilities for config:INFINITUMjhgcfalse,false
07-03 18:51:38.599 6261 12331 I PlaceInferenceEngine: [anon] Changed inference mode: 105
07-03 18:51:39.321 19764 19764 I MemoryTrimmer: Trimming objects from memory, since app is in the background.
07-03 18:51:41.643 5235 5235 D wpa_supplicant: wlan0: Control interface command 'SIGNAL_POLL'
07-03 18:51:44.692 5235 5235 D wpa_supplicant: wlan0: Control interface command 'SIGNAL_POLL'
07-03 18:51:44.695 1247 5194 D WifiStateMachine: updateCapabilities for config:INFINITUMjhgcfalse,false
07-03 18:51:46.171 19764 20098 I EventLogSendingHelper: Sending log events.
07-03 18:51:46.279 1247 1702 I ActivityManager: Start proc 20105:com.google.android.apps.magazines/u0a80 for service com.google.android.apps.magazines/com.google.apps.dots.android.newsstand.service.SyncAdapterService
07-03 18:51:46.286 19764 19764 I MemoryTrimmer: Trimming objects from memory, since app is in the background.
07-03 18:51:46.369 20105 20105 I art : Starting a blocking GC AddRemoveAppImageSpace
07-03 18:51:46.374 20105 20105 W System : ClassLoader referenced unknown path: /data/app/com.google.android.apps.magazines-1/lib/arm
07-03 18:51:46.469 20105 20105 I MultiDex: VM with version 2.1.0 has multidex support
07-03 18:51:46.471 20105 20105 I MultiDex: install
07-03 18:51:46.471 20105 20105 I MultiDex: VM has multidex support, MultiDex support library is disabled.
07-03 18:51:46.627 20105 20105 I GAv4 : Google Analytics 10.2.98 is starting up. To enable debug logging on a device run:
07-03 18:51:46.627 20105 20105 I GAv4 : adb shell setprop log.tag.GAv4 DEBUG
07-03 18:51:46.627 20105 20105 I GAv4 : adb logcat -s GAv4
07-03 18:51:46.654 20105 20127 W GAv4 : AnalyticsReceiver is not registered or is disabled. Register the receiver for reliable dispatching on non-Google Play devices. See http://goo.gl/8Rd3yj for instructions.
07-03 18:51:46.670 20105 20127 W GAv4 : AnalyticsService not registered in the app manifest. Hits might not be delivered reliably. See http://goo.gl/8Rd3yj for instructions.
07-03 18:51:46.839 20105 20105 I NSApplication: Starting up...
07-03 18:51:46.854 20105 20105 W NSApplication: Trimming memory to level 5
07-03 18:51:46.861 20105 20105 D NSConnectivityManager: Network type changed to: 4
07-03 18:51:46.909 20105 20144 I SyncAdapterService: Ignoring sync request because background disallowed: not charging
07-03 18:51:46.912 19764 19764 I MemoryTrimmer: Trimming objects from memory, since app is in the background.
07-03 18:51:46.923 20105 20143 D Primes : Crash metric disabled - not registering for startup notifications.
07-03 18:51:46.923 20105 20143 D Primes : Package metric disabled.
07-03 18:51:46.923 20105 20143 D Primes : Battery metric disabled
07-03 18:51:46.923 20105 20143 D Primes : MagicEye logging metric disabled
07-03 18:51:46.923 1247 1702 D SyncManager: failed sync operation JobId: 100119, gabrc52@gmail.com u0 (com.google), com.google.android.apps.magazines, PERIODIC, reason: Periodic, SyncResult: stats [ numIoExceptions: 1]
07-03 18:51:46.932 20105 20105 W NSApplication: Trimming memory to level 80
07-03 18:51:46.955 20105 20120 D ApplicationLoaders: ignored Vulkan layer search path /data/app/com.google.android.gms-1/lib/arm:/system/fake-libs:/data/app/com.google.android.gms-1/base.apk!/lib/armeabi-v7a for namespace 0xb416e090
07-03 18:51:47.003 20105 20149 D ApplicationLoaders: ignored Vulkan layer search path /data/app/com.android.chrome-1/lib/arm:/data/app/com.android.chrome-1/base.apk!/lib/armeabi-v7a for namespace 0xb416e0d0
07-03 18:51:47.041 20105 20149 I WebViewFactory: Loading com.android.chrome version 59.0.3071.125 (code 307112502)
07-03 18:51:47.214 20105 20105 I NetworkQualityMonitor: Updated PredictedNetworkQuality to com.google.android.gms.herrevad.PredictedNetworkQuality[
07-03 18:51:47.214 20105 20105 I NetworkQualityMonitor: networkType: 1
07-03 18:51:47.214 20105 20105 I NetworkQualityMonitor: predictedLatencyMicros: 608072
07-03 18:51:47.214 20105 20105 I NetworkQualityMonitor: predictedDownThroughputBps: 408625
07-03 18:51:47.214 20105 20105 I NetworkQualityMonitor: predictedUpThroughputBps: -1
07-03 18:51:47.214 20105 20105 I NetworkQualityMonitor: ]
07-03 18:51:47.248 20105 20149 I cr_LibraryLoader: Time to load native libraries: 13 ms (timestamps 1870-1883)
07-03 18:51:47.271 20105 20149 I chromium: [INFO:library_loader_hooks.cc(144)] Chromium logging enabled: level = 0, default verbosity = 0
07-03 18:51:47.272 20105 20149 I cr_LibraryLoader: Expected native library version number "59.0.3071.125", actual native library version number "59.0.3071.125"
07-03 18:51:47.739 5235 5235 D wpa_supplicant: wlan0: Control interface command 'SIGNAL_POLL'
07-03 18:51:50.781 5235 5235 D wpa_supplicant: wlan0: Control interface command 'SIGNAL_POLL'
07-03 18:51:50.785 1247 5194 D WifiStateMachine: updateCapabilities for config:INFINITUMjhgcfalse,false
07-03 18:51:53.826 5235 5235 D wpa_supplicant: wlan0: Control interface command 'SIGNAL_POLL'
07-03 18:51:54.865 20170 20170 D AndroidRuntime: >>>>>> START com.android.internal.os.RuntimeInit uid 2000 <<<<<<
07-03 18:51:54.910 20170 20170 D AndroidRuntime: CheckJNI is OFF
07-03 18:51:55.245 20170 20170 D ICU : No timezone override file found: /data/misc/zoneinfo/current/icu/icu_tzdata.dat
07-03 18:51:55.416 20170 20170 I Radio-JNI: register_android_hardware_Radio DONE
07-03 18:51:55.471 20170 20170 D AndroidRuntime: Calling main entry com.android.commands.pm.Pm
07-03 18:51:55.480 20170 20170 I art : System.exit called, status: 1
07-03 18:51:55.480 20170 20170 I AndroidRuntime: VM exiting with result code 1.
07-03 18:51:56.205 20060 20060 I /sbin/adbd: type=1400 audit(0.0:118): avc: denied { search } for uid=2000 comm=73657276696365203234 name="security" dev="mmcblk0p42" ino=93404 scontext=u:r:adbd:s0 tcontext=u:object_r:security_file:s0 tclass=dir permissive=1
07-03 18:51:56.870 5235 5235 D wpa_supplicant: wlan0: Control interface command 'SIGNAL_POLL'
07-03 18:51:59.915 5235 5235 D wpa_supplicant: wlan0: Control interface command 'SIGNAL_POLL'
07-03 18:52:02.959 5235 5235 D wpa_supplicant: wlan0: Control interface command 'SIGNAL_POLL'
07-03 18:52:03.110 1283 1698 D audio_hw_primary: start_output_stream: enter: stream(0xb61c4380)usecase(1: low-latency-playback) devices(0x2)
07-03 18:52:03.111 1283 1698 D audio_hw_primary: select_devices: out_snd_device(2: speaker) in_snd_device(0: )
07-03 18:52:03.111 1283 1698 W msm8916_platform: Codec backend bitwidth 16, samplerate 48000
07-03 18:52:03.111 1283 1698 D hardware_info: hw_info_append_hw_type : device_name = speaker
07-03 18:52:03.111 1283 1698 D audio_hw_primary: enable_snd_device: snd_device(2: speaker)
07-03 18:52:03.114 1283 1698 W audio_hw_utils: audio_extn_utils_update_stream_app_type_cfg: App type could not be selected. Falling back to default
07-03 18:52:03.114 1283 1698 I audio_hw_primary: select_devices Selected apptype: 69936
07-03 18:52:03.114 1283 1698 D ACDB-LOADER: ACDB -> send_audio_cal, acdb_id = 15, path = 0
07-03 18:52:03.114 1283 1698 D ACDB-LOADER: ACDB -> send_asm_topology
07-03 18:52:03.114 1283 1698 D ACDB-LOADER: ACDB -> ACDB_CMD_GET_AUDPROC_STREAM_TOPOLOGY_ID
07-03 18:52:03.114 1283 1698 D ACDB-LOADER: ACDB -> send_adm_topology
07-03 18:52:03.114 1283 1698 D ACDB-LOADER: ACDB -> ACDB_CMD_GET_AUDPROC_COMMON_TOPOLOGY_ID
07-03 18:52:03.114 1283 1698 D ACDB-LOADER: ACDB -> send_audtable
07-03 18:52:03.114 1283 1698 D ACDB-LOADER: ACDB -> ACDB_CMD_GET_AUDPROC_COMMON_TABLE
07-03 18:52:03.114 1283 1698 D ACDB-LOADER: ACDB -> AUDIO_SET_AUDPROC_CAL
07-03 18:52:03.114 1283 1698 D ACDB-LOADER: ACDB -> send_audvoltable
07-03 18:52:03.114 1283 1698 D ACDB-LOADER: ACDB -> ACDB_CMD_GET_AUDPROC_GAIN_DEP_STEP_TABLE
07-03 18:52:03.114 1283 1698 D ACDB-LOADER: ACDB -> AUDIO_SET_AUDPROC_VOL_CAL
07-03 18:52:03.114 1283 1698 D ACDB-LOADER: ACDB -> send_afe_cal
07-03 18:52:03.114 1283 1698 D ACDB-LOADER: ACDB -> ACDB_CMD_GET_AFE_COMMON_TABLE
07-03 18:52:03.114 1283 1698 D : Failed to fetch the lookup information of the device 0000000F
07-03 18:52:03.114 1283 1698 D ACDB-LOADER: ACDB -> AUDIO_SET_AFE_CAL
07-03 18:52:03.114 1283 1698 D ACDB-LOADER: ACDB -> send_hw_delay : acdb_id = 15 path = 0
