07-03 18:50:45.865 6532 19720 I LocationSettingsChecker: Removing dialog suppression flag for package org.libreoffice.impressremote
07-03 18:50:45.906 6532 7020 I Icing : doRemovePackageData org.libreoffice.impressremote
07-03 18:50:45.925 19702 19702 I GoogleHttpClient: GMS http client unavailable, use old client
07-03 18:50:46.129 6532 6550 I art : Background partial concurrent mark sweep GC freed 38945(2MB) AllocSpace objects, 7(140KB) LOS objects, 39% free, 6MB/11MB, paused 2.484ms total 178.131ms
07-03 18:50:46.606 5235 5235 D wpa_supplicant: wlan0: Control interface command 'SIGNAL_POLL'
07-03 18:50:47.269 1247 19608 W DropBoxManagerService: Dropping: system_app_strictmode (10 > 0 bytes)
07-03 18:50:47.652 1247 7032 I ActivityManager: START u0 {act=android.intent.action.MAIN cat=[android.intent.category.LAUNCHER] flg=0x10200000 cmp=org.libreoffice.impressremote/.activity.ComputersActivity (has extras)} from uid 10112 on display 0
07-03 18:50:47.682 11880 11880 I MemoryTrimmer: Trimming objects from memory, since app is in the background.
07-03 18:50:47.707 1247 16831 I ActivityManager: Start proc 19737:org.libreoffice.impressremote/u0a144 for activity org.libreoffice.impressremote/.activity.ComputersActivity
07-03 18:50:47.803 19737 19737 W System : ClassLoader referenced unknown path: /data/app/org.libreoffice.impressremote-1/lib/arm
07-03 18:50:47.823 11880 11880 I MemoryTrimmer: Trimming objects from memory, since app is in the background.
07-03 18:50:48.087 19737 19754 I Adreno-EGL: : EGL 1.4 QUALCOMM build: (Ifd751822f5)
07-03 18:50:48.087 19737 19754 I Adreno-EGL: OpenGL ES Shader Compiler Version: XE031.06.00.05
07-03 18:50:48.087 19737 19754 I Adreno-EGL: Build Date: 01/26/16 Tue 07-03 18:50:48.087 19737 19754 I Adreno-EGL: Local Branch: AU12_SBA
07-03 18:50:48.087 19737 19754 I Adreno-EGL: Remote Branch:
07-03 18:50:48.087 19737 19754 I Adreno-EGL: Local Patches:
07-03 18:50:48.087 19737 19754 I Adreno-EGL: Reconstruct Branch:
07-03 18:50:48.092 19737 19754 I OpenGLRenderer: Initialized EGL, version 1.4
07-03 18:50:48.092 19737 19754 D OpenGLRenderer: Swap behavior 1
07-03 18:50:48.092 19737 19737 I RenderThread: type=1400 audit(0.0:109): avc: denied { read } for uid=10144 name="gpuclk" dev="sysfs" ino=11450 scontext=u:r:untrusted_app:s0:c512,c768 tcontext=u:object_r:sysfs:s0 tclass=file permissive=1
07-03 18:50:48.092 19737 19737 I RenderThread: type=1400 audit(0.0:110): avc: denied { open } for uid=10144 path="/sys/devices/soc.0/1c00000.qcom,kgsl-3d0/kgsl/kgsl-3d0/gpuclk" dev="sysfs" ino=11450 scontext=u:r:untrusted_app:s0:c512,c768 tcontext=u:object_r:sysfs:s0 tclass=file permissive=1
07-03 18:50:48.092 19737 19737 I RenderThread: type=1400 audit(0.0:111): avc: denied { getattr } for uid=10144 path="/sys/devices/soc.0/1c00000.qcom,kgsl-3d0/kgsl/kgsl-3d0/gpuclk" dev="sysfs" ino=11450 scontext=u:r:untrusted_app:s0:c512,c768 tcontext=u:object_r:sysfs:s0 tclass=file permissive=1
07-03 18:50:48.226 1247 7017 D GraphicsStats: Buffer count: 10
07-03 18:50:48.226 1247 5988 I WindowManager: WIN DEATH: Window{75da665 u0 com.teslacoilsw.launcher/com.teslacoilsw.launcher.NovaLauncher}
07-03 18:50:48.227 1247 16833 I ActivityManager: Process com.google.android.googlequicksearchbox:search (pid 11880) has died
07-03 18:50:48.227 1247 16833 D ActivityManager: cleanUpApplicationRecord -- 11880
07-03 18:50:48.228 1247 16833 W ActivityManager: Scheduling restart of crashed service com.google.android.googlequicksearchbox/com.google.android.apps.gsa.nowoverlayservice.DrawerOverlayService in 1000ms
07-03 18:50:48.229 1247 6433 D ConnectivityService: ConnectivityService NetworkRequestInfo binderDied(NetworkRequest [ LISTEN id=16, [ Capabilities: INTERNET&NOT_RESTRICTED&TRUSTED] ], android.os.BinderProxy@1c647f7)
07-03 18:50:48.250 1247 5202 E ConnectivityService: RemoteException caught trying to send a callback msg for NetworkRequest [ LISTEN id=16, [ Capabilities: INTERNET&NOT_RESTRICTED&TRUSTED] ]
07-03 18:50:48.289 1247 1847 I ActivityManager: Displayed org.libreoffice.impressremote/.activity.ComputersActivity: +597ms
07-03 18:50:48.290 6467 6467 W IInputConnectionWrapper: reportFullscreenMode on inexistent InputConnection
07-03 18:50:48.290 6467 6467 W IInputConnectionWrapper: finishComposingText on inactive InputConnection
07-03 18:50:49.239 1247 1704 I ActivityManager: Start proc 19764:com.google.android.googlequicksearchbox:search/u0a35 for service com.google.android.googlequicksearchbox/com.google.android.apps.gsa.nowoverlayservice.DrawerOverlayService
07-03 18:50:49.316 19764 19764 I art : Starting a blocking GC AddRemoveAppImageSpace
07-03 18:50:49.647 5235 5235 D wpa_supplicant: wlan0: Control interface command 'SIGNAL_POLL'
07-03 18:50:49.651 1247 5194 D WifiStateMachine: updateCapabilities for config:INFINITUMjhgcfalse,false
07-03 18:50:50.032 19764 19764 E OverlaySController: Calling with an invalid UID, the interface will not work
07-03 18:50:50.032 19764 19764 E OverlaySController: Invalid version
07-03 18:50:50.151 1247 5988 I ActivityManager: START u0 {cmp=org.libreoffice.impressremote/.activity.ComputerConnectionActivity (has extras)} from uid 10144 on display 0
07-03 18:50:50.158 19764 19764 I MemoryTrimmer: Trimming objects from memory, since app is in the background.
07-03 18:50:50.253 19764 19782 I ModelDownloadController: the model is already used
07-03 18:50:50.253 19764 19782 W ModelDownloadController: Cannot find any speech config location.
07-03 18:50:50.253 19764 19782 W ModelDownloadController: Cannot find any speech config location.
07-03 18:50:50.310 1247 1704 I ActivityManager: Start proc 19798:com.google.android.apps.nexuslauncher/u0a34 for broadcast com.google.android.apps.nexuslauncher/.qsb.OPAStatusReceiver
07-03 18:50:50.323 1247 1847 I ActivityManager: Displayed org.libreoffice.impressremote/.activity.ComputerConnectionActivity: +155ms
07-03 18:50:50.422 19798 19798 I art : Starting a blocking GC AddRemoveAppImageSpace
07-03 18:50:50.424 19798 19798 W System : ClassLoader referenced unknown path: /system/priv-app/NexusLauncherPrebuilt/lib/arm
07-03 18:50:50.505 19764 19764 W Glide : Failed to find GeneratedAppGlideModule. You should include an annotationProcessor compile dependency on com.github.bumptech.glide:glide:compiler in your application and a @GlideModule annotated AppGlideModule implementation or LibraryGlideModules will be silently ignored
07-03 18:50:50.782 19764 19791 W System : ClassLoader referenced unknown path: /data/user/0/com.google.android.googlequicksearchbox/files/velour/jar_data/JWSboX9cK0Kgwyx9lRSvT2g_1.jar/lib
07-03 18:50:50.847 6362 6362 I GsaVoiceInteractionSrv: Not calling getSupportedRecognitionModes. Availability: -2
07-03 18:50:50.848 6362 6362 I HwDetectorWithState: #performNextHotwordAction action: 3
07-03 18:50:50.880 1221 1221 W SurfaceFlinger: couldn't log to binary event log: overflow.
07-03 18:50:51.092 19764 19764 W art : Before Android 4.1, method double java.util.concurrent.ThreadLocalRandom.internalNextDouble(double, double) would have incorrectly overridden the package-private method in java.util.Random
07-03 18:50:51.092 19764 19764 W art : Before Android 4.1, method int java.util.concurrent.ThreadLocalRandom.internalNextInt(int, int) would have incorrectly overridden the package-private method in java.util.Random
07-03 18:50:51.092 19764 19764 W art : Before Android 4.1, method long java.util.concurrent.ThreadLocalRandom.internalNextLong(long, long) would have incorrectly overridden the package-private method in java.util.Random
07-03 18:50:51.124 1247 7028 I ActivityManager: Start proc 19820:com.google.android.partnersetup/u0a36 for content provider com.google.android.partnersetup/.RlzAppProvider
07-03 18:50:51.192 19820 19820 I art : Starting a blocking GC AddRemoveAppImageSpace
07-03 18:50:51.193 19820 19820 W System : ClassLoader referenced unknown path: /system/priv-app/GooglePartnerSetup/lib/arm
07-03 18:50:51.216 19764 19764 I MicroDetectionWorker: #initializeDataManager [recognitionLocale: en-US, isForced: false, initGHRecognizer: false]
07-03 18:50:52.699 5235 5235 D wpa_supplicant: wlan0: Control interface command 'SIGNAL_POLL'
07-03 18:50:53.272 1283 1698 D audio_hw_primary: out_standby: enter: stream (0xb61c4380) usecase(1: low-latency-playback)
07-03 18:50:53.361 1283 1698 D audio_hw_primary: disable_audio_route: reset and update mixer path: low-latency-playback
07-03 18:50:53.362 1283 1698 D hardware_info: hw_info_append_hw_type : device_name = speaker
07-03 18:50:53.362 1283 1698 D audio_hw_primary: disable_snd_device: snd_device(2: speaker)
07-03 18:50:55.168 1247 19783 W DropBoxManagerService: Dropping: system_app_strictmode (10 > 0 bytes)
07-03 18:50:55.758 5235 5235 D wpa_supplicant: wlan0: Control interface command 'SIGNAL_POLL'
07-03 18:50:55.946 19764 19791 W ErrorReporter: reportError [type: 29, code: 917507]: null
07-03 18:50:56.776 1247 6390 I ActivityManager: Process com.android.mtp (pid 19682) has died
07-03 18:50:56.777 1247 6390 D ActivityManager: cleanUpApplicationRecord -- 19682
07-03 18:50:56.788 1247 5186 D VoldConnector: SND -> {8 appfuse unmount 10008 19682 MtpDocumentsProvider}
07-03 18:50:56.791 273 283 E vold : Failed to open /proc/19682: No such file or directory
07-03 18:50:56.793 1247 5187 D VoldConnector: RCV <- {400 8 Command failed}
07-03 18:50:56.798 1247 5186 E MountService: Failed to unmount appfuse.
07-03 18:50:57.451 1247 7017 I ActivityManager: Process com.google.android.apps.nexuslauncher (pid 19798) has died
07-03 18:50:57.451 1247 7017 D ActivityManager: cleanUpApplicationRecord -- 19798
07-03 18:50:58.822 5235 5235 D wpa_supplicant: wlan0: Control interface command 'SIGNAL_POLL'
07-03 18:51:00.871 1247 1626 I ActivityManager: START u0 {cmp=org.libreoffice.impressremote/.activity.SlideShowActivity} from uid 10144 on display 0
07-03 18:51:00.995 19737 19737 D AndroidRuntime: Shutting down VM
07-03 18:51:00.996 19737 19737 E AndroidRuntime: FATAL EXCEPTION: main
07-03 18:51:00.996 19737 19737 E AndroidRuntime: Process: org.libreoffice.impressremote, PID: 19737
07-03 18:51:00.996 19737 19737 E AndroidRuntime: android.os.NetworkOnMainThreadException
07-03 18:51:00.996 19737 19737 E AndroidRuntime: at android.os.StrictMode$AndroidBlockGuardPolicy.onNetwork(StrictMode.java:1303)
07-03 18:51:00.996 19737 19737 E AndroidRuntime: at java.net.SocketOutputStream.socketWrite(SocketOutputStream.java:111)
07-03 18:51:00.996 19737 19737 E AndroidRuntime: at java.net.SocketOutputStream.write(SocketOutputStream.java:157)
07-03 18:51:00.996 19737 19737 E AndroidRuntime: at sun.nio.cs.StreamEncoder.writeBytes(StreamEncoder.java:221)
07-03 18:51:00.996 19737 19737 E AndroidRuntime: at sun.nio.cs.StreamEncoder.implFlushBuffer(StreamEncoder.java:291)
07-03 18:51:00.996 19737 19737 E AndroidRuntime: at sun.nio.cs.StreamEncoder.implFlush(StreamEncoder.java:295)
07-03 18:51:00.996 19737 19737 E AndroidRuntime: at sun.nio.cs.StreamEncoder.flush(StreamEncoder.java:141)
07-03 18:51:00.996 19737 19737 E AndroidRuntime: at java.io.OutputStreamWriter.flush(OutputStreamWriter.java:229)
07-03 18:51:00.996 19737 19737 E AndroidRuntime: at java.io.BufferedWriter.flush(BufferedWriter.java:254)
07-03 18:51:00.996 19737 19737 E AndroidRuntime: at org.libreoffice.impressremote.communication.CommandsTransmitter.writeCommand(CommandsTransmitter.java:44)
07-03 18:51:00.996 19737 19737 E AndroidRuntime: at org.libreoffice.impressremote.communication.CommandsTransmitter.startPresentation(CommandsTransmitter.java:77)
07-03 18:51:00.996 19737 19737 E AndroidRuntime: at org.libreoffice.impressremote.activity.SlideShowActivity.startSlideShow(SlideShowActivity.java:174)
07-03 18:51:00.996 19737 19737 E AndroidRuntime: at org.libreoffice.impressremote.activity.SlideShowActivity.onServiceConnected(SlideShowActivity.java:158)
07-03 18:51:00.996 19737 19737 E AndroidRuntime: at android.app.LoadedApk$ServiceDispatcher.doConnected(LoadedApk.java:1453)
07-03 18:51:00.996 19737 19737 E AndroidRuntime: at android.app.LoadedApk$ServiceDispatcher$RunConnection.run(LoadedApk.java:1481)
07-03 18:51:00.996 19737 19737 E AndroidRuntime: at android.os.Handler.handleCallback(Handler.java:751)
07-03 18:51:00.996 19737 19737 E AndroidRuntime: at android.os.Handler.dispatchMessage(Handler.java:95)
07-03 18:51:00.996 19737 19737 E AndroidRuntime: at android.os.Looper.loop(Looper.java:154)
07-03 18:51:00.996 19737 19737 E AndroidRuntime: at android.app.ActivityThread.main(ActivityThread.java:6208)
07-03 18:51:00.996 19737 19737 E AndroidRuntime: at java.lang.reflect.Method.invoke(Native Method)
07-03 18:51:00.996 19737 19737 E AndroidRuntime: at com.android.internal.os.ZygoteInit$MethodAndArgsCaller.run(ZygoteInit.java:891)
07-03 18:51:00.996 19737 19737 E AndroidRuntime: at com.android.internal.os.ZygoteInit.main(ZygoteInit.java:781)
07-03 18:51:01.000 1247 6433 W ActivityManager: Force finishing activity org.libreoffice.impressremote/.activity.SlideShowActivity
07-03 18:51:01.005 1247 19855 W DropBoxManagerService: Dropping: data_app_crash (1864 > 0 bytes)
07-03 18:51:01.005 1247 6433 W ContextImpl: Calling a method in the system process without a qualified user: android.app.ContextImpl.sendBroadcast:877 com.android.server.am.AppErrors.crashApplicationInner:370 com.android.server.am.AppErrors.crashApplication:305 com.android.server.am.ActivityManagerService.handleApplicationCrashInner:13558 com.android.server.am.ActivityManagerService.handleApplicationCrash:13540
07-03 18:51:01.014 19737 19737 I Process : Sending signal. PID: 19737 SIG: 9
07-03 18:51:01.021 11514 11514 E AppCrashReceiver: 'org.libreoffice.impressremote' is repeatedly stopping...
07-03 18:51:01.021 11514 11514 E AppCrashReceiver: Now disabling all overlays for 'org.libreoffice.impressremote'...
07-03 18:51:01.026 1247 5183 W InputDispatcher: channel 'bd589ea org.libreoffice.impressremote/org.libreoffice.impressremote.activity.ComputerConnectionActivity (server)' ~ Consumer closed input channel or an error occurred. events=0x9
07-03 18:51:01.026 1247 5183 E InputDispatcher: channel 'bd589ea org.libreoffice.impressremote/org.libreoffice.impressremote.activity.ComputerConnectionActivity (server)' ~ Channel is unrecoverably broken and will be disposed!
07-03 18:51:01.026 1247 5183 W InputDispatcher: channel 'fc03b15 org.libreoffice.impressremote/org.libreoffice.impressremote.activity.SlideShowActivity (server)' ~ Consumer closed input channel or an error occurred. events=0x9
07-03 18:51:01.026 1247 5183 E InputDispatcher: channel 'fc03b15 org.libreoffice.impressremote/org.libreoffice.impressremote.activity.SlideShowActivity (server)' ~ Channel is unrecoverably broken and will be disposed!
07-03 18:51:01.026 1247 5183 W InputDispatcher: channel 'b126bd2 org.libreoffice.impressremote/org.libreoffice.impressremote.activity.ComputersActivity (server)' ~ Consumer closed input channel or an error occurred. events=0x9
07-03 18:51:01.026 1247 5183 E InputDispatcher: channel 'b126bd2 org.libreoffice.impressremote/org.libreoffice.impressremote.activity.ComputersActivity (server)' ~ Channel is unrecoverably broken and will be disposed!
07-03 18:51:01.028 1247 6426 I WindowManager: WIN DEATH: Window{fc03b15 u0 org.libreoffice.impressremote/org.libreoffice.impressremote.activity.SlideShowActivity}
07-03 18:51:01.028 1247 6426 W InputDispatcher: Attempted to unregister already unregistered input channel 'fc03b15 org.libreoffice.impressremote/org.libreoffice.impressremote.activity.SlideShowActivity (server)'
07-03 18:51:01.029 1247 7028 D GraphicsStats: Buffer count: 10
07-03 18:51:01.029 1247 6388 I ActivityManager: Process org.libreoffice.impressremote (pid 19737) has died
07-03 18:51:01.029 1247 6388 D ActivityManager: cleanUpApplicationRecord -- 19737
07-03 18:51:01.030 1247 6388 W ActivityManager: Scheduling restart of crashed service org.libreoffice.impressremote/.communication.CommunicationServiceWear in 1000ms
07-03 18:51:01.030 1247 6388 W ActivityManager: Scheduling restart of crashed service org.libreoffice.impressremote/.communication.CommunicationService in 11000ms
07-03 18:51:01.044 1247 1626 I WindowManager: WIN DEATH: Window{bd589ea u0 org.libreoffice.impressremote/org.libreoffice.impressremote.activity.ComputerConnectionActivity}
07-03 18:51:01.044 1247 1626 W InputDispatcher: Attempted to unregister already unregistered input channel 'bd589ea org.libreoffice.impressremote/org.libreoffice.impressremote.activity.ComputerConnectionActivity (server)'
07-03 18:51:01.047 1221 1221 W SurfaceFlinger: couldn't log to binary event log: overflow.
07-03 18:51:01.048 1247 16829 I WindowManager: WIN DEATH: Window{b126bd2 u0 org.libreoffice.impressremote/org.libreoffice.impressremote.activity.ComputersActivity}
07-03 18:51:01.049 1247 16829 W InputDispatcher: Attempted to unregister already unregistered input channel 'b126bd2 org.libreoffice.impressremote/org.libreoffice.impressremote.activity.ComputersActivity (server)'
07-03 18:51:01.066 1247 6388 I ActivityManager: Start proc 19857:org.libreoffice.impressremote/u0a144 for activity org.libreoffice.impressremote/.activity.ComputersActivity
07-03 18:51:01.125 1247 1265 I art : Background partial concurrent mark sweep GC freed 106343(5MB) AllocSpace objects, 14(440KB) LOS objects, 33% free, 19MB/28MB, paused 2.284ms total 185.002ms
07-03 18:51:01.138 19857 19857 W System : ClassLoader referenced unknown path: /data/app/org.libreoffice.impressremote-1/lib/arm
07-03 18:51:01.277 19764 19764 I MemoryTrimmer: Trimming objects from memory, since app is in the background.
07-03 18:51:01.374 19857 19857 V CommunicationSrvcWear: GoogleApiClient created
07-03 18:51:01.375 19857 19857 V CommunicationSrvcWear: Connecting to GoogleApiClient..
07-03 18:51:01.394 6261 6261 I WearableService: onCreate - Wear is not available on this device.
07-03 18:51:01.420 19857 19874 I Adreno-EGL: : EGL 1.4 QUALCOMM build: (Ifd751822f5)
07-03 18:51:01.420 19857 19874 I Adreno-EGL: OpenGL ES Shader Compiler Version: XE031.06.00.05
07-03 18:51:01.420 19857 19874 I Adreno-EGL: Build Date: 01/26/16 Tue 07-03 18:51:01.420 19857 19874 I Adreno-EGL: Local Branch: AU12_SBA
07-03 18:51:01.420 19857 19874 I Adreno-EGL: Remote Branch:
07-03 18:51:01.420 19857 19874 I Adreno-EGL: Local Patches:
07-03 18:51:01.420 19857 19874 I Adreno-EGL: Reconstruct Branch:
07-03 18:51:01.423 19857 19874 I OpenGLRenderer: Initialized EGL, version 1.4
07-03 18:51:01.423 19857 19874 D OpenGLRenderer: Swap behavior 1
07-03 18:51:01.422 19857 19857 I RenderThread: type=1400 audit(0.0:112): avc: denied { read } for uid=10144 name="gpuclk" dev="sysfs" ino=11450 scontext=u:r:untrusted_app:s0:c512,c768 tcontext=u:object_r:sysfs:s0 tclass=file permissive=1
07-03 18:51:01.422 19857 19857 I RenderThread: type=1400 audit(0.0:113): avc: denied { open } for uid=10144 path="/sys/devices/soc.0/1c00000.qcom,kgsl-3d0/kgsl/kgsl-3d0/gpuclk" dev="sysfs" ino=11450 scontext=u:r:untrusted_app:s0:c512,c768 tcontext=u:object_r:sysfs:s0 tclass=file permissive=1
07-03 18:51:01.422 19857 19857 I RenderThread: type=1400 audit(0.0:114): avc: denied { getattr } for uid=10144 path="/sys/devices/soc.0/1c00000.qcom,kgsl-3d0/kgsl/kgsl-3d0/gpuclk" dev="sysfs" ino=11450 scontext=u:r:untrusted_app:s0:c512,c768 tcontext=u:object_r:sysfs:s0 tclass=file permissive=1
07-03 18:51:01.522 1247 1847 I ActivityManager: Displayed org.libreoffice.impressremote/.activity.ComputersActivity: +469ms (total +639ms)
07-03 18:51:01.530 6261 6820 D WearableService: onGetService - Wear is not available on this device.
07-03 18:51:01.571 19857 19857 W InputMethodManager: Ignoring onBind: cur seq=191, given seq=190
07-03 18:51:01.872 5235 5235 D wpa_supplicant: wlan0: Control interface command 'SIGNAL_POLL'
07-03 18:51:01.894 1247 5194 D WifiStateMachine: updateCapabilities for config:INFINITUMjhgcfalse,false
07-03 18:51:02.638 1283 1698 D audio_hw_primary: start_output_stream: enter: stream(0xb61c4380)usecase(1: low-latency-playback) devices(0x2)
07-03 18:51:02.638 1247 16829 I ActivityManager: START u0 {cmp=org.libreoffice.impressremote/.activity.ComputerConnectionActivity (has extras)} from uid 10144 on display 0
07-03 18:51:02.638 1283 1698 D audio_hw_primary: select_devices: out_snd_device(2: speaker) in_snd_device(0: )
07-03 18:51:02.639 1283 1698 W msm8916_platform: Codec backend bitwidth 16, samplerate 48000
07-03 18:51:02.639 1283 1698 D hardware_info: hw_info_append_hw_type : device_name = speaker
07-03 18:51:02.639 1283 1698 D audio_hw_primary: enable_snd_device: snd_device(2: speaker)
07-03 18:51:02.646 1283 1698 W audio_hw_utils: audio_extn_utils_update_stream_app_type_cfg: App type could not be selected. Falling back to default
07-03 18:51:02.646 1283 1698 I audio_hw_primary: select_devices Selected apptype: 69936
07-03 18:51:02.646 1283 1698 D ACDB-LOADER: ACDB -> send_audio_cal, acdb_id = 15, path = 0
07-03 18:51:02.646 1283 1698 D ACDB-LOADER: ACDB -> send_asm_topology
07-03 18:51:02.646 1283 1698 D ACDB-LOADER: ACDB -> ACDB_CMD_GET_AUDPROC_STREAM_TOPOLOGY_ID
07-03 18:51:02.646 1283 1698 D ACDB-LOADER: ACDB -> send_adm_topology
07-03 18:51:02.646 1283 1698 D ACDB-LOADER: ACDB -> ACDB_CMD_GET_AUDPROC_COMMON_TOPOLOGY_ID
07-03 18:51:02.646 1283 1698 D ACDB-LOADER: ACDB -> send_audtable
07-03 18:51:02.646 1283 1698 D ACDB-LOADER: ACDB -> ACDB_CMD_GET_AUDPROC_COMMON_TABLE
07-03 18:51:02.646 1283 1698 D ACDB-LOADER: ACDB -> AUDIO_SET_AUDPROC_CAL
07-03 18:51:02.646 1283 1698 D ACDB-LOADER: ACDB -> send_audvoltable
07-03 18:51:02.647 1283 1698 D ACDB-LOADER: ACDB -> ACDB_CMD_GET_AUDPROC_GAIN_DEP_STEP_TABLE
07-03 18:51:02.647 1283 1698 D ACDB-LOADER: ACDB -> AUDIO_SET_AUDPROC_VOL_CAL
07-03 18:51:02.647 1283 1698 D ACDB-LOADER: ACDB -> send_afe_cal
07-03 18:51:02.647 1283 1698 D ACDB-LOADER: ACDB -> ACDB_CMD_GET_AFE_COMMON_TABLE
07-03 18:51:02.647 1283 1698 D : Failed to fetch the lookup information of the device 0000000F
07-03 18:51:02.647 1283 1698 D ACDB-LOADER: ACDB -> AUDIO_SET_AFE_CAL
07-03 18:51:02.647 1283 1698 D ACDB-LOADER: ACDB -> send_hw_delay : acdb_id = 15 path = 0
07-03 18:51:02.647 1283 1698 D ACDB-LOADER: ACDB -> ACDB_AVSYNC_INFO: ACDB_CMD_GET_DEVICE_PROPERTY
07-03 18:51:02.648 1283 1698 I audio_hw_utils: audio_extn_utils_send_app_type_cfg: PLAYBACK app_type 69936, acdb_dev_id 15, sample_rate 48000
07-03 18:51:02.648 1283 1698 D audio_hw_primary: enable_audio_route: apply mixer and update path: low-latency-playback
07-03 18:51:02.649 1283 1698 D audio_hw_primary: select_devices: done
07-03 18:51:02.683 1283 1698 D msm8916_platform: platform_set_channel_map mixer_ctl_name:Playback Channel Map12
07-03 18:51:02.683 1283 1698 D msm8916_platform: platform_set_channel_map: set mapping(1 2 3 0 0 0 0 0) for channel:2
07-03 18:51:02.683 1283 1698 D audio_hw_primary: start_output_stream: exit
07-03 18:51:02.760 1247 6425 I ActivityManager: START u0 {cmp=org.libreoffice.impressremote/.activity.SlideShowActivity} from uid 10144 on display 0
07-03 18:51:02.928 19857 19857 D AndroidRuntime: Shutting down VM
07-03 18:51:02.929 19857 19857 E AndroidRuntime: FATAL EXCEPTION: main
07-03 18:51:02.929 19857 19857 E AndroidRuntime: Process: org.libreoffice.impressremote, PID: 19857
07-03 18:51:02.929 19857 19857 E AndroidRuntime: android.os.NetworkOnMainThreadException
07-03 18:51:02.929 19857 19857 E AndroidRuntime: at android.os.StrictMode$AndroidBlockGuardPolicy.onNetwork(StrictMode.java:1303)
07-03 18:51:02.929 19857 19857 E AndroidRuntime: at java.net.SocketOutputStream.socketWrite(SocketOutputStream.java:111)
07-03 18:51:02.929 19857 19857 E AndroidRuntime: at java.net.SocketOutputStream.write(SocketOutputStream.java:157)
07-03 18:51:02.929 19857 19857 E AndroidRuntime: at sun.nio.cs.StreamEncoder.writeBytes(StreamEncoder.java:221)
07-03 18:51:02.929 19857 19857 E AndroidRuntime: at sun.nio.cs.StreamEncoder.implFlushBuffer(StreamEncoder.java:291)
07-03 18:51:02.929 19857 19857 E AndroidRuntime: at sun.nio.cs.StreamEncoder.implFlush(StreamEncoder.java:295)
07-03 18:51:02.929 19857 19857 E AndroidRuntime: at sun.nio.cs.StreamEncoder.flush(StreamEncoder.java:141)
07-03 18:51:02.929 19857 19857 E AndroidRuntime: at java.io.OutputStreamWriter.flush(OutputStreamWriter.java:229)
07-03 18:51:02.929 19857 19857 E AndroidRuntime: at java.io.BufferedWriter.flush(BufferedWriter.java:254)
07-03 18:51:02.929 19857 19857 E AndroidRuntime: at org.libreoffice.impressremote.communication.CommandsTransmitter.writeCommand(CommandsTransmitter.java:44)
07-03 18:51:02.929 19857 19857 E AndroidRuntime: at org.libreoffice.impressremote.communication.CommandsTransmitter.startPresentation(CommandsTransmitter.java:77)
07-03 18:51:02.929 19857 19857 E AndroidRuntime: at org.libreoffice.impressremote.activity.SlideShowActivity.startSlideShow(SlideShowActivity.java:174)
07-03 18:51:02.929 19857 19857 E AndroidRuntime: at org.libreoffice.impressremote.activity.SlideShowActivity.onServiceConnected(SlideShowActivity.java:158)
07-03 18:51:02.929 19857 19857 E AndroidRuntime: at android.app.LoadedApk$ServiceDispatcher.doConnected(LoadedApk.java:1453)
07-03 18:51:02.929 19857 19857 E AndroidRuntime: at android.app.LoadedApk$ServiceDispatcher$RunConnection.run(LoadedApk.java:1481)
07-03 18:51:02.929 19857 19857 E AndroidRuntime: at android.os.Handler.handleCallback(Handler.java:751)
07-03 18:51:02.929 19857 19857 E AndroidRuntime: at android.os.Handler.dispatchMessage(Handler.java:95)
07-03 18:51:02.929 19857 19857 E AndroidRuntime: at android.os.Looper.loop(Looper.java:154)
07-03 18:51:02.929 19857 19857 E AndroidRuntime: at android.app.ActivityThread.main(ActivityThread.java:6208)
07-03 18:51:02.929 19857 19857 E AndroidRuntime: at java.lang.reflect.Method.invoke(Native Method)
07-03 18:51:02.929 19857 19857 E AndroidRuntime: at com.android.internal.os.ZygoteInit$MethodAndArgsCaller.run(ZygoteInit.java:891)
07-03 18:51:02.929 19857 19857 E AndroidRuntime: at com.android.internal.os.ZygoteInit.main(ZygoteInit.java:781)
07-03 18:51:02.932 1247 16832 W ActivityManager: Force finishing activity org.libreoffice.impressremote/.activity.SlideShowActivity
07-03 18:51:02.938 1247 19891 W DropBoxManagerService: Dropping: data_app_crash (1864 > 0 bytes)
07-03 18:51:02.944 1247 16832 W ContextImpl: Calling a method in the system process without a qualified user: android.app.ContextImpl.sendBroadcast:877 com.android.server.am.AppErrors.crashApplicationInner:370 com.android.server.am.AppErrors.crashApplication:305 com.android.server.am.ActivityManagerService.handleApplicationCrashInner:13558 com.android.server.am.ActivityManagerService.handleApplicationCrash:13540
07-03 18:51:02.946 11514 11514 E AppCrashReceiver: 'org.libreoffice.impressremote' is repeatedly stopping...
07-03 18:51:02.946 11514 11514 E AppCrashReceiver: Now disabling all overlays for 'org.libreoffice.impressremote'...
07-03 18:51:02.949 19857 19857 I Process : Sending signal. PID: 19857 SIG: 9
07-03 18:51:03.002 1247 7028 I WindowManager: WIN DEATH: Window{c5175e1 u0 org.libreoffice.impressremote/org.libreoffice.impressremote.activity.SlideShowActivity}
07-03 18:51:03.002 1247 16831 D GraphicsStats: Buffer count: 10
07-03 18:51:03.003 1247 16831 I ActivityManager: Process org.libreoffice.impressremote (pid 19857) has died
07-03 18:51:03.003 1247 16831 D ActivityManager: cleanUpApplicationRecord -- 19857
07-03 18:51:03.005 1247 16831 W ActivityManager: Service crashed 2 times, stopping: ServiceRecord{e17be2a u0 org.libreoffice.impressremote/.communication.CommunicationServiceWear}
07-03 18:51:03.006 1247 16831 W ActivityManager: Service crashed 2 times, stopping: ServiceRecord{22aa3a0 u0 org.libreoffice.impressremote/.communication.CommunicationService}
07-03 18:51:03.013 1247 5183 W InputDispatcher: channel 'e0a6301 org.libreoffice.impressremote/org.libreoffice.impressremote.activity.ComputersActivity (server)' ~ Consumer closed input channel or an error occurred. events=0x9
07-03 18:51:03.013 1247 5183 E InputDispatcher: channel 'e0a6301 org.libreoffice.impressremote/org.libreoffice.impressremote.activity.ComputersActivity (server)' ~ Channel is unrecoverably broken and will be disposed!
07-03 18:51:03.016 1247 6425 I WindowManager: WIN DEATH: Window{96cfcd7 u0 org.libreoffice.impressremote/org.libreoffice.impressremote.activity.ComputerConnectionActivity}
07-03 18:51:03.022 1247 16832 I WindowManager: WIN DEATH: Window{e0a6301 u0 org.libreoffice.impressremote/org.libreoffice.impressremote.activity.ComputersActivity}
07-03 18:51:03.022 1247 16832 W InputDispatcher: Attempted to unregister already unregistered input channel 'e0a6301 org.libreoffice.impressremote/org.libreoffice.impressremote.activity.ComputersActivity (server)'
07-03 18:51:03.025 1247 16831 W ActivityManager: Force removing ActivityRecord{b8c4b2f u0 org.libreoffice.impressremote/.activity.ComputersActivity t3583}: app died, no saved state
07-03 18:51:03.030 1221 1221 W SurfaceFlinger: couldn't log to binary event log: overflow.
07-03 18:51:03.032 1221 1221 W SurfaceFlinger: couldn't log to binary event log: overflow.
07-03 18:51:03.055 19764 19816 I Adreno-EGL: : EGL 1.4 QUALCOMM build: (Ifd751822f5)
07-03 18:51:03.055 19764 19816 I Adreno-EGL: OpenGL ES Shader Compiler Version: XE031.06.00.05
07-03 18:51:03.055 19764 19816 I Adreno-EGL: Build Date: 01/26/16 Tue 07-03 18:51:03.055 19764 19816 I Adreno-EGL: Local Branch: AU12_SBA
07-03 18:51:03.055 19764 19816 I Adreno-EGL: Remote Branch:
07-03 18:51:03.055 19764 19816 I Adreno-EGL: Local Patches:
07-03 18:51:03.055 19764 19816 I Adreno-EGL: Reconstruct Branch:
07-03 18:51:03.062 19764 19816 I OpenGLRenderer: Initialized EGL, version 1.4
07-03 18:51:03.062 19764 19816 D OpenGLRenderer: Swap behavior 1
07-03 18:51:03.251 19764 19764 W SessionLifecycleManager: Handover failed. Creating new session controller.
07-03 18:51:03.365 19764 19764 I OptInState: There is a new client and it does not support opt-in. Dropping request.
07-03 18:51:03.508 19764 19769 I art : Do partial code cache collection, code=4KB, data=30KB
07-03 18:51:03.508 19764 19769 I art : After code cache collection, code=4KB, data=30KB
07-03 18:51:03.508 19764 19769 I art : Increasing code cache capacity to 128KB
07-03 18:51:03.596 19764 19769 I art : Do partial code cache collection, code=24KB, data=62KB
07-03 18:51:03.598 19764 19769 I art : After code cache collection, code=24KB, data=62KB
07-03 18:51:03.598 19764 19769 I art : Increasing code cache capacity to 256KB
07-03 18:51:03.644 19764 19782 W LocationOracle: No location history returned by ContextManager
07-03 18:51:03.703 19764 19834 W WearSignatureVerifier: No package com.google.android.wearable.app.cn
07-03 18:51:03.714 19764 19834 W WearSignatureVerifier: No package com.google.android.wearable.app.cn
07-03 18:51:03.715 19764 19834 W WearSignatureVerifier: No package com.google.android.wearable.app.cn
07-03 18:51:03.715 19764 19834 W WearSignatureVerifier: No package com.google.android.wearable.app.cn
07-03 18:51:03.731 6261 6261 I WearableService: onCreate - Wear is not available on this device.
07-03 18:51:03.796 19764 19774 I art : Background partial concurrent mark sweep GC freed 8772(584KB) AllocSpace objects, 14(280KB) LOS objects, 40% free, 5MB/9MB, paused 8.347ms total 106.266ms
07-03 18:51:03.867 6261 6777 D WearableService: onGetService - Wear is not available on this device.
07-03 18:51:03.917 1247 7035 I ActivityManager: Start proc 19906:com.android.providers.calendar/u0a2 for content provider com.android.providers.calendar/.CalendarProvider2
07-03 18:51:03.963 6261 19555 E ctxmgr : [ProducerActiveIntervalImpl]addNewAppInterval: already contained:appKey=cdy@68c04681,appInterval=cdw@846aa24,record=cjy{key=cka{com.google.android.googlequicksearchbox, 10035, account#-517948760#, com.google.android.googlequicksearchbox, AgsaForegroundInterestKey}, t=1499125863952, name=18, lifetime=1 durn=3600000, production=3 intvl=360000 pri=102, retention=2 cnt=1, dispatch=null, consumer=null}
07-03 18:51:03.995 19906 19906 I art : Starting a blocking GC AddRemoveAppImageSpace
07-03 18:51:03.996 19906 19906 W System : ClassLoader referenced unknown path: /system/priv-app/CalendarProvider/lib/arm
07-03 18:51:04.018 6261 12331 I PlaceInferenceEngine: [anon] Changed inference mode: 105
07-03 18:51:04.078 19906 19906 I CalendarProvider2: Created com.android.providers.calendar.CalendarAlarmManager@f8df479(com.android.providers.calendar.CalendarProvider2@e8425be)
07-03 18:51:04.111 19764 19764 W WearSignatureVerifier: No package com.google.android.wearable.app.cn
07-03 18:51:04.234 19764 19769 I art : Do full code cache collection, code=61KB, data=121KB
07-03 18:51:04.235 19764 19769 I art : Starting a blocking GC JitCodeCache
07-03 18:51:04.236 19764 19769 I art : After code cache collection, code=57KB, data=94KB
07-03 18:51:04.949 5235 5235 D wpa_supplicant: wlan0: Control interface command 'SIGNAL_POLL'
07-03 18:51:04.964 1247 5194 D WifiStateMachine: updateCapabilities for config:INFINITUMjhgcfalse,false
07-03 18:51:05.051 6467 6827 W OpenGLRenderer: Points are too far apart 4.001877
07-03 18:51:05.051 6467 6827 W OpenGLRenderer: Points are too far apart 4.001877
07-03 18:51:05.120 19906 19906 I CalendarProvider2: Sending notification intent: Intent { act=android.intent.action.PROVIDER_CHANGED dat=content://com.android.calendar flg=0x20000000 }
07-03 18:51:05.126 19764 19836 W WearSignatureVerifier: No package com.google.android.wearable.app.cn
07-03 18:51:05.131 19906 19906 W ContentResolver: Failed to get type for: content://com.android.calendar (Unknown URL content://com.android.calendar)
07-03 18:51:05.134 19764 19836 W WearSignatureVerifier: No package com.google.android.wearable.app.cn
07-03 18:51:05.136 19764 19836 W WearSignatureVerifier: No package com.google.android.wearable.app.cn
07-03 18:51:05.138 19764 19836 W WearSignatureVerifier: No package com.google.android.wearable.app.cn
07-03 18:51:05.150 6261 6279 D WearableService: onGetService - Wear is not available on this device.
07-03 18:51:05.159 1247 1704 I ActivityManager: Start proc 19932:com.google.android.calendar/u0a55 for broadcast com.google.android.calendar/.alerts.AlertReceiver
07-03 18:51:05.182 19764 19769 I art : Do partial code cache collection, code=69KB, data=125KB
07-03 18:51:05.184 19764 19769 I art : After code cache collection, code=69KB, data=126KB
07-03 18:51:05.184 19764 19769 I art : Increasing code cache capacity to 512KB
07-03 18:51:05.204 19764 19764 W WearSignatureVerifier: No package com.google.android.wearable.app.cn
07-03 18:51:05.337 19932 19932 W System : ClassLoader referenced unknown path: /data/app/com.google.android.calendar-1/lib/arm
07-03 18:51:05.403 19764 19774 I art : Background partial concurrent mark sweep GC freed 16991(1072KB) AllocSpace objects, 29(712KB) LOS objects, 40% free, 8MB/14MB, paused 3.443ms total 182.291ms
07-03 18:51:05.454 1247 6390 W BackupManagerService: dataChanged but no participant pkg='com.teslacoilsw.launcher' uid=10112
07-03 18:51:05.822 1283 1698 D audio_hw_primary: out_standby: enter: stream (0xb61c4380) usecase(1: low-latency-playback)
07-03 18:51:05.911 1283 1698 D audio_hw_primary: disable_audio_route: reset and update mixer path: low-latency-playback
07-03 18:51:05.911 1283 1698 D hardware_info: hw_info_append_hw_type : device_name = speaker
07-03 18:51:05.911 1283 1698 D audio_hw_primary: disable_snd_device: snd_device(2: speaker)
07-03 18:51:05.961 19932 19932 W MonthViewWidgetUtils: The reported height of the widget is lower than the allowed minimum: 299 < 450.
07-03 18:51:05.961 19932 19932 W MonthViewWidgetUtils: The reported height of the widget is lower than the allowed minimum: 412 < 450.
07-03 18:51:06.210 19764 19836 W WearSignatureVerifier: No package com.google.android.wearable.app.cn
07-03 18:51:06.218 19764 19836 W WearSignatureVerifier: No package com.google.android.wearable.app.cn
07-03 18:51:06.219 19764 19836 W WearSignatureVerifier: No package com.google.android.wearable.app.cn
07-03 18:51:06.220 19764 19836 W WearSignatureVerifier: No package com.google.android.wearable.app.cn
07-03 18:51:06.228 6261 6820 D WearableService: onGetService - Wear is not available on this device.
07-03 18:51:06.229 19764 19764 W WearSignatureVerifier: No package com.google.android.wearable.app.cn
07-03 18:51:06.234 19764 19897 W CardSyncManagerImpl: Too many retries to wait for connected Wear devices.
07-03 18:51:06.402 19932 19932 W MonthViewWidgetUtils: The reported height of the widget is lower than the allowed minimum: 299 < 450.
07-03 18:51:06.402 19932 19932 W MonthViewWidgetUtils: The reported height of the widget is lower than the allowed minimum: 412 < 450.
07-03 18:51:07.459 1247 6386 W BackupManagerService: dataChanged but no participant pkg='com.teslacoilsw.launcher' uid=10112
07-03 18:51:08.024 5235 5235 D wpa_supplicant: wlan0: Control interface command 'SIGNAL_POLL'
07-03 18:51:09.052 7855 7855 I BgHandler: type=1400 audit(0.0:115): avc: denied { read } for uid=10117 name="mem" dev="debugfs" ino=49639 scontext=u:r:untrusted_app:s0:c512,c768 tcontext=u:object_r:debugfs:s0 tclass=file permissive=1
07-03 18:51:09.052 7855 7855 I BgHandler: type=1400 audit(0.0:116): avc: denied { open } for uid=10117 path="/sys/kernel/debug/kgsl/proc/7855/mem" dev="debugfs" ino=49639 scontext=u:r:untrusted_app:s0:c512,c768 tcontext=u:object_r:debugfs:s0 tclass=file permissive=1
07-03 18:51:09.052 7855 7855 I BgHandler: type=1400 audit(0.0:117): avc: denied { getattr } for uid=10117 path="/sys/kernel/debug/kgsl/proc/7855/mem" dev="debugfs" ino=49639 scontext=u:r:untrusted_app:s0:c512,c768 tcontext=u:object_r:debugfs:s0 tclass=file permissive=1
07-03 18:51:11.086 5235 5235 D wpa_supplicant: wlan0: Control interface command 'SIGNAL_POLL'
07-03 18:51:14.151 5235 5235 D wpa_supplicant: wlan0: Control interface command 'SIGNAL_POLL'
07-03 18:51:15.298 1247 1265 I art : Background partial concurrent mark sweep GC freed 39575(2MB) AllocSpace objects, 2(40KB) LOS objects, 33% free, 18MB/28MB, paused 1.833ms total 154.843ms
07-03 18:51:15.319 6261 14474 W ctxmgr : [ContextListenerConsumer]Could not deliver context data because app is not reachable.
07-03 18:51:15.319 6261 14474 W ctxmgr : android.os.DeadObjectException
07-03 18:51:15.319 6261 14474 W ctxmgr : at android.os.BinderProxy.transactNative(Native Method)
07-03 18:51:15.319 6261 14474 W ctxmgr : at android.os.BinderProxy.transact(Binder.java:615)
07-03 18:51:15.319 6261 14474 W ctxmgr : at lum.a(:com.google.android.gms:3)
07-03 18:51:15.319 6261 14474 W ctxmgr : at cfn.a(:com.google.android.gms:6)
07-03 18:51:15.319 6261 14474 W ctxmgr : at chb.a(:com.google.android.gms:3)
07-03 18:51:15.319 6261 14474 W ctxmgr : at cgf.run(:com.google.android.gms:1)
07-03 18:51:15.319 6261 14474 W ctxmgr : at cgd.handleMessage(:com.google.android.gms:2)
07-03 18:51:15.319 6261 14474 W ctxmgr : at lgr.run(:com.google.android.gms:5)
07-03 18:51:15.319 6261 14474 W ctxmgr : at lhb.run(:com.google.android.gms:24)
07-03 18:51:15.319 6261 14474 W ctxmgr : at java.util.concurrent.ThreadPoolExecutor.runWorker(ThreadPoolExecutor.java:1133)
07-03 18:51:15.319 6261 14474 W ctxmgr : at java.util.concurrent.ThreadPoolExecutor$Worker.run(ThreadPoolExecutor.java:607)
07-03 18:51:15.319 6261 14474 W ctxmgr : at lmc.run(:com.google.android.gms:0)
07-03 18:51:15.319 6261 14474 W ctxmgr : at java.lang.Thread.run(Thread.java:761)
07-03 18:51:17.202 5235 5235 D wpa_supplicant: wlan0: Control interface command 'SIGNAL_POLL'
07-03 18:51:17.206 1247 5194 D WifiStateMachine: updateCapabilities for config:INFINITUMjhgcfalse,false
07-03 18:51:18.636 1247 7032 I ActivityManager: Setting hasTopUi=true for pid=5271
07-03 18:51:18.641 5271 5271 D PhoneStatusBar: disable: < expand ICONS* alerts SYSTEM_INFO* back home recent clock search quick_settings
> 07-03 18:51:19.743 1283 1698 D audio_hw_primary: start_output_stream: enter: stream(0xb61c4380)usecase(1: low-latency-playback) devices(0x2)
07-03 18:51:19.743 1283 1698 D audio_hw_primary: select_devices: out_snd_device(2: speaker) in_snd_device(0: )
07-03 18:51:19.744 1283 1698 W msm8916_platform: Codec backend bitwidth 16, samplerate 48000
07-03 18:51:19.744 1283 1698 D hardware_info: hw_info_append_hw_type : device_name = speaker
07-03 18:51:19.744 1283 1698 D audio_hw_primary: enable_snd_device: snd_device(2: speaker)
07-03 18:51:19.749 1283 1698 W audio_hw_utils: audio_extn_utils_update_stream_app_type_cfg: App type could not be selected. Falling back to default
07-03 18:51:19.749 1283 1698 I audio_hw_primary: select_devices Selected apptype: 69936
07-03 18:51:19.749 1283 1698 D ACDB-LOADER: ACDB -> send_audio_cal, acdb_id = 15, path = 0
07-03 18:51:19.749 1283 1698 D ACDB-LOADER: ACDB -> send_asm_topology
07-03 18:51:19.749 1283 1698 D ACDB-LOADER: ACDB -> ACDB_CMD_GET_AUDPROC_STREAM_TOPOLOGY_ID
07-03 18:51:19.753 1283 1698 D ACDB-LOADER: ACDB -> send_adm_topology
07-03 18:51:19.753 1283 1698 D ACDB-LOADER: ACDB -> ACDB_CMD_GET_AUDPROC_COMMON_TOPOLOGY_ID
07-03 18:51:19.753 1283 1698 D ACDB-LOADER: ACDB -> send_audtable
07-03 18:51:19.753 1283 1698 D ACDB-LOADER: ACDB -> ACDB_CMD_GET_AUDPROC_COMMON_TABLE
07-03 18:51:19.753 1283 1698 D ACDB-LOADER: ACDB -> AUDIO_SET_AUDPROC_CAL
07-03 18:51:19.753 1283 1698 D ACDB-LOADER: ACDB -> send_audvoltable
07-03 18:51:19.753 1283 1698 D ACDB-LOADER: ACDB -> ACDB_CMD_GET_AUDPROC_GAIN_DEP_STEP_TABLE
07-03 18:51:19.754 1283 1698 D ACDB-LOADER: ACDB -> AUDIO_SET_AUDPROC_VOL_CAL
07-03 18:51:19.754 1283 1698 D ACDB-LOADER: ACDB -> send_afe_cal
07-03 18:51:19.754 1283 1698 D ACDB-LOADER: ACDB -> ACDB_CMD_GET_AFE_COMMON_TABLE
07-03 18:51:19.754 1283 1698 D : Failed to fetch the lookup information of the device 0000000F
07-03 18:51:19.754 1283 1698 D ACDB-LOADER: ACDB -> AUDIO_SET_AFE_CAL
07-03 18:51:19.754 1283 1698 D ACDB-LOADER: ACDB -> send_hw_delay : acdb_id = 15 path = 0
07-03 18:51:19.754 1283 1698 D ACDB-LOADER: ACDB -> ACDB_AVSYNC_INFO: ACDB_CMD_GET_DEVICE_PROPERTY
07-03 18:51:19.754 1283 1698 I audio_hw_utils: audio_extn_utils_send_app_type_cfg: PLAYBACK app_type 69936, acdb_dev_id 15, sample_rate 48000
07-03 18:51:19.754 1283 1698 D audio_hw_primary: enable_audio_route: apply mixer and update path: low-latency-playback
07-03 18:51:19.755 1283 1698 D audio_hw_primary: select_devices: done
07-03 18:51:19.768 1247 16833 I ActivityManager: START u0 {act=android.settings.SETTINGS flg=0x14000000 cmp=com.android.settings/.Settings} from uid 10024 on display 0
07-03 18:51:19.774 1247 6433 W InputMethodManagerService: Window already focused, ignoring focus gain of: com.android.internal.view.IInputMethodClient$Stub$Proxy@741974f attribute=android.view.inputmethod.EditorInfo@921aedc, token = android.os.BinderProxy@907c690
07-03 18:51:19.775 6467 6467 W IInputConnectionWrapper: finishComposingText on inactive InputConnection
07-03 18:51:19.801 19764 19764 I MemoryTrimmer: Trimming objects from memory, since app is in the background.
07-03 18:51:19.803 1283 1698 D msm8916_platform: platform_set_channel_map mixer_ctl_name:Playback Channel Map12
07-03 18:51:19.803 1283 1698 D msm8916_platform: platform_set_channel_map: set mapping(1 2 3 0 0 0 0 0) for channel:2
07-03 18:51:19.803 1283 1698 D audio_hw_primary: start_output_stream: exit
07-03 18:51:19.806 1247 7017 E ActivityManager: applyOptionsLocked: Unknown animationType=0
07-03 18:51:19.927 19244 19996 I chatty : uid=1000(system) com.android.settings expire 3 lines
07-03 18:51:19.935 19764 19764 I MemoryTrimmer: Trimming objects from memory, since app is in the background.
07-03 18:51:19.993 1247 6433 I ActivityManager: Start proc 19997:com.android.cellbroadcastreceiver/u0a4 for content provider com.android.cellbroadcastreceiver/.CellBroadcastSearchIndexableProvider
07-03 18:51:20.075 19997 19997 I art : Starting a blocking GC AddRemoveAppImageSpace
07-03 18:51:20.076 19997 19997 W System : ClassLoader referenced unknown path: /system/priv-app/CellBroadcastReceiver/lib/arm
07-03 18:51:20.135 19244 20012 I chatty : uid=1000(system) SummaryLoader expire 1 line
07-03 18:51:20.140 19244 19291 I chatty : uid=1000(system) RenderThread expire 3 lines
07-03 18:51:20.174 19244 20012 I chatty : uid=1000(system) SummaryLoader expire 4 lines
07-03 18:51:20.247 19244 20012 D LocalBluetoothProfileManager: LocalBluetoothProfileManager construction complete
07-03 18:51:20.262 5235 5235 D wpa_supplicant: wlan0: Control interface command 'SIGNAL_POLL'
07-03 18:51:20.274 1247 16831 I ActivityManager: Setting hasTopUi=false for pid=5271
07-03 18:51:20.275 1247 5194 D WifiStateMachine: updateCapabilities for config:INFINITUMjhgcfalse,false
07-03 18:51:20.276 5271 5271 D PhoneStatusBar: disable: < expand icons* alerts system_info* back home recent clock search quick_settings
> 07-03 18:51:20.293 19244 19244 D DashboardSummary: onConditionsChanged
07-03 18:51:20.294 19244 19256 D BluetoothHeadset: Proxy object connected
07-03 18:51:20.309 19244 19244 D BluetoothA2dp: Proxy object connected
07-03 18:51:20.318 19244 19244 D BluetoothInputDevice: Proxy object connected
07-03 18:51:20.319 19244 19244 D HidProfile: Bluetooth service connected
07-03 18:51:20.334 19244 19244 D BluetoothPan: BluetoothPAN Proxy object connected
07-03 18:51:20.336 19244 19244 D PanProfile: Bluetooth service connected
07-03 18:51:20.337 19244 19244 D BluetoothMap: Proxy object connected
07-03 18:51:20.337 19244 19244 D MapProfile: Bluetooth service connected
07-03 18:51:20.337 19244 19244 D BluetoothMap: getConnectedDevices()
07-03 18:51:20.340 1247 1847 I ActivityManager: Displayed com.android.settings/.Settings: +533ms (total +17s673ms)
07-03 18:51:20.370 19244 19244 D BluetoothPbap: Proxy object connected
07-03 18:51:20.374 19244 19244 D PbapServerProfile: Bluetooth service connected
07-03 18:51:20.374 19244 19244 D HeadsetProfile: Bluetooth service connected
07-03 18:51:20.378 1247 6425 I ActivityManager: Process com.android.packageinstaller (pid 19585) has died
07-03 18:51:20.379 1247 6425 D ActivityManager: cleanUpApplicationRecord -- 19585
07-03 18:51:20.392 1247 5988 I ActivityManager: Process com.google.android.partnersetup (pid 19820) has died
07-03 18:51:20.393 1247 5988 D ActivityManager: cleanUpApplicationRecord -- 19820
07-03 18:51:20.424 19244 20021 W TileUtils: Found com.cyanogenmod.settings.device.TouchscreenGestureSettings for intent Intent { act=com.android.settings.action.EXTRA_SETTINGS } missing metadata
07-03 18:51:20.503 19244 20020 D Index : Locale 'en_US' is already indexed
07-03 18:51:20.521 19244 20020 D Index : Indexing locale 'en_US' took 16 millis
07-03 18:51:20.540 19244 20020 D Index : Indexing locale 'en_US' took 12 millis
07-03 18:51:20.600 1247 5988 I ActivityManager: Start proc 20023:com.android.printspooler/u0a58 for service com.android.printspooler/.model.PrintSpoolerService
07-03 18:51:20.676 20023 20023 I art : Starting a blocking GC AddRemoveAppImageSpace
07-03 18:51:20.695 1247 7033 E BatteryStatsService: modem info is invalid: ModemActivityInfo{ mTimestamp=0 mSleepTimeMs=0 mIdleTimeMs=0 mTxTimeMs[]=[0, 0, 0, 0, 0] mRxTimeMs=0 mEnergyUsed=0}
07-03 18:51:20.721 19764 19927 I PBSessionCacheImpl: Deleted sessionId[64130263053321] from persistence.
07-03 18:51:20.793 19764 19764 W SearchService: Abort, client detached.
07-03 18:51:20.828 19764 19764 I MemoryTrimmer: Trimming objects from memory, since app is in the background.
07-03 18:51:20.906 6261 14474 E ctxmgr : [ProducerActiveIntervalImpl]closeActiveInterval: Error: ongoing, trying to close
07-03 18:51:20.961 1247 5464 I ProcessStatsService: Added stats: 2017-07-03-15-28-26, over +49m1s770ms
07-03 18:51:20.991 1247 5464 I ProcessStatsService: Added stats: 2017-07-03-11-30-33, over +3h57m53s341ms
07-03 18:51:21.049 19244 20012 W ProcStatsManager: No process com.google.android.youtube/10085 for service com.google.android.apps.youtube.app.application.system.LocaleUpdatedService
07-03 18:51:21.049 19244 20012 W ProcStatsManager: No process com.google.android.youtube/10085 for service com.google.android.libraries.youtube.common.gcore.gcoreclient.gcm.impl.GcmTaskServiceDelegator
07-03 18:51:21.049 19244 20012 W ProcStatsManager: No process com.oasisfeng.greenify:service/10124 for service com.oasisfeng.greenify.CleanerService
07-03 18:51:21.049 19244 20012 W ProcStatsManager: No process com.oasisfeng.greenify:service/10124 for service com.oasisfeng.container.InternalService$_2
07-03 18:51:21.049 19244 20012 W ProcStatsManager: No process com.oasisfeng.greenify:service/10124 for service com.oasisfeng.container.InternalService$_3
07-03 18:51:21.049 19244 20012 W ProcStatsManager: No process com.oasisfeng.greenify:service/10124 for service com.oasisfeng.container.InternalService$_5
07-03 18:51:21.049 19244 20012 W ProcStatsManager: No process com.android.providers.calendar/10002 for service com.android.providers.calendar.EmptyService
07-03 18:51:21.049 19244 20012 W ProcStatsManager: No process com.android.providers.calendar/10002 for service com.android.providers.calendar.CalendarProviderIntentService
07-03 18:51:21.049 19244 20012 W ProcStatsManager: No process com.google.android.onetimeinitializer/10033 for service com.google.android.onetimeinitializer.OneTimeService
07-03 18:51:21.049 19244 20012 W ProcStatsManager: No process com.mgoogle.android.gms/10268 for service org.microg.gms.ads.AdvertisingIdService
07-03 18:51:21.049 19244 20012 W ProcStatsManager: No process com.mgoogle.android.gms/10268 for service com.mgoogle.android.gms.auth.GetToken
07-03 18:51:21.050 19244 20012 W ProcStatsManager: No process com.mgoogle.android.gms/10268 for service org.microg.gms.clearcut.ClearcutLoggerService
07-03 18:51:21.050 19244 20012 W ProcStatsManager: No process com.google.android.apps.messaging/10075 for service com.google.android.apps.messaging.shared.datamodel.action.BackgroundWorkerService
07-03 18:51:21.050 19244 20012 W ProcStatsManager: No process com.google.android.apps.messaging/10075 for service com.google.android.apps.messaging.shared.datamodel.action.ActionServiceImpl
