07-03 18:37:17.288 17689 17689 W View : requestLayout() improperly called by android.widget.ListView{867bdf9 IFED.VC.. ......ID -432,0-0,1050 #7f0e0071 app:id/left_drawer} during layout: running second layout pass
07-03 18:37:17.344 17689 17689 D GridItemAdapter: currentDirectory.getName(): Documents
07-03 18:37:18.214 5271 5271 I SlideTouchEvent: vel=950.3828, MinimumFlingVelocity=90
07-03 18:37:18.222 5271 5271 I SlideTouchEvent: Sliding distance is too short, can not trigger the single hand mode
07-03 18:37:18.898 5271 5271 I SlideTouchEvent: vel=0.0, MinimumFlingVelocity=90
07-03 18:37:18.910 17689 17689 D LibreOfficeUIActivity: onPause
07-03 18:37:19.568 17689 17689 D LibreOfficeUIActivity: onStop
07-03 18:37:19.568 17689 17689 D LibreOfficeUIActivity: onDestroy
07-03 18:37:20.262 1247 1247 W WindowManager: Attempted to remove non-existing token: android.os.Binder@92887ba
07-03 18:37:23.772 5271 5271 I SlideTouchEvent: vel=0.0, MinimumFlingVelocity=90
07-03 18:37:23.797 6162 6162 E NEW_BHD : Open /sys/class/power_supply/gb_battery
07-03 18:37:23.810 5502 5502 D VideoCall_LowBattery: BatteryIntent received: android.intent.action.BATTERY_CHANGED
07-03 18:37:23.826 5271 5289 I art : Background partial concurrent mark sweep GC freed 38352(2021KB) AllocSpace objects, 15(3MB) LOS objects, 40% free, 12MB/21MB, paused 10.925ms total 124.052ms
07-03 18:37:23.836 1247 6390 I ActivityManager: START u0 {flg=0x10804000 cmp=com.android.systemui/.recents.RecentsActivity} from uid 10024 on display 0
07-03 18:37:23.840 5502 5502 D VideoCall_LowBattery: allowVideoCallsInLowBattery: false isCarrierOneSupported: false mIsLowbattery: false
07-03 18:37:24.380 5271 5271 I SlideTouchEvent: vel=0.0, MinimumFlingVelocity=90
07-03 18:37:24.436 1247 6433 I ActivityManager: START u0 {act=android.intent.action.MAIN cat=[android.intent.category.LAUNCHER] flg=0x10100000 pkg=org.documentfoundation.libreoffice cmp=org.documentfoundation.libreoffice/org.libreoffice.ui.LibreOfficeUIActivity} from uid 10010 on display 0
07-03 18:37:24.474 1247 6017 E ActivityManager: applyOptionsLocked: Unknown animationType=0
07-03 18:37:24.503 17689 17689 I AppCompatViewInflater: app:theme is now deprecated. Please move to using android:theme instead.
07-03 18:37:24.527 17689 17689 D LibreOfficeUIActivity: onStart
07-03 18:37:24.530 17689 17689 D LibreOfficeUIActivity: onResume
07-03 18:37:24.530 17689 17689 D LibreOfficeUIActivity: sortMode=0 filterMode=-1
07-03 18:37:24.532 17689 17689 I AppCompatViewInflater: app:theme is now deprecated. Please move to using android:theme instead.
07-03 18:37:24.556 17689 17812 D FileUtilities: doAccept : main.key mode -1 byFilename
07-03 18:37:24.604 17689 17713 I Adreno-EGL: : EGL 1.4 QUALCOMM build: (Ifd751822f5)
07-03 18:37:24.604 17689 17713 I Adreno-EGL: OpenGL ES Shader Compiler Version: XE031.06.00.05
07-03 18:37:24.604 17689 17713 I Adreno-EGL: Build Date: 01/26/16 Tue 07-03 18:37:24.604 17689 17713 I Adreno-EGL: Local Branch: AU12_SBA
07-03 18:37:24.604 17689 17713 I Adreno-EGL: Remote Branch:
07-03 18:37:24.604 17689 17713 I Adreno-EGL: Local Patches:
07-03 18:37:24.604 17689 17713 I Adreno-EGL: Reconstruct Branch:
07-03 18:37:24.605 17689 17713 I OpenGLRenderer: Initialized EGL, version 1.4
07-03 18:37:24.605 17689 17713 D OpenGLRenderer: Swap behavior 1
07-03 18:37:24.603 17689 17689 I RenderThread: type=1400 audit(0.0:83): avc: denied { read } for uid=10146 name="gpuclk" dev="sysfs" ino=11450 scontext=u:r:untrusted_app:s0:c512,c768 tcontext=u:object_r:sysfs:s0 tclass=file permissive=1
07-03 18:37:24.603 17689 17689 I RenderThread: type=1400 audit(0.0:84): avc: denied { open } for uid=10146 path="/sys/devices/soc.0/1c00000.qcom,kgsl-3d0/kgsl/kgsl-3d0/gpuclk" dev="sysfs" ino=11450 scontext=u:r:untrusted_app:s0:c512,c768 tcontext=u:object_r:sysfs:s0 tclass=file permissive=1
07-03 18:37:24.603 17689 17689 I RenderThread: type=1400 audit(0.0:85): avc: denied { getattr } for uid=10146 path="/sys/devices/soc.0/1c00000.qcom,kgsl-3d0/kgsl/kgsl-3d0/gpuclk" dev="sysfs" ino=11450 scontext=u:r:untrusted_app:s0:c512,c768 tcontext=u:object_r:sysfs:s0 tclass=file permissive=1
07-03 18:37:24.680 17689 17689 D GridItemAdapter: currentDirectory.getName(): 0
07-03 18:37:24.725 17689 17814 D FileUtilities: doAccept : main.key mode -1 byFilename
07-03 18:37:24.786 17689 17689 D GridItemAdapter: currentDirectory.getName(): 0
07-03 18:37:24.813 1247 6386 I ActivityManager: Process org.geogebra.android (pid 16781) has died
07-03 18:37:24.813 1247 6386 D ActivityManager: cleanUpApplicationRecord -- 16781
07-03 18:37:24.841 1247 16832 I ActivityManager: Process com.mgoogle.android.gms (pid 16377) has died
07-03 18:37:24.841 1247 16832 D ActivityManager: cleanUpApplicationRecord -- 16377
07-03 18:37:25.472 5271 5271 I SlideTouchEvent: vel=1281.8015, MinimumFlingVelocity=90
07-03 18:37:25.472 5271 5271 I SlideTouchEvent: Sliding distance is too short, can not trigger the single hand mode
07-03 18:37:25.501 1247 7033 I ActivityManager: START u0 {flg=0x10804000 cmp=com.android.systemui/.recents.RecentsActivity} from uid 10024 on display 0
07-03 18:37:25.517 17689 17689 D LibreOfficeUIActivity: onPause
07-03 18:37:25.553 17689 17689 D LibreOfficeUIActivity: org.libreoffice.storage.local.LocalFile@254ad81-10
07-03 18:37:25.553 17689 17689 D LibreOfficeUIActivity: savedInstanceState
07-03 18:37:25.557 17689 17689 D LibreOfficeUIActivity: onStop
07-03 18:37:26.531 1247 6425 E ActivityManager: applyOptionsLocked: Unknown animationType=0
07-03 18:37:26.673 9896 13983 I OpenGLRenderer: Initialized EGL, version 1.4
07-03 18:37:26.673 9896 13983 D OpenGLRenderer: Swap behavior 1
07-03 18:37:26.775 1247 6425 I ActivityManager: Process com.google.android.apps.docs.editors.slides (pid 17197) has died
07-03 18:37:26.775 1247 6425 D ActivityManager: cleanUpApplicationRecord -- 17197
07-03 18:37:26.823 1247 7035 I ActivityManager: Process com.google.android.apps.magazines (pid 16865) has died
07-03 18:37:26.823 1247 7035 D ActivityManager: cleanUpApplicationRecord -- 16865
07-03 18:37:26.872 1247 1627 I ActivityManager: Process com.opera.mini.native (pid 17633) has died
07-03 18:37:26.872 1247 6425 D ConnectivityService: ConnectivityService NetworkRequestInfo binderDied(NetworkRequest [ LISTEN id=20, [ Capabilities: NOT_RESTRICTED&TRUSTED&NOT_VPN&FOREGROUND] ], android.os.BinderProxy@237b4b1)
07-03 18:37:26.872 1247 1627 D ActivityManager: cleanUpApplicationRecord -- 17633
07-03 18:37:26.897 1247 5202 E ConnectivityService: RemoteException caught trying to send a callback msg for NetworkRequest [ LISTEN id=20, [ Capabilities: NOT_RESTRICTED&TRUSTED&NOT_VPN&FOREGROUND] ]
07-03 18:37:26.936 9896 9896 I Finsky : [1] com.google.android.finsky.utils.ay.onTrimMemory(2): Memory trim requested to level 10
07-03 18:37:27.301 9896 9896 I Finsky : [1] com.google.android.finsky.activities.bc.P(28): Page [class=aq] loaded in [192 ms] (hasDetailsDataLoaded? false)
07-03 18:37:27.416 6532 6550 I art : Background partial concurrent mark sweep GC freed 55897(3MB) AllocSpace objects, 10(200KB) LOS objects, 39% free, 6MB/11MB, paused 1.057ms total 128.483ms
07-03 18:37:28.497 5271 5271 I SlideTouchEvent: vel=0.0, MinimumFlingVelocity=90
07-03 18:37:29.015 1247 7035 I ActivityManager: Process com.android.cellbroadcastreceiver (pid 17066) has died
07-03 18:37:29.015 1247 7035 D ActivityManager: cleanUpApplicationRecord -- 17066
07-03 18:37:29.042 9896 9920 I art : Background partial concurrent mark sweep GC freed 37198(2MB) AllocSpace objects, 24(11MB) LOS objects, 34% free, 29MB/45MB, paused 1.767ms total 170.578ms
07-03 18:37:29.071 9896 9896 I PlayCommon: [1] com.google.android.play.image.d.a_(8): https://lh3.googleusercontent.com/XtxhZqddJ4YJt2iJ0lzOMOqkKwu_Ai2xPSG-Feyb3WbDVqM_SqDOEUNhegxRELwRM7Y=rw-w720-v1 is not cached
07-03 18:37:29.397 1247 17809 W DropBoxManagerService: Dropping: system_app_strictmode (10 > 0 bytes)
07-03 18:37:29.635 1247 16829 I chatty : uid=1000(system) Binder:1247_12 expire 1 line
07-03 18:37:29.645 9896 9896 I Finsky : [1] com.google.android.finsky.activities.bc.P(28): Page [class=aq] loaded in [86 ms] (hasDetailsDataLoaded? false)
07-03 18:37:30.086 5235 5235 I chatty : uid=1010(wifi) /system/bin/wpa_supplicant expire 40 lines
07-03 18:37:30.281 1247 7035 I chatty : uid=1000(system) Binder:1247_11 expire 3 lines
07-03 18:37:30.303 9896 9896 I Finsky : [1] com.google.android.finsky.activities.bc.P(28): Page [class=aq] loaded in [744 ms] (hasDetailsDataLoaded? true)
07-03 18:37:30.447 9896 9896 I PlayCommon: [1] com.google.android.play.image.d.a_(8): https://lh6.ggpht.com/z5ysDGStT6_5_B_lwfnqoE82o4jZMgY4iyBpQp5aRE8feuibt19IJU1lJSrMNMAuVQ=rw-w720-v1 is not cached
07-03 18:37:30.476 9896 9896 I Finsky : [1] com.google.android.finsky.utils.an.a(8): Doing slow HTML parse due to unexpected tag manage
07-03 18:37:30.490 9896 9896 I Finsky : [1] com.google.android.finsky.utils.an.a(8): Doing slow HTML parse due to unexpected tag sync de
07-03 18:37:30.492 9896 9896 I Finsky : [1] com.google.android.finsky.utils.an.a(8): Doing slow HTML parse due to unexpected tag whitebo
07-03 18:37:31.416 6532 7193 I CastDatabase: Saving the database
07-03 18:37:31.417 6532 7193 I SQLiteCastStore: Saving 0 CastNetworkInfo instances, 0 CastDeviceInfo instances, 0 paired guest mode devices.
07-03 18:37:31.468 6532 7193 E SQLiteCastStore: End saving paired guest mode devices
07-03 18:37:32.701 1283 1698 I chatty : uid=1041(audioserver) AudioOut_15 expire 34 lines
07-03 18:37:37.033 11880 11880 I MemoryTrimmer: Trimming objects from memory, since app is in the background.
07-03 18:37:51.744 5502 5502 D VideoCall_LowBattery: BatteryIntent received: android.intent.action.BATTERY_CHANGED
07-03 18:37:51.778 5502 5502 D VideoCall_LowBattery: allowVideoCallsInLowBattery: false isCarrierOneSupported: false mIsLowbattery: false
07-03 18:37:54.502 5235 5235 I chatty : uid=1010(wifi) /system/bin/wpa_supplicant expire 19 lines
07-03 18:38:12.763 1247 1702 I ActivityManager: Start proc 17896:com.google.android.apps.magazines/u0a80 for service com.google.android.apps.magazines/com.google.apps.dots.android.newsstand.service.SyncAdapterService
07-03 18:38:12.869 17896 17896 I art : Starting a blocking GC AddRemoveAppImageSpace
07-03 18:38:12.876 17896 17896 W System : ClassLoader referenced unknown path: /data/app/com.google.android.apps.magazines-1/lib/arm
07-03 18:38:12.958 17896 17896 I MultiDex: VM with version 2.1.0 has multidex support
07-03 18:38:12.960 17896 17896 I MultiDex: install
07-03 18:38:12.960 17896 17896 I MultiDex: VM has multidex support, MultiDex support library is disabled.
07-03 18:38:13.096 17896 17896 I GAv4 : Google Analytics 10.2.98 is starting up. To enable debug logging on a device run:
07-03 18:38:13.096 17896 17896 I GAv4 : adb shell setprop log.tag.GAv4 DEBUG
07-03 18:38:13.096 17896 17896 I GAv4 : adb logcat -s GAv4
07-03 18:38:13.123 17896 17916 W GAv4 : AnalyticsReceiver is not registered or is disabled. Register the receiver for reliable dispatching on non-Google Play devices. See http://goo.gl/8Rd3yj for instructions.
07-03 18:38:13.141 17896 17916 W GAv4 : AnalyticsService not registered in the app manifest. Hits might not be delivered reliably. See http://goo.gl/8Rd3yj for instructions.
07-03 18:38:13.194 11880 11880 I MemoryTrimmer: Trimming objects from memory, since app is in the background.
07-03 18:38:13.349 17896 17896 I NSApplication: Starting up...
07-03 18:38:13.368 17896 17896 W NSApplication: Trimming memory to level 10
07-03 18:38:13.373 5235 5235 I chatty : uid=1010(wifi) /system/bin/wpa_supplicant expire 12 lines
07-03 18:38:13.374 5235 5235 D wpa_supplicant: wlan0: BSS: Add new id 13 BSSID a4:dc:be:df:09:f4 SSID 'INFINITUME54B' freq 2432
07-03 18:38:13.374 5235 5235 D wpa_supplicant: wlan0: BSS: Add new id 14 BSSID 06:6f:13:2c:cf:c6 SSID 'INFINITUME54B-EXT' freq 2432
07-03 18:38:13.374 5235 5235 D wpa_supplicant: BSS: last_scan_res_used=10/32
07-03 18:38:13.374 5235 5235 D wpa_supplicant: wlan0: Scan-only results received
07-03 18:38:13.374 5235 5235 D wpa_supplicant: wlan0: Radio work 'scan'@0xb67161b0 done in 0.640058 seconds
07-03 18:38:13.374 5235 5235 D wpa_supplicant: wlan0: radio_work_free('scan'@0xb67161b0: num_active_works --> 0
07-03 18:38:13.386 17896 17896 D NSConnectivityManager: Network type changed to: 4
07-03 18:38:13.435 11880 11880 I MemoryTrimmer: Trimming objects from memory, since app is in the background.
07-03 18:38:13.453 17896 17935 I SyncAdapterService: Ignoring sync request because background disallowed: not charging
07-03 18:38:13.455 17896 17933 D Primes : Crash metric disabled - not registering for startup notifications.
07-03 18:38:13.455 17896 17933 D Primes : Package metric disabled.
07-03 18:38:13.455 17896 17933 D Primes : Battery metric disabled
07-03 18:38:13.455 17896 17933 D Primes : MagicEye logging metric disabled
07-03 18:38:13.461 17896 17896 W NSApplication: Trimming memory to level 80
07-03 18:38:13.465 17896 17911 D ApplicationLoaders: ignored Vulkan layer search path /data/app/com.google.android.gms-1/lib/arm:/system/fake-libs:/data/app/com.google.android.gms-1/base.apk!/lib/armeabi-v7a for namespace 0xb416e090
07-03 18:38:13.504 17896 17934 D ApplicationLoaders: ignored Vulkan layer search path /data/app/com.android.chrome-1/lib/arm:/data/app/com.android.chrome-1/base.apk!/lib/armeabi-v7a for namespace 0xb416e0d0
07-03 18:38:13.529 17896 17934 I WebViewFactory: Loading com.android.chrome version 59.0.3071.125 (code 307112502)
07-03 18:38:13.559 6261 12331 I Places : Converted 10 out of 10 WiFi scans
07-03 18:38:13.610 17896 17896 I NetworkQualityMonitor: Updated PredictedNetworkQuality to com.google.android.gms.herrevad.PredictedNetworkQuality[
07-03 18:38:13.610 17896 17896 I NetworkQualityMonitor: networkType: 1
07-03 18:38:13.610 17896 17896 I NetworkQualityMonitor: predictedLatencyMicros: 608072
07-03 18:38:13.610 17896 17896 I NetworkQualityMonitor: predictedDownThroughputBps: 408625
07-03 18:38:13.610 17896 17896 I NetworkQualityMonitor: predictedUpThroughputBps: -1
07-03 18:38:13.610 17896 17896 I NetworkQualityMonitor: ]
07-03 18:38:13.612 6261 15775 W ctxmgr : [AclManager]No 2 for (accnt=account#-1984679481#, com.google.android.gms(10013):UserLocationProducer, vrsn=11055000, 0, 3pPkg = null , 3pMdlId = null , pid = 6261). Was: 2 for 1, account#-1984679481#
07-03 18:38:13.633 6261 6277 I art : Background partial concurrent mark sweep GC freed 40109(2MB) AllocSpace objects, 2(40KB) LOS objects, 39% free, 6MB/10MB, paused 7.521ms total 118.322ms
07-03 18:38:13.723 17896 17934 I cr_LibraryLoader: Time to load native libraries: 7 ms (timestamps 8203-8210)
07-03 18:38:13.735 17896 17934 I chromium: [INFO:library_loader_hooks.cc(144)] Chromium logging enabled: level = 0, default verbosity = 0
07-03 18:38:13.736 17896 17934 I cr_LibraryLoader: Expected native library version number "59.0.3071.125", actual native library version number "59.0.3071.125"
07-03 18:38:15.893 5235 5235 D wpa_supplicant: wlan0: Control interface command 'SIGNAL_POLL'
07-03 18:38:18.958 5235 5235 D wpa_supplicant: wlan0: Control interface command 'SIGNAL_POLL'
07-03 18:38:22.021 5235 5235 D wpa_supplicant: wlan0: Control interface command 'SIGNAL_POLL'
07-03 18:38:23.971 6162 6162 E NEW_BHD : Open /sys/class/power_supply/gb_battery
07-03 18:38:23.981 5502 5502 D VideoCall_LowBattery: BatteryIntent received: android.intent.action.BATTERY_CHANGED
07-03 18:38:24.013 5502 5502 D VideoCall_LowBattery: allowVideoCallsInLowBattery: false isCarrierOneSupported: false mIsLowbattery: false
07-03 18:38:25.074 5235 5235 D wpa_supplicant: wlan0: Control interface command 'SIGNAL_POLL'
07-03 18:38:28.116 5235 5235 D wpa_supplicant: wlan0: Control interface command 'SIGNAL_POLL'
07-03 18:38:30.245 1247 1851 I PowerManagerService: Going to sleep due to screen timeout (uid 1000)...
07-03 18:38:30.268 5271 5271 W FingerprintManager: isFingerprintHardwareDetected(): Service not connected!
07-03 18:38:30.886 1247 1704 I VrManagerService: VR mode is disallowed
07-03 18:38:30.941 1247 1847 I DisplayManagerService: Display device changed state: "Built-in Screen", OFF
07-03 18:38:30.966 9896 9896 I Finsky : [1] com.google.android.finsky.av.j.b(21): Stopping LocationRefresher
07-03 18:38:31.127 1221 1221 I chatty : uid=1000(system) /system/bin/surfaceflinger expire 11 lines
07-03 18:38:31.140 1247 1851 I PowerManagerService: Sleeping (uid 1000)...
07-03 18:38:31.152 5271 5271 W FingerprintManager: isFingerprintHardwareDetected(): Service not connected!
07-03 18:38:31.175 5235 5235 D wpa_supplicant: wlan0: Control interface command 'SIGNAL_POLL'
07-03 18:38:31.234 1283 5637 I chatty : uid=1041(audioserver) Binder:1283_2 expire 1 line
07-03 18:38:31.278 5235 5235 D wpa_supplicant: wlan0: Control interface command 'DRIVER SETSUSPENDMODE 1'
07-03 18:38:31.308 5235 5235 D wpa_supplicant: wpa_driver_nl80211_driver_cmd SETSUSPENDMODE 1 len = 0, 4096
07-03 18:38:31.328 6261 10295 D BluetoothLeScanner: could not find callback wrapper
07-03 18:38:31.340 1247 1707 I WindowManager: OverscanTimeout run
07-03 18:38:35.285 1247 16832 I ActivityManager: Setting hasTopUi=true for pid=5271
07-03 18:38:35.399 5271 5271 D PhoneStatusBar: disable: < expand ICONS* alerts SYSTEM_INFO* back home recent clock search quick_settings
> 07-03 18:38:35.466 5271 5271 W FingerprintManager: isFingerprintHardwareDetected(): Service not connected!
07-03 18:38:35.473 5271 5271 W FingerprintManager: isFingerprintHardwareDetected(): Service not connected!
07-03 18:38:35.551 5271 5271 W FingerprintManager: isFingerprintHardwareDetected(): Service not connected!
07-03 18:38:35.552 5271 5271 D PhoneStatusBar: disable: < expand ICONS alerts SYSTEM_INFO back HOME* RECENT* clock SEARCH* quick_settings
> 07-03 18:38:42.105 1221 1762 I chatty : uid=1000(system) hwcVsyncThread expire 56 lines
07-03 18:38:42.143 1247 7035 I ActivityManager: Process com.google.process.gapps (pid 17006) has died
07-03 18:38:42.143 1247 7035 D ActivityManager: cleanUpApplicationRecord -- 17006
07-03 18:38:42.148 9896 9896 I Finsky : [1] com.google.android.finsky.utils.ay.onTrimMemory(2): Memory trim requested to level 10
07-03 18:38:50.931 1247 1702 I UsageStatsService: User[0] Flushing usage stats to disk
07-03 18:39:13.185 11880 11880 I MemoryTrimmer: Trimming objects from memory, since app is in the background.
07-03 18:39:13.756 1221 1762 I chatty : uid=1000(system) hwcVsyncThread expire 108 lines
07-03 18:39:47.252 1247 6426 W ActivityManager: SLOW OOM ADJ: 2903ms for pid 6439 = 0
07-03 18:40:01.656 9896 18065 I Finsky : [422] com.google.android.finsky.flushlogs.FlushLogsReceiver$FlushLogsService.onHandleIntent(10): Flushing event logs for [7860k-orSSUWGvVILWxn744Gq8w]
07-03 18:40:01.664 9896 10221 I PlayCommon: [308] com.google.android.play.a.g.e(220): Preparing logs for uploading
07-03 18:40:01.664 9896 12533 I PlayCommon: [344] com.google.android.play.a.g.e(220): Preparing logs for uploading
07-03 18:40:01.664 9896 12533 I PlayCommon: [344] com.google.android.play.a.g.e(224): No file ready to send
07-03 18:40:01.751 9896 10221 I PlayCommon: [308] com.google.android.play.a.g.a(434): Connecting to server: https://play.googleapis.com/play/log?format=raw&proto_v2=true
07-03 18:40:02.191 9896 10221 I PlayCommon: [308] com.google.android.play.a.g.a(491): Successfully uploaded logs.
07-03 18:40:02.209 9896 10221 I PlayCommon: [308] com.google.android.play.a.g.e(220): Preparing logs for uploading
07-03 18:40:02.210 9896 10221 I PlayCommon: [308] com.google.android.play.a.g.e(224): No file ready to send
07-03 18:40:03.827 1221 1762 I chatty : uid=1000(system) hwcVsyncThread expire 116 lines
07-03 18:41:02.242 5235 5235 D wpa_supplicant: wlan0: Control interface command 'SCAN TYPE=ONLY'
07-03 18:41:02.242 5235 5235 D wpa_supplicant: wlan0: Setting scan request: 0.000000 sec
07-03 18:41:02.243 5235 5235 D wpa_supplicant: wlan0: Starting AP scan for wildcard SSID
07-03 18:41:02.243 5235 5235 D wpa_supplicant: wlan0: Add radio work 'scan'@0xb67161b0
07-03 18:41:02.243 5235 5235 D wpa_supplicant: wlan0: First radio work item in the queue - schedule start immediately
07-03 18:41:02.243 5235 5235 D wpa_supplicant: wlan0: Starting radio work 'scan'@0xb67161b0 after 0.000090 second wait
07-03 18:41:02.243 5235 5235 D wpa_supplicant: wlan0: nl80211: scan request
07-03 18:41:02.244 5235 5235 D wpa_supplicant: Scan requested (ret=0) - scan timeout 30 seconds
07-03 18:41:02.244 5235 5235 D wpa_supplicant: nl80211: Drv Event 33 (NL80211_CMD_TRIGGER_SCAN) received for wlan0
07-03 18:41:02.245 5235 5235 D wpa_supplicant: wlan0: nl80211: Scan trigger
07-03 18:41:02.245 5235 5235 D wpa_supplicant: wlan0: Event SCAN_STARTED (47) received
07-03 18:41:02.245 5235 5235 D wpa_supplicant: wlan0: Own scan request started a scan in 0.000317 seconds
07-03 18:41:02.747 5235 5235 D wpa_supplicant: nl80211: Drv Event 34 (NL80211_CMD_NEW_SCAN_RESULTS) received for wlan0
07-03 18:41:02.747 5235 5235 D wpa_supplicant: wlan0: nl80211: New scan results available
07-03 18:41:02.747 5235 5235 D wpa_supplicant: nl80211: Scan included frequencies: 2412 2417 2422 2427 2432 2437 2442 2447 2452 2457 2462 2467 2472
07-03 18:41:02.747 5235 5235 D wpa_supplicant: wlan0: Event SCAN_RESULTS (3) received
07-03 18:41:02.747 5235 5235 D wpa_supplicant: wlan0: Scan completed in 0.502373 seconds
07-03 18:41:02.747 5235 5235 D wpa_supplicant: nl80211: Associated on 2437 MHz
07-03 18:41:02.747 5235 5235 D wpa_supplicant: nl80211: Associated with 00:0c:43:53:92:00
07-03 18:41:02.748 5235 5235 D wpa_supplicant: nl80211: Received scan results (10 BSSes)
07-03 18:41:02.748 5235 5235 D wpa_supplicant: nl80211: Scan results indicate BSS status with 00:0c:43:53:92:00 as associated
07-03 18:41:02.748 5235 5235 D wpa_supplicant: wlan0: BSS: Start scan result update 32
07-03 18:41:02.748 5235 5235 D wpa_supplicant: BSS: last_scan_res_used=10/32
07-03 18:41:02.749 5235 5235 D wpa_supplicant: wlan0: Scan-only results received
07-03 18:41:02.750 5235 5235 D wpa_supplicant: wlan0: Radio work 'scan'@0xb67161b0 done in 0.506817 seconds
07-03 18:41:02.750 5235 5235 D wpa_supplicant: wlan0: radio_work_free('scan'@0xb67161b0: num_active_works --> 0
07-03 18:41:02.831 6261 7518 W ctxmgr : [AclManager]No 2 for (accnt=account#-1984679481#, com.google.android.gms(10013):UserLocationProducer, vrsn=11055000, 0, 3pPkg = null , 3pMdlId = null , pid = 6261). Was: 2 for 1, account#-1984679481#
07-03 18:41:02.836 1247 1247 D TwilightService: onLocationChanged: provider=fused accuracy=24.47 time=1499125262746
07-03 18:41:02.853 1247 1247 D NightDisplayService: onTwilightStateChanged: isNight=false
07-03 18:41:03.939 1221 1762 I chatty : uid=1000(system) hwcVsyncThread expire 32 lines
07-03 18:41:10.122 1468 1950 E NetlinkListener: recvmsg failed (No such file or directory)
07-03 18:41:10.124 1279 1900 E NetlinkListener: recvmsg failed (No such file or directory)
07-03 18:41:21.213 7855 7855 I power_metrics_r: type=1400 audit(0.0:86): avc: denied { read } for uid=10117 name="mem" dev="debugfs" ino=49639 scontext=u:r:untrusted_app:s0:c512,c768 tcontext=u:object_r:debugfs:s0 tclass=file permissive=1
07-03 18:41:21.213 7855 7855 I power_metrics_r: type=1400 audit(0.0:87): avc: denied { open } for uid=10117 path="/sys/kernel/debug/kgsl/proc/7855/mem" dev="debugfs" ino=49639 scontext=u:r:untrusted_app:s0:c512,c768 tcontext=u:object_r:debugfs:s0 tclass=file permissive=1
07-03 18:41:21.213 7855 7855 I power_metrics_r: type=1400 audit(0.0:88): avc: denied { getattr } for uid=10117 path="/sys/kernel/debug/kgsl/proc/7855/mem" dev="debugfs" ino=49639 scontext=u:r:untrusted_app:s0:c512,c768 tcontext=u:object_r:debugfs:s0 tclass=file permissive=1
07-03 18:41:21.603 17896 17896 W NSApplication: Trimming memory to level 80
07-03 18:41:21.622 11880 11880 I MemoryTrimmer: Trimming objects from memory, since app is in the background.
07-03 18:41:22.475 1221 1762 I chatty : uid=1000(system) hwcVsyncThread expire 16 lines
07-03 18:41:23.768 1247 5184 I PowerManagerService: Waking up from sleep (uid 1000)...
07-03 18:41:23.771 5271 5271 W FingerprintManager: isFingerprintHardwareDetected(): Service not connected!
07-03 18:41:23.809 1247 1851 I DisplayPowerController: Blocking screen on until initial contents have been drawn.
07-03 18:41:23.813 1247 1847 I DisplayManagerService: Display device changed state: "Built-in Screen", ON
07-03 18:41:23.814 1283 12188 I chatty : uid=1041(audioserver) Binder:1283_3 expire 1 line
07-03 18:41:23.852 5235 5235 D wpa_supplicant: wlan0: Control interface command 'SIGNAL_POLL'
07-03 18:41:23.858 5235 5235 D wpa_supplicant: wlan0: Control interface command 'SCAN TYPE=ONLY scan_id=18,2'
07-03 18:41:23.858 5235 5235 D wpa_supplicant: wlan0: Setting scan request: 0.000000 sec
07-03 18:41:23.859 5235 5235 D wpa_supplicant: Scan SSID (manual request): SECUNDARIAint
07-03 18:41:23.859 5235 5235 D wpa_supplicant: Scan SSID (manual request): INFINITUM2D40
07-03 18:41:23.859 5235 5235 D wpa_supplicant: wlan0: Starting AP scan for wildcard SSID
07-03 18:41:23.859 5235 5235 D wpa_supplicant: wlan0: Add radio work 'scan'@0xb67161b0
07-03 18:41:23.859 5235 5235 D wpa_supplicant: wlan0: First radio work item in the queue - schedule start immediately
07-03 18:41:23.859 5235 5235 D wpa_supplicant: wlan0: Starting radio work 'scan'@0xb67161b0 after 0.000066 second wait
07-03 18:41:23.859 5235 5235 D wpa_supplicant: wlan0: nl80211: scan request
07-03 18:41:23.860 5235 5235 D wpa_supplicant: Scan requested (ret=0) - scan timeout 30 seconds
07-03 18:41:23.860 5235 5235 D wpa_supplicant: nl80211: Drv Event 33 (NL80211_CMD_TRIGGER_SCAN) received for wlan0
07-03 18:41:23.860 5235 5235 D wpa_supplicant: wlan0: nl80211: Scan trigger
07-03 18:41:23.860 5235 5235 D wpa_supplicant: wlan0: Event SCAN_STARTED (47) received
07-03 18:41:23.860 5235 5235 D wpa_supplicant: wlan0: Own scan request started a scan in 0.000171 seconds
07-03 18:41:23.866 5235 5235 D wpa_supplicant: wlan0: Control interface command 'DRIVER SETSUSPENDMODE 0'
07-03 18:41:23.903 1247 1851 I DisplayPowerController: Unblocked screen on after 93 ms
07-03 18:41:23.970 6261 10295 D BluetoothLeScanner: could not find callback wrapper
07-03 18:41:23.975 6261 10295 I BeaconBle: Client requested scan, settings=BleSettings [scanMode=LOW_LATENCY, callbackType=ALL_MATCHES, reportDelayMillis=0, 6 filters, 0 clients, callingClientName=Nearby]
07-03 18:41:24.013 6261 10295 I BeaconBle: 'L' hardware scan: 6 filters, scanMode=2, reportdelay=0, callback type=1, #clients=1
07-03 18:41:24.015 6261 13972 E ctxmgr : [ProducerActiveIntervalImpl]addNewAppInterval: already contained:appKey=cdy@71c1b10a,appInterval=cdw@a138195,record=cjy{key=cka{com.google.android.googlequicksearchbox, 10035, account#-1984679481#, com.google.android.apps.gsa.staticplugins.proactive.GmsContextManagerClientHelper, fa0d6da6-058d-4fbd-a6c7-d5b3b35b2007}, t=1499123967350, name=1, lifetime=2, production=null, retention=null, dispatch=1, consumer=cfq@cc84dc52-246562135}
07-03 18:41:24.016 6261 10295 I BeaconBle: Starting scan on OS scanner. BT state: 12
07-03 18:41:24.028 15829 15908 D BtGatt.GattService: registerClient() - UUID=fbe79f62-4e98-4761-ac65-2156ddca9ef9
07-03 18:41:24.032 15829 15852 D BtGatt.GattService: onClientRegistered() - UUID=fbe79f62-4e98-4761-ac65-2156ddca9ef9, clientIf=5
07-03 18:41:24.037 6261 6821 D BluetoothLeScanner: onClientRegistered() - status=0 clientIf=5 mClientIf=0
07-03 18:41:24.038 15829 15841 D BtGatt.GattService: start scan with filters
07-03 18:41:24.051 15829 15856 D BtGatt.ScanManager: handling starting scan
07-03 18:41:24.088 15829 15852 D BtGatt.GattService: onScanFilterEnableDisabled() - clientIf=5, status=0, action=1
07-03 18:41:24.088 15829 15852 D BtGatt.ScanManager: callback done for clientIf - 5 status - 0
07-03 18:41:24.089 15829 15856 D BtGatt.ScanManager: addFilterToController: 5
07-03 18:41:24.094 15829 15852 D BtGatt.GattService: onScanFilterConfig() - clientIf=5, action = 0 status = 0, filterType=5, availableSpace=31
07-03 18:41:24.094 15829 15852 D BtGatt.ScanManager: callback done for clientIf - 5 status - 0
07-03 18:41:24.094 15829 15856 D BtGatt.ScanManager: configureFilterParamter 500 10000 1 0
07-03 18:41:24.104 15829 15852 D BtGatt.GattService: onScanFilterParamsConfigured() - clientIf=5, status=0, action=0, availableSpace=15
07-03 18:41:24.104 15829 15852 D BtGatt.ScanManager: callback done for clientIf - 5 status - 0
07-03 18:41:24.105 15829 15856 D BtGatt.ScanManager: addFilterToController: 2
07-03 18:41:24.109 15829 15852 D BtGatt.GattService: onScanFilterConfig() - clientIf=5, action = 0 status = 0, filterType=2, availableSpace=31
07-03 18:41:24.109 15829 15852 D BtGatt.ScanManager: callback done for clientIf - 5 status - 0
07-03 18:41:24.110 15829 15856 D BtGatt.ScanManager: configureFilterParamter 500 10000 1 0
07-03 18:41:24.113 15829 15852 D BtGatt.GattService: onScanFilterParamsConfigured() - clientIf=5, status=0, action=0, availableSpace=14
07-03 18:41:24.113 15829 15852 D BtGatt.ScanManager: callback done for clientIf - 5 status - 0
07-03 18:41:24.114 15829 15856 D BtGatt.ScanManager: addFilterToController: 5
07-03 18:41:24.118 15829 15852 D BtGatt.GattService: onScanFilterConfig() - clientIf=5, action = 0 status = 0, filterType=5, availableSpace=30
07-03 18:41:24.118 15829 15852 D BtGatt.ScanManager: callback done for clientIf - 5 status - 0
07-03 18:41:24.119 15829 15856 D BtGatt.ScanManager: configureFilterParamter 500 10000 1 0
07-03 18:41:24.123 15829 15852 D BtGatt.GattService: onScanFilterParamsConfigured() - clientIf=5, status=0, action=0, availableSpace=13
07-03 18:41:24.124 15829 15852 D BtGatt.ScanManager: callback done for clientIf - 5 status - 0
07-03 18:41:24.124 15829 15856 D BtGatt.ScanManager: addFilterToController: 5
07-03 18:41:24.128 15829 15852 D BtGatt.GattService: onScanFilterConfig() - clientIf=5, action = 0 status = 0, filterType=5, availableSpace=29
07-03 18:41:24.129 15829 15852 D BtGatt.ScanManager: callback done for clientIf - 5 status - 0
07-03 18:41:24.129 15829 15856 D BtGatt.ScanManager: configureFilterParamter 500 10000 1 0
07-03 18:41:24.133 15829 15852 D BtGatt.GattService: onScanFilterParamsConfigured() - clientIf=5, status=0, action=0, availableSpace=12
07-03 18:41:24.134 15829 15852 D BtGatt.ScanManager: callback done for clientIf - 5 status - 0
07-03 18:41:24.134 15829 15856 D BtGatt.ScanManager: addFilterToController: 2
07-03 18:41:24.139 15829 15852 D BtGatt.GattService: onScanFilterConfig() - clientIf=5, action = 0 status = 0, filterType=2, availableSpace=30
07-03 18:41:24.139 15829 15852 D BtGatt.ScanManager: callback done for clientIf - 5 status - 0
07-03 18:41:24.139 15829 15856 D BtGatt.ScanManager: configureFilterParamter 500 10000 1 0
07-03 18:41:24.143 15829 15852 D BtGatt.GattService: onScanFilterParamsConfigured() - clientIf=5, status=0, action=0, availableSpace=11
07-03 18:41:24.143 15829 15852 D BtGatt.ScanManager: callback done for clientIf - 5 status - 0
07-03 18:41:24.143 15829 15856 D BtGatt.ScanManager: addFilterToController: 2
07-03 18:41:24.149 15829 15852 D BtGatt.GattService: onScanFilterConfig() - clientIf=5, action = 0 status = 0, filterType=2, availableSpace=29
07-03 18:41:24.149 15829 15852 D BtGatt.ScanManager: callback done for clientIf - 5 status - 0
07-03 18:41:24.152 15829 15856 D BtGatt.ScanManager: configureFilterParamter 500 10000 1 0
07-03 18:41:24.157 15829 15852 D BtGatt.GattService: onScanFilterParamsConfigured() - clientIf=5, status=0, action=0, availableSpace=10
07-03 18:41:24.157 15829 15852 D BtGatt.ScanManager: callback done for clientIf - 5 status - 0
07-03 18:41:24.160 15829 15856 D BtGatt.ScanManager: configureRegularScanParams() - queue=1
07-03 18:41:24.160 15829 15856 D BtGatt.ScanManager: configureRegularScanParams() - ScanSetting Scan mode=2 mLastConfiguredScanSetting=-2147483648
07-03 18:41:24.160 15829 15856 D BtGatt.ScanManager: configureRegularScanParams - scanInterval = 8000configureRegularScanParams - scanWindow = 8000
07-03 18:41:24.162 15829 15852 D BtGatt.GattService: onScanParamSetupCompleted : 0
07-03 18:41:24.206 6261 15775 E ctxmgr : [AppIntervalImpl]closeInterval: ongoing
07-03 18:41:24.579 5235 5235 D wpa_supplicant: wpa_driver_nl80211_driver_cmd SETSUSPENDMODE 0 len = 0, 4096
07-03 18:41:24.579 5235 5235 D wpa_supplicant: nl80211: Drv Event 34 (NL80211_CMD_NEW_SCAN_RESULTS) received for wlan0
07-03 18:41:24.579 5235 5235 D wpa_supplicant: wlan0: nl80211: New scan results available
07-03 18:41:24.579 5235 5235 D wpa_supplicant: nl80211: Scan probed for SSID 'SECUNDARIAint'
07-03 18:41:24.579 5235 5235 D wpa_supplicant: nl80211: Scan probed for SSID 'INFINITUM2D40'
07-03 18:41:24.579 5235 5235 D wpa_supplicant: nl80211: Scan probed for SSID ''
07-03 18:41:24.579 5235 5235 D wpa_supplicant: nl80211: Scan included frequencies: 2412 2417 2422 2427 2432 2437 2442 2447 2452 2457 2462 2467 2472
07-03 18:41:24.579 5235 5235 D wpa_supplicant: wlan0: Event SCAN_RESULTS (3) received
07-03 18:41:24.579 5235 5235 D wpa_supplicant: wlan0: Scan completed in 0.719571 seconds
07-03 18:41:24.581 5235 5235 D wpa_supplicant: nl80211: Associated on 2437 MHz
07-03 18:41:24.581 5235 5235 D wpa_supplicant: nl80211: Associated with 00:0c:43:53:92:00
07-03 18:41:24.581 5235 5235 D wpa_supplicant: nl80211: Received scan results (10 BSSes)
07-03 18:41:24.582 5235 5235 D wpa_supplicant: nl80211: Scan results indicate BSS status with 00:0c:43:53:92:00 as associated
07-03 18:41:24.582 5235 5235 D wpa_supplicant: wlan0: BSS: Start scan result update 33
07-03 18:41:24.582 5235 5235 D wpa_supplicant: BSS: last_scan_res_used=10/32
07-03 18:41:24.582 5235 5235 D wpa_supplicant: wlan0: Scan-only results received
07-03 18:41:24.585 5235 5235 D wpa_supplicant: wlan0: Radio work 'scan'@0xb67161b0 done in 0.725762 seconds
07-03 18:41:24.585 5235 5235 D wpa_supplicant: wlan0: radio_work_free('scan'@0xb67161b0: num_active_works --> 0
07-03 18:41:24.600 5235 5235 D wpa_supplicant: nl80211: Drv Event 79 (NL80211_CMD_SET_REKEY_OFFLOAD) received for wlan0
07-03 18:41:24.600 5235 5235 D wpa_supplicant: nl80211: Rekey offload event for BSSID 00:0c:43:53:92:00
07-03 18:41:24.600 5235 5235 D wpa_supplicant: nl80211: Rekey offload - Replay Counter - hexdump(len=8): 00 00 00 00 00 00 00 02
07-03 18:41:24.600 5235 5235 D wpa_supplicant: wlan0: Event DRIVER_GTK_REKEY (35) received
07-03 18:41:24.691 5271 5271 D PhoneStatusBar: disable: < expand ICONS alerts SYSTEM_INFO back HOME RECENT clock SEARCH quick_settings
> 07-03 18:41:24.705 5271 5271 W FingerprintManager: isFingerprintHardwareDetected(): Service not connected!
07-03 18:41:24.738 6439 11451 I KDE/LanLinkProvider: Identity package received from a TCP connection from gabriel@Desktop
07-03 18:41:24.738 6439 11451 I KDE/LanLinkProvider: Starting SSL handshake with gabriel@Desktop trusted:true
07-03 18:41:24.761 5271 5271 D PhoneStatusBar: disable: < expand ICONS alerts SYSTEM_INFO back HOME RECENT clock SEARCH quick_settings
> 07-03 18:41:24.779 15829 15829 D HeadsetPhoneState: sendDeviceStateChanged. mService=1 mSignal=4 mRoam=0 mBatteryCharge=2
07-03 18:41:24.854 6439 11451 I KDE/LanLinkProvider: Identity package received from a TCP connection from motorola
07-03 18:41:24.854 6439 11451 I KDE/LanLinkProvider: Starting SSL handshake with motorola trusted:false
07-03 18:41:24.905 6439 11451 I KDE/LanLinkProvider: Identity package received from a TCP connection from motorola
07-03 18:41:24.906 6439 11451 I KDE/LanLinkProvider: Starting SSL handshake with motorola trusted:false
07-03 18:41:25.012 6439 17603 I LanLink : Socket closed: 131375935. Reason: End of stream
07-03 18:41:25.018 6439 18198 I KDE/LanLinkProvider: Handshake as client successful with gabriel@Desktop secured with TLS_ECDHE_RSA_WITH_AES_128_CBC_SHA
07-03 18:41:25.018 6439 18198 I KDE/LanLinkProvider: Reusing same link for device _bab2e3c1_979c_428d_8d62_3e88818a2b89_
07-03 18:41:25.145 6439 11451 I KDE/LanLinkProvider: Identity package received from a TCP connection from gabriel@Laptop
07-03 18:41:25.145 6439 11451 I KDE/LanLinkProvider: Starting SSL handshake with gabriel@Laptop trusted:true
07-03 18:41:25.318 6439 18200 I KDE/LanLinkProvider: Handshake as client successful with motorola secured with TLS_ECDHE_RSA_WITH_AES_128_CBC_SHA
07-03 18:41:25.318 6439 18200 I KDE/LanLinkProvider: Reusing same link for device 59f71baf6e44aee9
07-03 18:41:25.319 6439 17609 I LanLink : Socket closed: 16835596. Reason: End of stream
07-03 18:41:25.320 6439 18201 I KDE/LanLinkProvider: Handshake as client successful with motorola secured with TLS_ECDHE_RSA_WITH_AES_128_CBC_SHA
07-03 18:41:25.321 6439 18201 I KDE/LanLinkProvider: Reusing same link for device 59f71baf6e44aee9
07-03 18:41:25.333 6439 18206 I LanLink : Socket closed: 2421077. Reason: Socket is closed
07-03 18:41:25.887 6439 17608 I LanLink : Socket closed: 224701727. Reason: End of stream
07-03 18:41:25.889 6439 18204 I KDE/LanLinkProvider: Handshake as client successful with gabriel@Laptop secured with TLS_ECDHE_RSA_WITH_AES_128_CBC_SHA
07-03 18:41:25.889 6439 18204 I KDE/LanLinkProvider: Reusing same link for device _8a6ac7e0_0c75_4fd2_84b5_5e62da85d79e_
07-03 18:41:25.939 1309 1309 I : calling unlock when already unlocked, ignoring.
07-03 18:41:25.940 1247 16832 I LockSettingsService: Unlocking user 0 with token length 69
07-03 18:41:25.941 1247 16832 I chatty : uid=1000(system) Binder:1247_14 expire 1 line
07-03 18:41:25.941 1247 16832 W ActivityManager: Expected user 0 in state RUNNING_LOCKED but was in state RUNNING_UNLOCKED
07-03 18:41:25.948 5271 5271 W FingerprintManager: isFingerprintHardwareDetected(): Service not connected!
07-03 18:41:25.948 5271 5271 W FingerprintManager: resetTimeout(): Service not connected!
07-03 18:41:26.238 1247 1704 I VrManagerService: VR mode is allowed
07-03 18:41:26.272 5271 5271 D PhoneStatusBar: disable: < expand icons* alerts system_info* back HOME RECENT clock SEARCH quick_settings
> 07-03 18:41:26.297 5271 5271 D PhoneStatusBar: disable: < expand icons alerts system_info back HOME RECENT clock SEARCH quick_settings
> 07-03 18:41:26.299 5271 5271 W FingerprintManager: isFingerprintHardwareDetected(): Service not connected!
07-03 18:41:26.357 5271 5271 D PhoneStatusBar: disable: < expand icons alerts system_info back home* recent* clock search* quick_settings
> 07-03 18:41:26.375 1247 7017 W InputMethodManagerService: Window already focused, ignoring focus gain of: com.android.internal.view.IInputMethodClient$Stub$Proxy@2a2e46e attribute=android.view.inputmethod.EditorInfo@c08f70f, token = android.os.BinderProxy@1f7b26b
07-03 18:41:26.434 6532 7193 I CastDatabase: Opening the database
07-03 18:41:26.443 6532 18211 I Authzen : [DeviceStateSyncManager] The server is in sync with current state. Nothing to do
07-03 18:41:26.463 1247 6390 I ActivityManager: Start proc 18212:com.opera.mini.native/u0a109 for broadcast com.opera.mini.native/com.opera.android.news.newsfeed.internal.NewsFeedSystemReceiver
07-03 18:41:26.485 5235 5235 D wpa_supplicant: wlan0: Control interface command 'SCAN TYPE=ONLY scan_id=18,2'
07-03 18:41:26.485 5235 5235 D wpa_supplicant: wlan0: Setting scan request: 0.000000 sec
07-03 18:41:26.485 5235 5235 D wpa_supplicant: Scan SSID (manual request): SECUNDARIAint
07-03 18:41:26.485 5235 5235 D wpa_supplicant: Scan SSID (manual request): INFINITUM2D40
07-03 18:41:26.486 5235 5235 D wpa_supplicant: wlan0: Starting AP scan for wildcard SSID
07-03 18:41:26.489 6532 18210 I DiscoveryManager: WifiGuestModeDeviceScanner enabled.
07-03 18:41:26.494 5235 5235 D wpa_supplicant: wlan0: Add radio work 'scan'@0xb67161b0
07-03 18:41:26.494 5235 5235 D wpa_supplicant: wlan0: First radio work item in the queue - schedule start immediately
07-03 18:41:26.494 5235 5235 D wpa_supplicant: wlan0: Starting radio work 'scan'@0xb67161b0 after 0.000131 second wait
07-03 18:41:26.495 5235 5235 D wpa_supplicant: wlan0: nl80211: scan request
07-03 18:41:26.497 5235 5235 D wpa_supplicant: Scan requested (ret=0) - scan timeout 30 seconds
07-03 18:41:26.497 5235 5235 D wpa_supplicant: nl80211: Drv Event 33 (NL80211_CMD_TRIGGER_SCAN) received for wlan0
07-03 18:41:26.497 5235 5235 D wpa_supplicant: wlan0: nl80211: Scan trigger
07-03 18:41:26.497 5235 5235 D wpa_supplicant: wlan0: Event SCAN_STARTED (47) received
07-03 18:41:26.497 5235 5235 D wpa_supplicant: wlan0: Own scan request started a scan in 0.000190 seconds
07-03 18:41:26.546 1247 6433 I ActivityManager: Setting hasTopUi=false for pid=5271
07-03 18:41:26.559 6532 7193 I SQLiteCastStore: 0 CastNetworkInfo instances loaded, 0 CastDeviceInfo instances loaded, 0 paired guest mode devices loaded.
07-03 18:41:26.894 5235 5235 D wpa_supplicant: wlan0: Control interface command 'SIGNAL_POLL'
07-03 18:41:26.933 18212 18212 I era.mini.native: type=1400 audit(0.0:89): avc: denied { getattr } for uid=10109 path="/mnt/media_rw" dev="tmpfs" ino=6591 scontext=u:r:untrusted_app:s0:c512,c768 tcontext=u:object_r:mnt_media_rw_file:s0 tclass=dir permissive=1
07-03 18:41:26.974 6261 10295 D BluetoothLeScanner: could not find callback wrapper
07-03 18:41:26.977 6261 10295 I BeaconBle: Client requested scan, settings=BleSettings [scanMode=ZERO_POWER, callbackType=ALL_MATCHES, reportDelayMillis=0, 6 filters, 0 clients, callingClientName=Nearby]
07-03 18:41:26.979 5235 5235 D wpa_supplicant: nl80211: Drv Event 34 (NL80211_CMD_NEW_SCAN_RESULTS) received for wlan0
07-03 18:41:26.979 5235 5235 D wpa_supplicant: wlan0: nl80211: New scan results available
07-03 18:41:26.979 5235 5235 D wpa_supplicant: nl80211: Scan probed for SSID 'SECUNDARIAint'
07-03 18:41:26.979 5235 5235 D wpa_supplicant: nl80211: Scan probed for SSID 'INFINITUM2D40'
07-03 18:41:26.979 5235 5235 D wpa_supplicant: nl80211: Scan probed for SSID ''
07-03 18:41:26.979 5235 5235 D wpa_supplicant: nl80211: Scan included frequencies: 2412 2417 2422 2427 2432 2437 2442 2447 2452 2457 2462 2467 2472
07-03 18:41:26.979 5235 5235 D wpa_supplicant: wlan0: Event SCAN_RESULTS (3) received
07-03 18:41:26.979 5235 5235 D wpa_supplicant: wlan0: Scan completed in 0.481929 seconds
07-03 18:41:26.979 5235 5235 D wpa_supplicant: nl80211: Associated on 2437 MHz
07-03 18:41:26.979 5235 5235 D wpa_supplicant: nl80211: Associated with 00:0c:43:53:92:00
07-03 18:41:26.979 5235 5235 D wpa_supplicant: nl80211: Received scan results (10 BSSes)
07-03 18:41:26.979 5235 5235 D wpa_supplicant: nl80211: Scan results indicate BSS status with 00:0c:43:53:92:00 as associated
07-03 18:41:26.979 5235 5235 D wpa_supplicant: wlan0: BSS: Start scan result update 34
07-03 18:41:26.980 5235 5235 D wpa_supplicant: BSS: last_scan_res_used=10/32
07-03 18:41:26.980 5235 5235 D wpa_supplicant: wlan0: Scan-only results received
07-03 18:41:26.980 5235 5235 D wpa_supplicant: wlan0: Radio work 'scan'@0xb67161b0 done in 0.485354 seconds
07-03 18:41:26.980 5235 5235 D wpa_supplicant: wlan0: radio_work_free('scan'@0xb67161b0: num_active_works --> 0
07-03 18:41:26.994 6261 10295 I BeaconBle: Stopping scan on delegate scanner. BT state: 12
07-03 18:41:26.998 15829 15911 D BtGatt.GattService: stopScan() - queue size =1
07-03 18:41:26.999 15829 15856 D BtGatt.ScanManager: stop scan
07-03 18:41:27.012 15829 15855 D BtGatt.GattService: unregisterClient() - clientIf=5
07-03 18:41:27.016 6261 10295 I BeaconBle: Resetting - new scanner available: true
07-03 18:41:27.017 6261 10295 I BeaconBle: ZERO_POWER is disabled.
07-03 18:41:27.017 6261 10295 I BeaconBle: 'L' hardware scan: scan stopped, no powered clients
07-03 18:41:27.029 15829 15852 D BtGatt.GattService: onScanFilterParamsConfigured() - clientIf=5, status=0, action=1, availableSpace=11
07-03 18:41:27.029 15829 15852 D BtGatt.ScanManager: callback done for clientIf - 5 status - 0
07-03 18:41:27.037 15829 15852 D BtGatt.GattService: onScanFilterParamsConfigured() - clientIf=5, status=0, action=1, availableSpace=12
07-03 18:41:27.037 15829 15852 D BtGatt.ScanManager: callback done for clientIf - 5 status - 0
07-03 18:41:27.046 15829 15852 D BtGatt.GattService: onScanFilterParamsConfigured() - clientIf=5, status=0, action=1, availableSpace=13
07-03 18:41:27.046 15829 15852 D BtGatt.ScanManager: callback done for clientIf - 5 status - 0
07-03 18:41:27.054 15829 15852 D BtGatt.GattService: onScanFilterParamsConfigured() - clientIf=5, status=0, action=1, availableSpace=14
07-03 18:41:27.054 15829 15852 D BtGatt.ScanManager: callback done for clientIf - 5 status - 0
07-03 18:41:27.064 15829 15852 D BtGatt.GattService: onScanFilterParamsConfigured() - clientIf=5, status=0, action=1, availableSpace=15
07-03 18:41:27.064 15829 15852 D BtGatt.ScanManager: callback done for clientIf - 5 status - 0
07-03 18:41:27.070 15829 15852 D BtGatt.GattService: onScanFilterParamsConfigured() - clientIf=5, status=0, action=1, availableSpace=16
07-03 18:41:27.070 15829 15852 D BtGatt.ScanManager: callback done for clientIf - 5 status - 0
07-03 18:41:27.070 15829 15856 D BtGatt.ScanManager: configureRegularScanParams() - queue=0
07-03 18:41:27.070 15829 15856 D BtGatt.ScanManager: configureRegularScanParams() - ScanSetting Scan mode=-2147483648 mLastConfiguredScanSetting=2
07-03 18:41:27.071 15829 15856 D BtGatt.ScanManager: configureRegularScanParams() - queue emtpy, scan stopped
07-03 18:41:27.110 6261 13972 W GCM : Mismatched messenger
07-03 18:41:27.179 5271 5271 I SlideTouchEvent: vel=0.0, MinimumFlingVelocity=90
07-03 18:41:27.193 1247 6433 I ActivityManager: START u0 {flg=0x10804000 cmp=com.android.systemui/.recents.RecentsActivity} from uid 10024 on display 0
07-03 18:41:27.241 1247 1626 I ActivityManager: Process com.google.android.apps.magazines (pid 17896) has died
07-03 18:41:27.242 1247 1626 D ActivityManager: cleanUpApplicationRecord -- 17896
07-03 18:41:27.247 9896 9896 I Finsky : [1] com.google.android.finsky.utils.ay.onTrimMemory(2): Memory trim requested to level 10
07-03 18:41:27.280 9896 9896 I Finsky : [1] com.google.android.finsky.av.j.b(21): Stopping LocationRefresher
07-03 18:41:27.297 9896 9896 I Finsky : [1] com.google.android.finsky.utils.ay.onTrimMemory(2): Memory trim requested to level 80
07-03 18:41:27.336 6261 13972 W Conscrypt: Could not set socket write timeout:
07-03 18:41:27.405 5271 5289 I art : Background partial concurrent mark sweep GC freed 82024(3MB) AllocSpace objects, 6(6MB) LOS objects, 39% free, 9MB/15MB, paused 3.421ms total 138.542ms
07-03 18:41:27.421 6261 13972 W Conscrypt: java.lang.reflect.Method.invoke(Native Method)
07-03 18:41:27.421 6261 13972 W Conscrypt: wrp.a(:com.google.android.gms:58)
07-03 18:41:27.622 6261 13972 W Conscrypt: Could not set socket write timeout:
07-03 18:41:27.622 6261 13972 W Conscrypt: java.lang.reflect.Method.invoke(Native Method)
07-03 18:41:27.622 6261 13972 W Conscrypt: wrp.a(:com.google.android.gms:58)
07-03 18:41:28.078 18212 18260 D NetworkSecurityConfig: No Network Security Config specified, using platform default
07-03 18:41:28.635 1247 6386 E ActivityManager: applyOptionsLocked: Unknown animationType=0
07-03 18:41:29.938 5235 5235 D wpa_supplicant: wlan0: Control interface command 'SIGNAL_POLL'
07-03 18:41:30.313 6162 6162 E NEW_BHD : Open /sys/class/power_supply/gb_battery
07-03 18:41:30.334 5502 5502 D VideoCall_LowBattery: BatteryIntent received: android.intent.action.BATTERY_CHANGED
07-03 18:41:30.360 5502 5502 D VideoCall_LowBattery: allowVideoCallsInLowBattery: false isCarrierOneSupported: false mIsLowbattery: false
07-03 18:41:31.319 1247 5251 W InputMethodManagerService: Window already focused, ignoring focus gain of: com.android.internal.view.IInputMethodClient$Stub$Proxy@1af28ef attribute=null, token = android.os.BinderProxy@6500905
07-03 18:41:31.830 1247 5251 I ActivityManager: START u0 {cmp=org.libreoffice.impressremote/.activity.ComputerConnectionActivity (has extras)} from uid 10144 on display 0
07-03 18:41:33.007 5235 5235 D wpa_supplicant: wlan0: Control interface command 'SIGNAL_POLL'
07-03 18:41:34.946 1283 1698 I chatty : uid=1041(audioserver) AudioOut_15 expire 34 lines
07-03 18:41:36.055 5235 5235 D wpa_supplicant: wlan0: Control interface command 'SIGNAL_POLL'
07-03 18:41:39.107 5235 5235 D wpa_supplicant: wlan0: Control interface command 'SIGNAL_POLL'
07-03 18:41:42.149 5235 5235 D wpa_supplicant: wlan0: Control interface command 'SIGNAL_POLL'
07-03 18:41:43.849 5235 5235 D wpa_supplicant: wlan0: Control interface command 'SCAN TYPE=ONLY freq=2437 scan_id=18,2'
07-03 18:41:43.849 5235 5235 D wpa_supplicant: wlan0: Setting scan request: 0.000000 sec
07-03 18:41:43.850 5235 5235 D wpa_supplicant: Scan SSID (manual request): SECUNDARIAint
07-03 18:41:43.850 5235 5235 D wpa_supplicant: Scan SSID (manual request): INFINITUM2D40
07-03 18:41:43.850 5235 5235 D wpa_supplicant: wlan0: Starting AP scan for wildcard SSID
07-03 18:41:43.850 5235 5235 D wpa_supplicant: wlan0: Limit manual scan to specified channels
07-03 18:41:43.850 5235 5235 D wpa_supplicant: wlan0: Add radio work 'scan'@0xb67161b0
07-03 18:41:43.850 5235 5235 D wpa_supplicant: wlan0: First radio work item in the queue - schedule start immediately
07-03 18:41:43.850 5235 5235 D wpa_supplicant: wlan0: Starting radio work 'scan'@0xb67161b0 after 0.000074 second wait
07-03 18:41:43.850 5235 5235 D wpa_supplicant: wlan0: nl80211: scan request
07-03 18:41:43.853 5235 5235 D wpa_supplicant: Scan requested (ret=0) - scan timeout 30 seconds
07-03 18:41:43.853 5235 5235 D wpa_supplicant: nl80211: Drv Event 33 (NL80211_CMD_TRIGGER_SCAN) received for wlan0
07-03 18:41:43.853 5235 5235 D wpa_supplicant: wlan0: nl80211: Scan trigger
07-03 18:41:43.853 5235 5235 D wpa_supplicant: wlan0: Event SCAN_STARTED (47) received
07-03 18:41:43.853 5235 5235 D wpa_supplicant: wlan0: Own scan request started a scan in 0.000188 seconds
07-03 18:41:43.935 5235 5235 D wpa_supplicant: nl80211: Drv Event 34 (NL80211_CMD_NEW_SCAN_RESULTS) received for wlan0
07-03 18:41:43.935 5235 5235 D wpa_supplicant: wlan0: nl80211: New scan results available
