07-03 18:31:11.733 9896 9896 D Error : at android.view.ViewGroup.dispatchTouchEvent(ViewGroup.java:2264)
07-03 18:31:11.733 9896 9896 D Error : at android.view.ViewGroup.dispatchTransformedTouchEvent(ViewGroup.java:2632)
07-03 18:31:11.733 9896 9896 D Error : at android.view.ViewGroup.dispatchTouchEvent(ViewGroup.java:2264)
07-03 18:31:11.733 9896 9896 D Error : at android.view.ViewGroup.dispatchTransformedTouchEvent(ViewGroup.java:2632)
07-03 18:31:11.733 9896 9896 D Error : at android.view.ViewGroup.dispatchTouchEvent(ViewGroup.java:2264)
07-03 18:31:11.733 9896 9896 D Error : at android.view.ViewGroup.dispatchTransformedTouchEvent(ViewGroup.java:2632)
07-03 18:31:11.733 9896 9896 D Error : at android.view.ViewGroup.dispatchTouchEvent(ViewGroup.java:2264)
07-03 18:31:11.733 9896 9896 D Error : at com.google.android.play.d.b.c(SourceFile:122)
07-03 18:31:11.733 9896 9896 D Error : at com.google.android.play.d.b.b(SourceFile:82)
07-03 18:31:11.733 9896 9896 D Error : at com.google.android.finsky.headerlistlayout.FinskyHeaderListLayout.onTouchEvent(SourceFile:38)
07-03 18:31:11.733 9896 9896 D Error : at android.view.View.dispatchTouchEvent(View.java:10024)
07-03 18:31:11.733 9896 9896 D Error : at android.view.ViewGroup.dispatchTransformedTouchEvent(ViewGroup.java:2626)
07-03 18:31:11.733 9896 9896 D Error : at android.view.ViewGroup.dispatchTouchEvent(ViewGroup.java:2307)
07-03 18:31:11.733 9896 9896 D Error : at android.view.ViewGroup.dispatchTransformedTouchEvent(ViewGroup.java:2632)
07-03 18:31:11.733 9896 9896 D Error : at android.view.ViewGroup.dispatchTouchEvent(ViewGroup.java:2264)
07-03 18:31:11.733 9896 9896 D Error : at android.view.ViewGroup.dispatchTransformedTouchEvent(ViewGroup.java:2632)
07-03 18:31:11.733 9896 9896 D Error : at android.view.ViewGroup.dispatchTouchEvent(ViewGroup.java:2264)
07-03 18:31:11.733 9896 9896 D Error : at android.view.ViewGroup.dispatchTransformedTouchEvent(ViewGroup.java:2632)
07-03 18:31:11.733 9896 9896 D Error : at android.view.ViewGroup.dispatchTouchEvent(ViewGroup.java:2264)
07-03 18:31:11.733 9896 9896 D Error : at android.view.ViewGroup.dispatchTransformedTouchEvent(ViewGroup.java:2632)
07-03 18:31:11.733 9896 9896 D Error : at android.view.ViewGroup.dispatchTouchEvent(ViewGroup.java:2264)
07-03 18:31:11.733 9896 9896 D Error : at android.view.ViewGroup.dispatchTransformedTouchEvent(ViewGroup.java:2632)
07-03 18:31:11.733 9896 9896 D Error : at android.view.ViewGroup.dispatchTouchEvent(ViewGroup.java:2264)
07-03 18:31:11.733 9896 9896 D Error : at android.view.ViewGroup.dispatchTransformedTouchEvent(ViewGroup.java:2632)
07-03 18:31:11.733 9896 9896 D Error : at android.view.ViewGroup.dispatchTouchEvent(ViewGroup.java:2264)
07-03 18:31:11.733 9896 9896 D Error : at android.view.ViewGroup.dispatchTransformedTouchEvent(ViewGroup.java:2632)
07-03 18:31:11.733 9896 9896 D Error : at android.view.ViewGroup.dispatchTouchEvent(ViewGroup.java:2264)
07-03 18:31:11.733 9896 9896 D Error : at android.view.ViewGroup.dispatchTransformedTouchEvent(ViewGroup.java:2632)
07-03 18:31:11.733 9896 9896 D Error : at android.view.ViewGroup.dispatchTouchEvent(ViewGroup.java:2264)
07-03 18:31:11.733 9896 9896 D Error : at android.vi
07-03 18:31:11.733 9896 9896 D Error : ERR: TOTAL BYTES WRITTEN: 37300
07-03 18:31:11.733 9896 9896 D Error : ERR: exClass=android.os.StrictMode$StrictModeDiskReadViolation
07-03 18:31:11.734 9896 9896 D Error : ERR: exMsg=policy=23068679 violation=2
07-03 18:31:11.734 9896 9896 D Error : ERR: file=StrictMode.java
07-03 18:31:11.734 9896 9896 D Error : ERR: class=android.os.StrictMode$AndroidBlockGuardPolicy
07-03 18:31:11.734 9896 9896 D Error : ERR: method=onReadFromDisk line=1293
07-03 18:31:11.735 9896 9896 D Error : ERR: stack=android.os.StrictMode$StrictModeDiskReadViolation: policy=23068679 violation=2
07-03 18:31:11.735 9896 9896 D Error : at android.os.StrictMode$AndroidBlockGuardPolicy.onReadFromDisk(StrictMode.java:1293)
07-03 18:31:11.735 9896 9896 D Error : at java.io.UnixFileSystem.getSpace(UnixFileSystem.java:358)
07-03 18:31:11.735 9896 9896 D Error : at java.io.File.getTotalSpace(File.java:1669)
07-03 18:31:11.735 9896 9896 D Error : at android.os.storage.StorageManager.getStorageLowBytes(StorageManager.java:1049)
07-03 18:31:11.735 9896 9896 D Error : at android.os.storage.VolumeInfo.buildStorageVolume(VolumeInfo.java:362)
07-03 18:31:11.735 9896 9896 D Error : at com.android.server.MountService.getVolumeList(MountService.java:3073)
07-03 18:31:11.735 9896 9896 D Error : at android.os.storage.IMountService$Stub.onTransact(IMountService.java:1826)
07-03 18:31:11.735 9896 9896 D Error : at android.os.Binder.execTransact(Binder.java:565)
07-03 18:31:11.735 9896 9896 D Error : # via Binder call with stack:
07-03 18:31:11.735 9896 9896 D Error : android.os.StrictMode$LogStackTrace
07-03 18:31:11.735 9896 9896 D Error : at android.os.StrictMode.readAndHandleBinderCallViolations(StrictMode.java:1954)
07-03 18:31:11.735 9896 9896 D Error : at android.os.Parcel.readExceptionCode(Parcel.java:1665)
07-03 18:31:11.735 9896 9896 D Error : at android.os.Parcel.readException(Parcel.java:1634)
07-03 18:31:11.735 9896 9896 D Error : at android.os.storage.IMountService$Stub$Proxy.getVolumeList(IMountService.java:790)
07-03 18:31:11.735 9896 9896 D Error : at android.os.storage.StorageManager.getVolumeList(StorageManager.java:989)
07-03 18:31:11.735 9896 9896 D Error : at android.os.Environment$UserEnvironment.getExternalDirs(Environment.java:87)
07-03 18:31:11.735 9896 9896 D Error : at android.os.Environment.isExternalStorageEmulated(Environment.java:866)
07-03 18:31:11.735 9896 9896 D Error : at com.google.android.finsky.installer.a.r.e(SourceFile:955)
07-03 18:31:11.735 9896 9896 D Error : at com.google.android.finsky.installer.a.r.d(SourceFile:832)
07-03 18:31:11.735 9896 9896 D Error : at com.google.android.finsky.installer.a.r.b(SourceFile:786)
07-03 18:31:11.735 9896 9896 D Error : at com.google.android.finsky.installer.a.ac.a_(SourceFile:20)
07-03 18:31:11.735 9896 9896 D Error : at com.google.android.finsky.api.a.n.a(SourceFile:552)
07-03 18:31:11.735 9896 9896 D Error : at com.android.volley.h.run(SourceFile:10)
07-03 18:31:11.735 9896 9896 D Error : at android.os.Handler.handleCallback(Handler.java:751)
07-03 18:31:11.735 9896 9896 D Error : at android.os.Handler.dispatchMessage(Handler.java:95)
07-03 18:31:11.735 9896 9896 D Error : at android.os.Looper.loop(Looper.java:154)
07-03 18:31:11.735 9896 9896 D Error : at android.app.ActivityThread.main(ActivityThread.java:6208)
07-03 18:31:11.735 9896 9896 D Error : at java.lang.reflect.Method.invoke(Native Method)
07-03 18:31:11.735 9896 9896 D Error : at com.android.internal.os.ZygoteInit$MethodAndArgsCaller.run(ZygoteInit.java:891)
07-03 18:31:11.735 9896 9896 D Error : at com.android.internal.os.ZygoteInit.main(ZygoteInit.java:781)
07-03 18:31:11.735 9896 9896 D Error : # via Binder call with stack:
07-03 18:31:11.735 9896 9896 D Error : android.os.StrictMode$LogStackTrace
07-03 18:31:11.735 9896 9896 D Error : at android.os.StrictMode.readAndHandleBinderCallViolations(StrictMode.java:1954)
07-03 18:31:11.735 9896 9896 D Error : at android.os.Parcel.readExceptionCode(Parcel.java:1665)
07-03 18:31:11.735 9896 9896 D Error : at android.os.Parcel.readException(Parcel.java:1634)
07-03 18:31:11.735 9896 9896 D Error : at com.google.android.gms.internal.lv.d(Unknown Source)
07-03 18:31:11.735 9896 9896 D Error : at com.google.android.finsky.utils.e.run(SourceFile:6)
07-03 18:31:11.735 9896 9896 D Error : at com.google.android.finsky.bd.a.a(SourceFile:39)
07-03 18:31:11.735 9896 9896 D Error : at com.google.android.finsky.utils.d.onTouch(SourceFile:5)
07-03 18:31:11.735 9896 9896 D Error : at android.view.View.dispatchTouchEvent(View.java:10020)
07-03 18:31:11.735 9896 9896 D Error : at android.view.ViewGroup.dispatchTransformedTouchEvent(ViewGroup.java:2632)
07-03 18:31:11.735 9896 9896 D Error : at android.view.ViewGroup.dispatchTouchEvent(ViewGroup.java:2264)
07-03 18:31:11.735 9896 9896 D Error : at android.view.ViewGroup.dispatchTransformedTouchEvent(ViewGroup.java:2632)
07-03 18:31:11.735 9896 9896 D Error : at android.view.ViewGroup.dispatchTouchEvent(ViewGroup.java:2264)
07-03 18:31:11.735 9896 9896 D Error : at android.view.ViewGroup.dispatchTransformedTouchEvent(ViewGroup.java:2632)
07-03 18:31:11.735 9896 9896 D Error : at android.view.ViewGroup.dispatchTouchEvent(ViewGroup.java:2264)
07-03 18:31:11.735 9896 9896 D Error : at android.view.ViewGroup.dispatchTransformedTouchEvent(ViewGroup.java:2632)
07-03 18:31:11.735 9896 9896 D Error : at android.view.ViewGroup.dispatchTouchEvent(ViewGroup.java:2264)
07-03 18:31:11.735 9896 9896 D Error : at com.google.android.play.d.b.c(SourceFile:122)
07-03 18:31:11.735 9896 9896 D Error : at com.google.android.play.d.b.b(SourceFile:82)
07-03 18:31:11.735 9896 9896 D Error : at com.google.android.finsky.headerlistlayout.FinskyHeaderListLayout.onTouchEvent(SourceFile:38)
07-03 18:31:11.735 9896 9896 D Error : at android.view.View.dispatchTouchEvent(View.java:10024)
07-03 18:31:11.735 9896 9896 D Error : at android.view.ViewGroup.dispatchTransformedTouchEvent(ViewGroup.java:2626)
07-03 18:31:11.735 9896 9896 D Error : at android.view.ViewGroup.dispatchTouchEvent(ViewGroup.java:2307)
07-03 18:31:11.735 9896 9896 D Error : at android.view.ViewGroup.dispatchTransformedTouchEvent(ViewGroup.java:2632)
07-03 18:31:11.735 9896 9896 D Error : at android.view.ViewGroup.dispatchTouchEvent(ViewGroup.java:2264)
07-03 18:31:11.735 9896 9896 D Error : at android.view.ViewGroup.dispatchTransformedTouchEvent(ViewGroup.java:2632)
07-03 18:31:11.735 9896 9896 D Error : at android.view.ViewGroup.dispatchTouchEvent(ViewGroup.java:2264)
07-03 18:31:11.735 9896 9896 D Error : at android.view.ViewGroup.dispatchTransformedTouchEvent(ViewGroup.java:2632)
07-03 18:31:11.735 9896 9896 D Error : at android.view.ViewGroup.dispatchTouchEvent(ViewGroup.java:2264)
07-03 18:31:11.735 9896 9896 D Error : at android.view.ViewGroup.dispatchTransformedTouchEvent(ViewGroup.java:2632)
07-03 18:31:11.735 9896 9896 D Error : at android.view.ViewGroup.dispat
07-03 18:31:11.735 9896 9896 D Error : ERR: TOTAL BYTES WRITTEN: 38556
07-03 18:31:11.735 9896 9896 D Error : ERR: exClass=android.os.StrictMode$StrictModeDiskReadViolation
07-03 18:31:11.735 9896 9896 D Error : ERR: exMsg=policy=23068679 violation=2
07-03 18:31:11.735 9896 9896 D Error : ERR: file=StrictMode.java
07-03 18:31:11.736 9896 9896 D Error : ERR: class=android.os.StrictMode$AndroidBlockGuardPolicy
07-03 18:31:11.736 9896 9896 D Error : ERR: method=onReadFromDisk line=1293
07-03 18:31:11.736 9896 9896 D Error : ERR: stack=android.os.StrictMode$StrictModeDiskReadViolation: policy=23068679 violation=2
07-03 18:31:11.736 9896 9896 D Error : at android.os.StrictMode$AndroidBlockGuardPolicy.onReadFromDisk(StrictMode.java:1293)
07-03 18:31:11.736 9896 9896 D Error : at java.io.UnixFileSystem.getSpace(UnixFileSystem.java:358)
07-03 18:31:11.736 9896 9896 D Error : at java.io.File.getTotalSpace(File.java:1669)
07-03 18:31:11.736 9896 9896 D Error : at android.os.storage.StorageManager.getStorageLowBytes(StorageManager.java:1049)
07-03 18:31:11.736 9896 9896 D Error : at android.os.storage.VolumeInfo.buildStorageVolume(VolumeInfo.java:362)
07-03 18:31:11.736 9896 9896 D Error : at com.android.server.MountService.getVolumeList(MountService.java:3073)
07-03 18:31:11.736 9896 9896 D Error : at android.os.storage.IMountService$Stub.onTransact(IMountService.java:1826)
07-03 18:31:11.736 9896 9896 D Error : at android.os.Binder.execTransact(Binder.java:565)
07-03 18:31:11.736 9896 9896 D Error : # via Binder call with stack:
07-03 18:31:11.736 9896 9896 D Error : android.os.StrictMode$LogStackTrace
07-03 18:31:11.736 9896 9896 D Error : at android.os.StrictMode.readAndHandleBinderCallViolations(StrictMode.java:1954)
07-03 18:31:11.736 9896 9896 D Error : at android.os.Parcel.readExceptionCode(Parcel.java:1665)
07-03 18:31:11.736 9896 9896 D Error : at android.os.Parcel.readException(Parcel.java:1634)
07-03 18:31:11.736 9896 9896 D Error : at android.os.storage.IMountService$Stub$Proxy.getVolumeList(IMountService.java:790)
07-03 18:31:11.736 9896 9896 D Error : at android.os.storage.StorageManager.getVolumeList(StorageManager.java:989)
07-03 18:31:11.736 9896 9896 D Error : at android.os.storage.StorageManager.getStorageVolume(StorageManager.java:866)
07-03 18:31:11.736 9896 9896 D Error : at android.os.Environment.isExternalStorageEmulated(Environment.java:886)
07-03 18:31:11.736 9896 9896 D Error : at android.os.Environment.isExternalStorageEmulated(Environment.java:867)
07-03 18:31:11.736 9896 9896 D Error : at com.google.android.finsky.installer.a.r.e(SourceFile:955)
07-03 18:31:11.736 9896 9896 D Error : at com.google.android.finsky.installer.a.r.d(SourceFile:832)
07-03 18:31:11.736 9896 9896 D Error : at com.google.android.finsky.installer.a.r.b(SourceFile:786)
07-03 18:31:11.736 9896 9896 D Error : at com.google.android.finsky.installer.a.ac.a_(SourceFile:20)
07-03 18:31:11.736 9896 9896 D Error : at com.google.android.finsky.api.a.n.a(SourceFile:552)
07-03 18:31:11.736 9896 9896 D Error : at com.android.volley.h.run(SourceFile:10)
07-03 18:31:11.736 9896 9896 D Error : at android.os.Handler.handleCallback(Handler.java:751)
07-03 18:31:11.736 9896 9896 D Error : at android.os.Handler.dispatchMessage(Handler.java:95)
07-03 18:31:11.736 9896 9896 D Error : at android.os.Looper.loop(Looper.java:154)
07-03 18:31:11.736 9896 9896 D Error : at android.app.ActivityThread.main(ActivityThread.java:6208)
07-03 18:31:11.736 9896 9896 D Error : at java.lang.reflect.Method.invoke(Native Method)
07-03 18:31:11.736 9896 9896 D Error : at com.android.internal.os.ZygoteInit$MethodAndArgsCaller.run(ZygoteInit.java:891)
07-03 18:31:11.736 9896 9896 D Error : at com.android.internal.os.ZygoteInit.main(ZygoteInit.java:781)
07-03 18:31:11.736 9896 9896 D Error : # via Binder call with stack:
07-03 18:31:11.736 9896 9896 D Error : android.os.StrictMode$LogStackTrace
07-03 18:31:11.736 9896 9896 D Error : at android.os.StrictMode.readAndHandleBinderCallViolations(StrictMode.java:1954)
07-03 18:31:11.736 9896 9896 D Error : at android.os.Parcel.readExceptionCode(Parcel.java:1665)
07-03 18:31:11.736 9896 9896 D Error : at android.os.Parcel.readException(Parcel.java:1634)
07-03 18:31:11.736 9896 9896 D Error : at com.google.android.gms.internal.lv.d(Unknown Source)
07-03 18:31:11.736 9896 9896 D Error : at com.google.android.finsky.utils.e.run(SourceFile:6)
07-03 18:31:11.736 9896 9896 D Error : at com.google.android.finsky.bd.a.a(SourceFile:39)
07-03 18:31:11.736 9896 9896 D Error : at com.google.android.finsky.utils.d.onTouch(SourceFile:5)
07-03 18:31:11.736 9896 9896 D Error : at android.view.View.dispatchTouchEvent(View.java:10020)
07-03 18:31:11.736 9896 9896 D Error : at android.view.ViewGroup.dispatchTransformedTouchEvent(ViewGroup.java:2632)
07-03 18:31:11.736 9896 9896 D Error : at android.view.ViewGroup.dispatchTouchEvent(ViewGroup.java:2264)
07-03 18:31:11.736 9896 9896 D Error : at android.view.ViewGroup.dispatchTransformedTouchEvent(ViewGroup.java:2632)
07-03 18:31:11.736 9896 9896 D Error : at android.view.ViewGroup.dispatchTouchEvent(ViewGroup.java:2264)
07-03 18:31:11.736 9896 9896 D Error : at android.view.ViewGroup.dispatchTransformedTouchEvent(ViewGroup.java:2632)
07-03 18:31:11.736 9896 9896 D Error : at android.view.ViewGroup.dispatchTouchEvent(ViewGroup.java:2264)
07-03 18:31:11.736 9896 9896 D Error : at android.view.ViewGroup.dispatchTransformedTouchEvent(ViewGroup.java:2632)
07-03 18:31:11.736 9896 9896 D Error : at android.view.ViewGroup.dispatchTouchEvent(ViewGroup.java:2264)
07-03 18:31:11.736 9896 9896 D Error : at com.google.android.play.d.b.c(SourceFile:122)
07-03 18:31:11.736 9896 9896 D Error : at com.google.android.play.d.b.b(SourceFile:82)
07-03 18:31:11.736 9896 9896 D Error : at com.google.android.finsky.headerlistlayout.FinskyHeaderListLayout.onTouchEvent(SourceFile:38)
07-03 18:31:11.736 9896 9896 D Error : at android.view.View.dispatchTouchEvent(View.java:10024)
07-03 18:31:11.736 9896 9896 D Error : at android.view.ViewGroup.dispatchTransformedTouchEvent(ViewGroup.java:2626)
07-03 18:31:11.736 9896 9896 D Error : at android.view.ViewGroup.dispatchTouchEvent(ViewGroup.java:2307)
07-03 18:31:11.736 9896 9896 D Error : at android.view.ViewGroup.dispatchTransformedTouchEvent(ViewGroup.java:2632)
07-03 18:31:11.736 9896 9896 D Error : at android.view.ViewGroup.dispatchTouchEvent(ViewGroup.java:2264)
07-03 18:31:11.736 9896 9896 D Error : at android.view.ViewGroup.dispatchTransformedTouchEvent(ViewGroup.java:2632)
07-03 18:31:11.736 9896 9896 D Error : at android.view.ViewGroup.dispatchTouchEvent(ViewGroup.java:2264)
07-03 18:31:11.736 9896 9896 D Error : at android.view.ViewGroup.dispatchTransformedTouchEvent(ViewGroup.java:2632)
07-03 18:31:11.736 9896 9896 D Error : at android.view.ViewGroup.dispatchTouchEvent(ViewGroup.java:2264)
07-03 18:31:11.736 9896 9896 D Error : at android.view.ViewGroup.dispatchT
07-03 18:31:11.736 9896 9896 D Error : ERR: TOTAL BYTES WRITTEN: 38704
07-03 18:31:11.773 1247 1627 I ActivityManager: START u0 {cmp=com.android.vending/com.google.android.finsky.billing.lightpurchase.LightPurchaseFlowActivity (has extras)} from uid 10010 on display 0
07-03 18:31:12.180 1247 6386 I ActivityManager: START u0 {cmp=com.android.vending/com.google.android.finsky.activities.AppsPermissionsActivity (has extras)} from uid 10010 on display 0
07-03 18:31:12.382 11356 11356 E ActivityThread: Failed to find provider info for com.teslacoilsw.notifier
07-03 18:31:12.396 1247 7035 I ActivityManager: Start proc 15548:net.dinglisch.android.tasker/u0a216 for broadcast net.dinglisch.android.tasker/.ReceiverStaticAlwaysOn
07-03 18:31:13.211 1247 6425 I ActivityManager: Start proc 15585:com.google.android.apps.nexuslauncher/u0a34 for broadcast com.google.android.apps.nexuslauncher/com.android.launcher3.InstallShortcutReceiver
07-03 18:31:13.251 1247 5251 I ActivityManager: Process com.android.gallery3d (pid 15299) has died
07-03 18:31:13.251 1247 5251 D ActivityManager: cleanUpApplicationRecord -- 15299
07-03 18:31:13.836 1247 7033 I ActivityManager: Start proc 15608:com.google.android.apps.nexuslauncher:wallpaper_chooser/u0a34 for service com.google.android.apps.nexuslauncher/com.android.launcher3.dynamicui.ColorExtractionService
07-03 18:31:13.852 1247 7032 I ActivityManager: Start proc 15619:com.google.android.googlequicksearchbox/u0a35 for broadcast com.google.android.googlequicksearchbox/com.android.launcher3.InstallShortcutReceiver
07-03 18:31:13.915 1247 7032 I ActivityManager: Process android.process.acore (pid 15329) has died
07-03 18:31:13.916 1247 7032 D ActivityManager: cleanUpApplicationRecord -- 15329
07-03 18:31:14.402 1247 6386 I ActivityManager: Process com.keramidas.TitaniumBackup (pid 15416) has died
07-03 18:31:14.402 1247 6386 D ActivityManager: cleanUpApplicationRecord -- 15416
07-03 18:31:14.444 1247 5251 I ActivityManager: Process com.ext.ui (pid 15379) has died
07-03 18:31:14.444 1247 5251 D ActivityManager: cleanUpApplicationRecord -- 15379
07-03 18:31:14.456 1247 6390 I ActivityManager: Process com.google.android.partnersetup (pid 15359) has died
07-03 18:31:14.456 1247 6390 D ActivityManager: cleanUpApplicationRecord -- 15359
07-03 18:31:14.647 1247 6386 I ActivityManager: Start proc 15643:ch.deletescape.lawnchair/u0a136 for broadcast ch.deletescape.lawnchair/.InstallShortcutReceiver
07-03 18:31:14.749 1247 6433 I ActivityManager: Process com.mgoogle.android.gms (pid 15447) has died
07-03 18:31:14.751 1247 6433 D ActivityManager: cleanUpApplicationRecord -- 15447
07-03 18:31:15.508 1247 6433 D ConnectivityService: Returning blocked NetworkInfo to uid=10136
07-03 18:31:15.766 1247 6390 I ActivityManager: Start proc 15684:ch.deletescape.lawnchair:color_extraction/u0a136 for service ch.deletescape.lawnchair/.dynamicui.ColorExtractionService
07-03 18:31:15.839 1247 6390 I ActivityManager: Process com.oasisfeng.greenify (pid 15461) has died
07-03 18:31:15.839 1247 6390 D ActivityManager: cleanUpApplicationRecord -- 15461
07-03 18:31:15.906 1247 6426 I ActivityManager: Process com.sofaking.dailydo (pid 15496) has died
07-03 18:31:15.906 1247 6426 D ActivityManager: cleanUpApplicationRecord -- 15496
07-03 18:31:17.333 1247 15547 W DropBoxManagerService: Dropping: system_app_strictmode (10 > 0 bytes)
07-03 18:31:22.375 1247 6425 I ActivityManager: Process com.google.android.googlequicksearchbox (pid 15619) has died
07-03 18:31:22.375 1247 6425 D ActivityManager: cleanUpApplicationRecord -- 15619
07-03 18:31:22.407 1247 5464 I ActivityManager: Process com.google.android.apps.nexuslauncher:wallpaper_chooser (pid 15608) has died
07-03 18:31:22.408 1247 5464 D ActivityManager: cleanUpApplicationRecord -- 15608
07-03 18:31:28.762 1247 7017 I ActivityManager: START u0 {act=android.intent.action.VIEW flg=0x4080000 cmp=com.android.vending/com.google.android.finsky.activities.ScreenshotsActivityV2 (has extras)} from uid 10010 on display 0
07-03 18:31:51.399 1247 5183 I ActivityManager: START u0 {act=android.intent.action.MAIN cat=[android.intent.category.HOME] flg=0x10200000 cmp=com.teslacoilsw.launcher/.NovaLauncher (has extras)} from uid 1000 on display 0
07-03 18:31:51.854 1247 1626 I ActivityManager: Setting hasTopUi=true for pid=5271
07-03 18:31:52.371 1247 5464 I ActivityManager: Process com.oasisfeng.greenify:service (pid 15477) has died
07-03 18:31:52.371 1247 5464 D ActivityManager: cleanUpApplicationRecord -- 15477
07-03 18:31:52.415 1247 7017 I ActivityManager: Process ch.deletescape.lawnchair (pid 15643) has died
07-03 18:31:52.415 1247 7017 D ActivityManager: cleanUpApplicationRecord -- 15643
07-03 18:31:52.457 1247 6433 I ActivityManager: Process ch.deletescape.lawnchair:color_extraction (pid 15684) has died
07-03 18:31:52.457 1247 6433 D ActivityManager: cleanUpApplicationRecord -- 15684
07-03 18:31:52.481 1247 6390 I ActivityManager: Process com.google.android.apps.nexuslauncher (pid 15585) has died
07-03 18:31:52.481 1247 6390 D ActivityManager: cleanUpApplicationRecord -- 15585
07-03 18:31:52.867 6261 6261 I chatty : uid=10013 com.google.android.gms.persistent expire 21 lines
07-03 18:31:53.450 1247 6433 I ActivityManager: START u0 {act=android.intent.action.MAIN cat=[android.intent.category.LAUNCHER] flg=0x10000000 pkg=org.libreoffice.impressremote cmp=org.libreoffice.impressremote/.activity.ComputersActivity} from uid 10010 on display 0
07-03 18:31:53.451 1247 7017 W InputMethodManagerService: Window already focused, ignoring focus gain of: com.android.internal.view.IInputMethodClient$Stub$Proxy@6a842d8 attribute=null, token = android.os.BinderProxy@907c690
07-03 18:31:53.572 1247 5251 I ActivityManager: Start proc 15781:org.libreoffice.impressremote/u0a144 for activity org.libreoffice.impressremote/.activity.ComputersActivity
07-03 18:31:53.865 1247 7032 I ActivityManager: Setting hasTopUi=false for pid=5271
07-03 18:31:54.019 1247 6433 I ActivityManager: START u0 {act=android.bluetooth.adapter.action.REQUEST_ENABLE cmp=com.android.settings/.bluetooth.RequestPermissionActivity} from uid 10144 on display 0
07-03 18:31:54.142 1247 6017 I ActivityManager: Start proc 15800:com.android.settings/1000 for activity com.android.settings/.bluetooth.RequestPermissionActivity
07-03 18:31:54.413 1247 6433 I ActivityManager: START u0 {act=com.android.settings.bluetooth.ACTION_INTERNAL_REQUEST_BT_ON cmp=com.android.settings/.bluetooth.RequestPermissionHelperActivity} from uid 1000 on display 0
07-03 18:31:57.947 1247 1627 D BluetoothManagerService: enable(com.android.settings): mBluetooth =null mBinding = false mState = OFF
07-03 18:31:57.954 1247 1845 D BluetoothManagerService: MESSAGE_ENABLE(0): mBluetooth = null
07-03 18:31:57.994 1247 1627 D BluetoothManagerService: enable returning
07-03 18:31:57.998 1247 1845 I ActivityManager: Start proc 15829:com.android.bluetooth/1002 for service com.android.bluetooth/.btservice.AdapterService
07-03 18:31:58.416 1247 1247 D BluetoothManagerService: Bluetooth Adapter name changed to Moto G
07-03 18:31:58.424 1247 1247 D BluetoothManagerService: Stored Bluetooth name: Moto G
07-03 18:31:58.433 1247 1247 D BluetoothManagerService: BluetoothServiceConnection: com.android.bluetooth.btservice.AdapterService
07-03 18:31:58.434 1247 1845 D BluetoothManagerService: MESSAGE_BLUETOOTH_SERVICE_CONNECTED: 1
07-03 18:31:58.444 1247 1845 D BluetoothManagerService: Broadcasting onBluetoothServiceUp() to 10 receivers.
07-03 18:31:58.454 1247 1845 D BluetoothManagerService: MESSAGE_BLUETOOTH_STATE_CHANGE: OFF > BLE_TURNING_ON
07-03 18:31:58.455 1247 1845 D BluetoothManagerService: Sending BLE State Change: OFF > BLE_TURNING_ON
07-03 18:31:59.186 1247 1247 D BluetoothManagerService: Bluetooth Adapter name changed to Moto G
07-03 18:31:59.186 1247 1247 D BluetoothManagerService: Stored Bluetooth name: Moto G
07-03 18:31:59.225 1247 1845 D BluetoothManagerService: MESSAGE_BLUETOOTH_STATE_CHANGE: BLE_TURNING_ON > BLE_ON
07-03 18:31:59.225 1247 1845 D BluetoothManagerService: Bluetooth is in LE only mode
07-03 18:31:59.225 1247 1845 D BluetoothManagerService: Binding Bluetooth GATT service
07-03 18:31:59.226 1247 1845 D BluetoothManagerService: Sending BLE State Change: BLE_TURNING_ON > BLE_ON
07-03 18:31:59.229 1247 1247 D BluetoothManagerService: BluetoothServiceConnection: com.android.bluetooth.gatt.GattService
07-03 18:31:59.229 1247 1845 D BluetoothManagerService: MESSAGE_BLUETOOTH_SERVICE_CONNECTED: 2
07-03 18:31:59.231 1247 1845 D BluetoothManagerService: BluetoothGatt Service is Up
07-03 18:31:59.233 1247 1845 D BluetoothManagerService: isBleAppPresent() count: 0
07-03 18:31:59.236 1247 1845 D BluetoothManagerService: Persisting Bluetooth Setting: 1
07-03 18:31:59.239 1247 1845 D BluetoothManagerService: MESSAGE_BLUETOOTH_STATE_CHANGE: BLE_ON > TURNING_ON
07-03 18:31:59.239 1247 1845 D BluetoothManagerService: Sending BLE State Change: BLE_ON > TURNING_ON
07-03 18:31:59.428 1247 1845 D BluetoothManagerService: MESSAGE_BLUETOOTH_STATE_CHANGE: TURNING_ON > ON
07-03 18:31:59.428 1247 1845 D BluetoothManagerService: Broadcasting onBluetoothStateChange(true) to 13 receivers.
07-03 18:31:59.432 1247 1845 D BluetoothManagerService: Creating new ProfileServiceConnections object for profile: 1
07-03 18:31:59.455 1247 1845 D BluetoothManagerService: Sending BLE State Change: TURNING_ON > ON
07-03 18:31:59.466 1247 1247 I Telecom : BluetoothPhoneService: queryPhoneState: BPSI.qPS@AGw
07-03 18:31:59.741 1247 1626 W InputMethodManagerService: Window already focused, ignoring focus gain of: com.android.internal.view.IInputMethodClient$Stub$Proxy@80fe664 attribute=null, token = android.os.BinderProxy@be42e86
07-03 18:31:59.778 1247 1627 D BluetoothManagerService: Registered for death of com.google.android.gms
07-03 18:31:59.778 1247 1627 D BluetoothManagerService: 1 registered Ble Apps
07-03 18:32:01.742 1247 6388 I ActivityManager: START u0 {cmp=org.libreoffice.impressremote/.activity.ComputerConnectionActivity (has extras)} from uid 10144 on display 0
07-03 18:32:01.869 15800 15800 W ContextImpl: Calling a method in the system process without a qualified user: android.app.ContextImpl.startService:1357 android.content.ContextWrapper.startService:613 android.content.ContextWrapper.startService:613 com.android.settings.bluetooth.DockEventReceiver.beginStartingService:134 com.android.settings.bluetooth.DockEventReceiver.onReceive:115
07-03 18:32:04.136 1247 5251 I ActivityManager: START u0 {cmp=org.libreoffice.impressremote/.activity.ComputerConnectionActivity (has extras)} from uid 10144 on display 0
07-03 18:32:04.473 1247 7032 I ActivityManager: Start proc 15965:com.ifttt.ifttt/u0a122 for broadcast com.ifttt.ifttt/.bluetooth.BluetoothBroadcastReceiver
07-03 18:32:04.706 1247 15919 W DropBoxManagerService: Dropping: system_app_strictmode (10 > 0 bytes)
07-03 18:32:06.808 1247 7033 I ActivityManager: Start proc 16039:com.google.android.apps.maps/u0a74 for service com.google.android.apps.maps/com.google.android.apps.gmm.shared.util.networkquality.NetworkQualityRefreshService
07-03 18:32:09.329 1247 6388 I ActivityManager: START u0 {cmp=org.libreoffice.impressremote/.activity.SettingsActivity} from uid 10144 on display 0
07-03 18:32:36.332 1247 7035 I ActivityManager: Setting hasTopUi=true for pid=5271
07-03 18:32:45.294 1247 5464 I ActivityManager: Process com.ifttt.ifttt (pid 15965) has died
07-03 18:32:45.294 1247 5464 D ActivityManager: cleanUpApplicationRecord -- 15965
07-03 18:32:48.458 1247 7035 W InputMethodManagerService: Window already focused, ignoring focus gain of: com.android.internal.view.IInputMethodClient$Stub$Proxy@95427c3 attribute=null, token = android.os.BinderProxy@6500905
07-03 18:32:48.475 1247 7028 I ActivityManager: Setting hasTopUi=false for pid=5271
07-03 18:32:54.094 1247 5251 I ActivityManager: Setting hasTopUi=true for pid=5271
07-03 18:32:58.981 1247 1717 E BatteryStatsService: modem info is invalid: ModemActivityInfo{ mTimestamp=0 mSleepTimeMs=0 mIdleTimeMs=0 mTxTimeMs[]=[0, 0, 0, 0, 0] mRxTimeMs=0 mEnergyUsed=0}
07-03 18:33:06.291 1247 7035 W InputMethodManagerService: Window already focused, ignoring focus gain of: com.android.internal.view.IInputMethodClient$Stub$Proxy@b4547cd attribute=null, token = android.os.BinderProxy@6500905
07-03 18:33:06.310 1247 1626 I ActivityManager: Setting hasTopUi=false for pid=5271
07-03 18:33:09.286 1247 5464 I ActivityManager: Process com.google.android.apps.maps (pid 16039) has died
07-03 18:33:09.286 1247 5464 D ActivityManager: cleanUpApplicationRecord -- 16039
07-03 18:33:09.302 1247 7028 D ConnectivityService: ConnectivityService NetworkRequestInfo binderDied(NetworkRequest [ LISTEN id=19, [ Capabilities: INTERNET&NOT_RESTRICTED&TRUSTED&FOREGROUND] ], android.os.BinderProxy@1dc9f73)
07-03 18:33:09.464 1247 5202 E ConnectivityService: RemoteException caught trying to send a callback msg for NetworkRequest [ LISTEN id=19, [ Capabilities: INTERNET&NOT_RESTRICTED&TRUSTED&FOREGROUND] ]
07-03 18:33:09.738 1247 2255 I ActivityManager: Start proc 16197:com.android.defcontainer/u0a6 for service com.android.defcontainer/.DefaultContainerService
07-03 18:33:09.794 1247 6426 I ActivityManager: Process com.android.settings (pid 15800) has died
07-03 18:33:09.794 1247 6426 D ActivityManager: cleanUpApplicationRecord -- 15800
07-03 18:33:09.823 1247 5988 I ActivityManager: START u0 {cmp=org.libreoffice.impressremote/.activity.ComputerCreationActivity} from uid 10144 on display 0
07-03 18:33:18.144 1247 2255 V BackupManagerService: restoreAtInstall pkg=org.documentfoundation.libreoffice token=2 restoreSet=0
07-03 18:33:18.146 1247 2255 V BackupManagerService: Finishing install immediately
07-03 18:33:18.393 1247 1704 I ActivityManager: Start proc 16233:com.android.gallery3d/u0a46 for broadcast com.android.gallery3d/.app.PackagesMonitor
07-03 18:33:18.839 1247 7032 I ActivityManager: Start proc 16263:android.process.acore/u0a1 for broadcast com.android.providers.contacts/.PackageIntentReceiver
07-03 18:33:19.592 1247 5464 I ActivityManager: Start proc 16287:com.google.android.partnersetup/u0a36 for broadcast com.google.android.partnersetup/.RlzPingBroadcastReceiver
07-03 18:33:19.907 1247 6433 I ActivityManager: Start proc 16313:com.ext.ui/u0a140 for broadcast com.ext.ui/.AppUpdateReceiver
07-03 18:33:21.008 1247 6386 I ActivityManager: START u0 {cmp=org.libreoffice.impressremote/.activity.ComputerConnectionActivity (has extras)} from uid 10144 on display 0
07-03 18:33:21.726 1247 7035 I ActivityManager: Start proc 16358:com.keramidas.TitaniumBackup/u0a87 for broadcast com.keramidas.TitaniumBackup/.PackageEventsReceiver
07-03 18:33:22.266 1247 5464 I ActivityManager: Start proc 16377:com.mgoogle.android.gms/u0a268 for broadcast com.mgoogle.android.gms/org.microg.gms.gcm.UnregisterReceiver
07-03 18:33:22.272 1247 7017 W BackupManagerService: dataChanged but no participant pkg='com.teslacoilsw.launcher' uid=10112
07-03 18:33:22.423 1247 7035 I ActivityManager: Start proc 16391:com.oasisfeng.greenify/u0a124 for broadcast com.oasisfeng.greenify/.engine.PackageMonitor
07-03 18:33:22.656 1247 7033 I ActivityManager: Start proc 16409:com.oasisfeng.greenify:service/u0a124 for content provider com.oasisfeng.greenify/.engine.data.GreenifiedAppsProvider
07-03 18:33:22.760 1247 6017 W BroadcastQueue: Background execution not allowed: receiving Intent { act=android.intent.action.PACKAGE_ADDED dat=package:org.documentfoundation.libreoffice flg=0x4000010 (has extras) } to com.playwaveline/com.appodeal.ads.AppodealPackageAddedReceiver
07-03 18:33:22.773 1247 1704 I ActivityManager: Start proc 16426:com.sofaking.dailydo/u0a273 for broadcast com.sofaking.dailydo/.InstallReceiver
07-03 18:33:23.809 1247 7032 I ActivityManager: Setting hasTopUi=true for pid=5271
07-03 18:33:24.064 11356 11356 E ActivityThread: Failed to find provider info for com.teslacoilsw.notifier
07-03 18:33:24.619 1247 6426 I ActivityManager: Start proc 16487:com.google.android.apps.nexuslauncher/u0a34 for broadcast com.google.android.apps.nexuslauncher/com.android.launcher3.InstallShortcutReceiver
07-03 18:33:25.172 1247 6390 I ActivityManager: Start proc 16506:com.google.android.googlequicksearchbox/u0a35 for broadcast com.google.android.googlequicksearchbox/com.android.launcher3.InstallShortcutReceiver
07-03 18:33:25.934 1247 6433 I ActivityManager: Start proc 16526:ch.deletescape.lawnchair/u0a136 for broadcast ch.deletescape.lawnchair/.InstallShortcutReceiver
07-03 18:33:26.100 1247 1626 W InputMethodManagerService: Window already focused, ignoring focus gain of: com.android.internal.view.IInputMethodClient$Stub$Proxy@347ca01 attribute=null, token = android.os.BinderProxy@8d83147
07-03 18:33:26.120 1247 7032 I ActivityManager: Setting hasTopUi=false for pid=5271
07-03 18:33:26.762 1247 6426 I ActivityManager: Process android.process.media (pid 14661) has died
07-03 18:33:26.763 1247 6426 D ActivityManager: cleanUpApplicationRecord -- 14661
07-03 18:33:53.310 1247 5202 D ConnectivityService: NetworkAgentInfo [WIFI () - 100] EVENT_NETWORK_INFO_CHANGED, going from CONNECTED to DISCONNECTED
07-03 18:33:53.310 1247 5202 D ConnectivityService: NetworkAgentInfo [WIFI () - 100] got DISCONNECTED, was satisfying 8
07-03 18:33:53.477 1247 1704 I ActivityManager: Start proc 16599:com.ifttt.ifttt/u0a122 for broadcast com.ifttt.ifttt/.wifi.WifiBroadcastReceiver
07-03 18:33:54.002 1247 5202 D ConnectivityService: Sending DISCONNECTED broadcast for type 1 NetworkAgentInfo [WIFI () - 100] isDefaultNetwork=true
07-03 18:33:54.705 1247 5202 E NetdConnector: NDC Command {175 network destroy 100} took too long (684ms)
07-03 18:33:55.576 1247 5194 D ConnectivityService: registerNetworkAgent NetworkAgentInfo{ ni{[type: WIFI[], state: CONNECTING/CONNECTING, reason: (unspecified), extra: "INFINITUMjhgc", failover: false, available: true, roaming: false, metered: false]} network{103} nethandle{442398067422} lp{{LinkAddresses: [] Routes: [] DnsAddresses: [] Domains: null MTU: 0}} nc{[ Transports: WIFI Capabilities: NOT_METERED&INTERNET&NOT_RESTRICTED&TRUSTED&NOT_VPN LinkUpBandwidth>=1048576Kbps LinkDnBandwidth>=1048576Kbps]} Score{20} everValidated{false} lastValidated{false} created{false} lingering{false} explicitlySelected{false} acceptUnvalidated{false} everCaptivePortalDetected{false} lastCaptivePortalDetected{false} }
07-03 18:33:55.580 1247 5202 D ConnectivityService: NetworkAgentInfo [WIFI () - 103] EVENT_NETWORK_INFO_CHANGED, going from null to CONNECTING
07-03 18:33:55.750 1247 6386 I ActivityManager: Start proc 16781:org.geogebra.android/u0a125 for broadcast org.geogebra.android/.sync.UploadBackgroundManager_
07-03 18:33:55.942 1247 5202 D ConnectivityService: NetworkAgentInfo [WIFI () - 103] EVENT_NETWORK_INFO_CHANGED, going from CONNECTING to CONNECTED
07-03 18:33:55.944 1247 5202 D ConnectivityService: Adding iface wlan0 to network 103
07-03 18:33:56.029 1247 5202 D ConnectivityService: Setting DNS servers for network 103 to [/8.8.8.8, /8.8.4.4]
07-03 18:33:56.070 1247 5202 D ConnectivityService: Switching to new default network: NetworkAgentInfo{ ni{[type: WIFI[], state: CONNECTED/CONNECTED, reason: (unspecified), extra: "INFINITUMjhgc", failover: false, available: true, roaming: false, metered: false]} network{103} nethandle{442398067422} lp{{InterfaceName: wlan0 LinkAddresses: [fe80::8610:dff:fe21:cd35/64,192.168.1.67/24,] Routes: [fe80::/64 -> :: wlan0,192.168.1.0/24 -> 0.0.0.0 wlan0,0.0.0.0/0 -> 192.168.1.254 wlan0,] DnsAddresses: [8.8.8.8,8.8.4.4,] Domains: gateway.huawei.net MTU: 0 TcpBufferSizes: 131072,262144,3145728,4096,221184,3145728}} nc{[ Transports: WIFI Capabilities: NOT_METERED&INTERNET&NOT_RESTRICTED&TRUSTED&NOT_VPN&FOREGROUND LinkUpBandwidth>=1048576Kbps LinkDnBandwidth>=1048576Kbps SignalStrength: -71]} Score{16} everValidated{false} lastValidated{false} created{true} lingering{false} explicitlySelected{false} acceptUnvalidated{false} everCaptivePortalDetected{false} lastCaptivePortalDetected{false} }
07-03 18:33:56.178 1247 5202 D ConnectivityService: Sending CONNECTED broadcast for type 1 NetworkAgentInfo [WIFI () - 103] isDefaultNetwork=true
07-03 18:33:56.644 1247 5202 D ConnectivityService: NetworkAgentInfo [WIFI () - 103] validation passed
07-03 18:33:56.700 1247 1702 I ActivityManager: Start proc 16865:com.google.android.apps.magazines/u0a80 for service com.google.android.apps.magazines/com.google.apps.dots.android.newsstand.service.SyncAdapterService
07-03 18:33:56.799 1247 6386 I ActivityManager: Killing 15251:com.google.process.gapps/u0a13 (adj 906): empty #17
07-03 18:33:56.821 1247 1704 I ActivityManager: Start proc 16880:com.google.android.apps.plus/u0a69 for broadcast com.google.android.apps.plus/com.google.android.libraries.social.autobackup.AutoBackupEnvironment$ConnectivityReceiver
07-03 18:33:56.833 1247 7033 D ActivityManager: cleanUpApplicationRecord -- 15251
07-03 18:33:57.095 1247 6433 I ActivityManager: Process com.android.gallery3d (pid 16233) has died
07-03 18:33:57.096 1247 6433 D ActivityManager: cleanUpApplicationRecord -- 16233
07-03 18:33:57.251 1247 6425 D ConnectivityService: registerNetworkAgent NetworkAgentInfo{ ni{[type: MOBILE[HSPA+], state: CONNECTED/CONNECTED, reason: connected, extra: internet.virginmobile.mx, failover: false, available: true, roaming: false, metered: true]} network{104} nethandle{446693034718} lp{{InterfaceName: rmnet_data0 LinkAddresses: [10.50.248.210/30,] Routes: [0.0.0.0/0 -> 10.50.248.209 rmnet_data0,] DnsAddresses: [200.76.80.11,200.76.88.11,] Domains: null MTU: 1500 TcpBufferSizes: 131072,262144,1452032,4096,16384,399360}} nc{[ Transports: CELLULAR Capabilities: MMS&SUPL&FOTA&IMS&CBS&IA&INTERNET&NOT_RESTRICTED&TRUSTED&NOT_VPN LinkUpBandwidth>=384Kbps LinkDnBandwidth>=384Kbps Specifier: <1>]} Score{10} everValidated{false} lastValidated{false} created{false} lingering{false} explicitlySelected{false} acceptUnvalidated{false} everCaptivePortalDetected{false} lastCaptivePortalDetected{false} }
07-03 18:33:57.251 1247 5202 D ConnectivityService: NetworkAgentInfo [MOBILE (HSPA+) - 104] EVENT_NETWORK_INFO_CHANGED, going from null to CONNECTED
07-03 18:33:57.253 1247 5202 D ConnectivityService: Adding iface rmnet_data0 to network 104
07-03 18:33:57.372 1247 5202 D ConnectivityService: Setting DNS servers for network 104 to [/200.76.80.11, /200.76.88.11]
07-03 18:33:57.421 1247 7033 I ActivityManager: Start proc 16973:android.process.media/u0a8 for content provider com.android.providers.media/.MediaProvider
07-03 18:33:57.426 1247 5202 D ConnectivityService: Reaping NetworkAgentInfo [MOBILE (HSPA+) - 104]
07-03 18:33:57.430 1247 5202 D ConnectivityService: NetworkAgentInfo [MOBILE (HSPA+) - 104] got DISCONNECTED, was satisfying 7
07-03 18:33:57.577 1247 6390 I ActivityManager: Start proc 17006:com.google.process.gapps/u0a13 for content provider com.google.android.gsf/.gservices.GservicesProvider
07-03 18:33:57.888 1247 1627 I ActivityManager: Killing 16197:com.android.defcontainer/u0a6 (adj 906): empty #17
07-03 18:33:57.932 1247 6017 D ActivityManager: cleanUpApplicationRecord -- 16197
07-03 18:33:58.402 1247 6433 I ActivityManager: Process android.process.acore (pid 16263) has died
07-03 18:33:58.402 1247 6433 D ActivityManager: cleanUpApplicationRecord -- 16263
07-03 18:33:58.416 1247 7017 I ActivityManager: Process com.keramidas.TitaniumBackup (pid 16358) has died
07-03 18:33:58.416 1247 7017 D ActivityManager: cleanUpApplicationRecord -- 16358
07-03 18:33:58.466 1247 6390 I ActivityManager: Process com.google.android.partnersetup (pid 16287) has died
07-03 18:33:58.466 1247 6390 D ActivityManager: cleanUpApplicationRecord -- 16287
07-03 18:33:58.471 1247 16829 I ActivityManager: Process com.ext.ui (pid 16313) has died
07-03 18:33:58.474 1247 16829 D ActivityManager: cleanUpApplicationRecord -- 16313
07-03 18:33:58.547 1247 5251 I ActivityManager: Process com.sofaking.dailydo (pid 16426) has died
07-03 18:33:58.548 1247 5251 D ActivityManager: cleanUpApplicationRecord -- 16426
07-03 18:33:58.555 1247 7017 I ActivityManager: Process com.oasisfeng.greenify (pid 16391) has died
07-03 18:33:58.555 1247 7017 D ActivityManager: cleanUpApplicationRecord -- 16391
07-03 18:33:58.564 1247 6426 I ActivityManager: Process com.oasisfeng.greenify:service (pid 16409) has died
07-03 18:33:58.564 1247 6426 D ActivityManager: cleanUpApplicationRecord -- 16409
07-03 18:33:58.614 1247 16829 I ActivityManager: Process ch.deletescape.lawnchair (pid 16526) has died
07-03 18:33:58.614 1247 16829 D ActivityManager: cleanUpApplicationRecord -- 16526
07-03 18:33:58.959 1247 5251 I ActivityManager: Start proc 17066:com.android.cellbroadcastreceiver/u0a4 for broadcast com.android.cellbroadcastreceiver/.CellBroadcastReceiver
07-03 18:33:59.817 1247 1702 I ActivityManager: Start proc 17197:com.google.android.apps.docs.editors.slides/u0a82 for service com.google.android.apps.docs.editors.slides/com.google.android.apps.docs.sync.syncadapter.DocsSyncAdapterService --------- beginning of main
07-03 18:33:59.965 5502 5513 D IccSmsInterfaceManager: [IccSmsInterfaceManager] Added GSM cell broadcast subscription for MID range 4379 to 4379 from client com.android.cellbroadcastreceiver
07-03 18:33:59.965 5502 5513 D IccSmsInterfaceManager: [IccSmsInterfaceManager] Calling setCellBroadcastActivation(true)
07-03 18:34:00.001 5502 5658 D IccSmsInterfaceManager: [IccSmsInterfaceManager] Failed to remove GSM cell broadcast subscription for MID range 4380 to 4382 from client com.android.cellbroadcastreceiver
07-03 18:34:00.023 5502 5659 D IccSmsInterfaceManager: [IccSmsInterfaceManager] Added GSM cell broadcast subscription for MID range 4383 to 4383 from client com.android.cellbroadcastreceiver
07-03 18:34:00.023 5502 5659 D IccSmsInterfaceManager: [IccSmsInterfaceManager] Calling setCellBroadcastActivation(true)
07-03 18:34:00.055 5502 5514 D IccSmsInterfaceManager: [IccSmsInterfaceManager] Added GSM cell broadcast subscription for MID range 4384 to 4385 from client com.android.cellbroadcastreceiver
07-03 18:34:00.056 5502 5514 D IccSmsInterfaceManager: [IccSmsInterfaceManager] Calling setCellBroadcastActivation(true)
07-03 18:34:00.099 5502 5657 D IccSmsInterfaceManager: [IccSmsInterfaceManager] Added GSM cell broadcast subscription for MID range 4386 to 4391 from client com.android.cellbroadcastreceiver
07-03 18:34:00.099 5502 5657 D IccSmsInterfaceManager: [IccSmsInterfaceManager] Calling setCellBroadcastActivation(true)
07-03 18:34:00.142 5502 5514 D IccSmsInterfaceManager: [IccSmsInterfaceManager] Added GSM cell broadcast subscription for MID range 4392 to 4392 from client com.android.cellbroadcastreceiver
07-03 18:34:00.143 5502 5514 D IccSmsInterfaceManager: [IccSmsInterfaceManager] Calling setCellBroadcastActivation(true)
07-03 18:34:00.176 1247 1265 I chatty : uid=1000(system) HeapTaskDaemon expire 9 lines
07-03 18:34:00.188 5502 5514 D IccSmsInterfaceManager: [IccSmsInterfaceManager] Failed to remove GSM cell broadcast subscription for MID range 4393 to 4395 from client com.android.cellbroadcastreceiver
07-03 18:34:00.207 5502 5513 D IccSmsInterfaceManager: [IccSmsInterfaceManager] Failed to remove GSM cell broadcast subscription for MID range 50 to 50 from client com.android.cellbroadcastreceiver
07-03 18:34:00.219 17066 17150 D CellBroadcastOtherChannelsManager: No additional channels configured. subId = 1
07-03 18:34:00.440 1247 16960 I chatty : uid=1000 system_server expire 1 line
07-03 18:34:00.506 1328 3963 W SocketClient: write error (Broken pipe)
07-03 18:34:00.523 1221 1221 I chatty : uid=1000(system) /system/bin/surfaceflinger expire 15 lines
07-03 18:34:00.765 17197 17239 I GAv4 : Google Analytics 10.2.98 is starting up. To enable debug logging on a device run:
07-03 18:34:00.765 17197 17239 I GAv4 : adb shell setprop log.tag.GAv4 DEBUG
07-03 18:34:00.765 17197 17239 I GAv4 : adb logcat -s GAv4
07-03 18:34:00.790 17197 17241 W GAv4 : AnalyticsReceiver is not registered or is disabled. Register the receiver for reliable dispatching on non-Google Play devices. See http://goo.gl/8Rd3yj for instructions.
07-03 18:34:00.793 17197 17241 W GAv4 : CampaignTrackingReceiver is not registered, not exported or is disabled. Installation campaign tracking is not possible. See http://goo.gl/8Rd3yj for instructions.
07-03 18:34:00.797 17197 17241 W GAv4 : AnalyticsService not registered in the app manifest. Hits might not be delivered reliably. See http://goo.gl/8Rd3yj for instructions.
07-03 18:34:00.885 17197 17197 W FieldDefinition: Ignoring isIndexed constraint as field also has uniqueness constraint (on just this field, and therefore SQLite will have to create an index on that. For field: com.google.android.apps.docs.database.common.FieldDefinition$a@4d5a8cf
07-03 18:34:01.003 6439 11451 I KDE/LanLinkProvider: Identity package received from a TCP connection from gabriel@Laptop
07-03 18:34:01.003 6439 11451 I KDE/LanLinkProvider: Starting SSL handshake with gabriel@Laptop trusted:true
07-03 18:34:01.169 17197 17262 W SyncManagerImpl: Initiating sync for AccountId 89b431c7 (com.google.android.apps.docs.editors.punch)
07-03 18:34:01.464 17197 17256 D NetworkSecurityConfig: No Network Security Config specified, using platform default
07-03 18:34:01.465 1247 16847 W DropBoxManagerService: Dropping: system_app_strictmode (1864 > 0 bytes)
07-03 18:34:01.478 6439 11451 I KDE/LanLinkProvider: Identity package received from a TCP connection from gabriel@Laptop
07-03 18:34:01.479 6439 11451 I KDE/LanLinkProvider: Starting SSL handshake with gabriel@Laptop trusted:true
07-03 18:34:01.775 5235 5235 I chatty : uid=1010(wifi) /system/bin/wpa_supplicant expire 11 lines
07-03 18:34:02.270 1247 16832 W InputMethodManagerService: Window already focused, ignoring focus gain of: com.android.internal.view.IInputMethodClient$Stub$Proxy@1719134 attribute=android.view.inputmethod.EditorInfo@9d0db5d, token = android.os.BinderProxy@6500905
07-03 18:34:02.463 1247 16979 I chatty : uid=1000 system_server expire 2 lines
07-03 18:34:02.475 1247 16980 I chatty : uid=1000 system_server expire 2 lines
07-03 18:34:03.972 17197 17236 D ApplicationLoaders: ignored Vulkan layer search path /data/app/com.google.android.gms-1/lib/arm:/system/fake-libs:/data/app/com.google.android.gms-1/base.apk!/lib/armeabi-v7a for namespace 0xb416e090
07-03 18:34:04.062 17197 17236 V NativeCrypto: Registering com/google/android/gms/org/conscrypt/NativeCrypto's 259 native methods...
07-03 18:34:04.142 17197 17236 I ProviderInstaller: Installed default security provider GmsCore_OpenSSL
07-03 18:34:04.181 17197 17236 W SyncManagerImpl: Started sync for AccountId 89b431c7
07-03 18:34:04.220 17197 17236 W Flag : Duration spec must be at least 2 characters long:
07-03 18:34:04.505 17197 17236 W lrq : Application name is not set. Call Builder#setApplicationName.
07-03 18:34:04.511 17197 17236 W lrq : Application name is not set. Call Builder#setApplicationName.
07-03 18:34:04.544 17197 17236 W lrq : Application name is not set. Call Builder#setApplicationName.
07-03 18:34:04.763 1247 6388 I ActivityManager: START u0 {cmp=org.libreoffice.impressremote/.activity.ComputerCreationActivity} from uid 10144 on display 0
07-03 18:34:04.958 1247 1847 I chatty : uid=1000(system) android.display expire 10 lines
07-03 18:34:05.167 7207 7207 W ResourceType: No known package when getting value for resource number 0xff000000
07-03 18:34:05.168 7207 7207 W ResourceType: No known package when getting value for resource number 0xff000000
07-03 18:34:05.411 15781 15781 W IInputConnectionWrapper: finishComposingText on inactive InputConnection
07-03 18:34:05.671 17197 17202 I art : Do partial code cache collection, code=28KB, data=29KB
07-03 18:34:05.671 17197 17202 I art : After code cache collection, code=26KB, data=27KB
07-03 18:34:05.672 17197 17202 I art : Increasing code cache capacity to 128KB
07-03 18:34:05.721 6439 17270 I KDE/LanLinkProvider: Handshake as client successful with gabriel@Laptop secured with TLS_ECDHE_RSA_WITH_AES_128_CBC_SHA
07-03 18:34:05.721 6439 17270 I KDE/LanLinkProvider: Creating a new link for device _8a6ac7e0_0c75_4fd2_84b5_5e62da85d79e_
07-03 18:34:05.733 6439 17254 E KDE/LanLinkProvider: Handshake failed with gabriel@Laptop
07-03 18:34:05.733 6439 17270 I KDE/BackgroundService: addLink, known device: _8a6ac7e0_0c75_4fd2_84b5_5e62da85d79e_
07-03 18:34:05.733 6439 17254 W System.err: javax.net.ssl.SSLHandshakeException: Connection closed by peer
07-03 18:34:05.735 6439 17270 I KDE/Device: Got certificate
07-03 18:34:05.736 6439 17270 I KDE/Device: addLink LanLinkProvider -> gabriel@Laptop active links: 1
07-03 18:34:05.760 6439 17254 W System.err: at com.android.org.conscrypt.NativeCrypto.SSL_do_handshake(Native Method)
