07-03 18:53:19.076 6261 6261 D Error : at android.app.ContextImpl.openOrCreateDatabase(ContextImpl.java:644)
07-03 18:53:19.076 6261 6261 D Error : at android.content.ContextWrapper.openOrCreateDatabase(ContextWrapper.java:289)
07-03 18:53:19.076 6261 6261 D Error : at android.content.ContextWrapper.openOrCreateDatabase(ContextWrapper.java:289)
07-03 18:53:19.076 6261 6261 D Error : at android.database.sqlite.SQLiteOpenHelper.getDatabaseLocked(SQLiteOpenHelper.java:223)
07-03 18:53:19.076 6261 6261 D Error : at android.database.sqlite.SQLiteOpenHelper.getWritableDatabase(SQLiteOpenHelper.java:163)
07-03 18:53:19.076 6261 6261 D Error : at cqt.getWritableDatabase(:com.google.android.gms:0)
07-03 18:53:19.076 6261 6261 D Error : at cqp.a(:com.google.android.gms:3)
07-03 18:53:19.076 6261 6261 D Error : at crh.b(:com.google.android.gms:5)
07-03 18:53:19.076 6261 6261 D Error : at crh.a(:com.google.android.gms:132)
07-03 18:53:19.076 6261 6261 D Error : at ckp.N(:com.google.android.gms:1)
07-03 18:53:19.076 6261 6261 D Error : at ckp.n(:com.google.android.gms:0)
07-03 18:53:19.076 6261 6261 D Error : at che.a(:com.google.android.gms:12)
07-03 18:53:19.076 6261 6261 D Error : at crm.(:com.google.android.gms:1)
07-03 18:53:19.076 6261 6261 D Error : at cqw.(:com.google.android.gms:0)
07-03 18:53:19.076 6261 6261 D Error : at ckp.L(:com.google.android.gms:1)
07-03 18:53:19.076 6261 6261 D Error : at ckp.a(:com.google.android.gms:5)
07-03 18:53:19.076 6261 6261 D Error : at ckp.k(:com.google.android.gms:0)
07-03 18:53:19.076 6261 6261 D Error : at com.google.android.contextmanager.service.ContextManagerChimeraService.onCreate(:com.google.android.gms:2)
07-03 18:53:19.076 6261 6261 D Error : at byx.onCreate(:com.google.android.gms:0)
07-03 18:53:19.076 6261 6261 D Error : at jda.onCreate(:com.google.android.gms:4)
07-03 18:53:19.076 6261 6261 D Error : at android.app.ActivityThread.handleCreateService(ActivityThread.java:3210)
07-03 18:53:19.076 6261 6261 D Error : at android.app.ActivityThread.-wrap5(ActivityThread.java)
07-03 18:53:19.076 6261 6261 D Error : at android.app.ActivityThread$H.handleMessage(ActivityThread.java:1582)
07-03 18:53:19.076 6261 6261 D Error : at android.os.Handler.dispatchMessage(Handler.java:102)
07-03 18:53:19.076 6261 6261 D Error : at android.os.Looper.loop(Looper.java:154)
07-03 18:53:19.076 6261 6261 D Error : at android.app.ActivityThread.main(ActivityThread.java:6208)
07-03 18:53:19.076 6261 6261 D Error : at java.lang.reflect.Method.invoke(Native Method)
07-03 18:53:19.076 6261 6261 D Error : at com.android.internal.os.ZygoteInit$MethodAndArgsCaller.run(ZygoteInit.java:891)
07-03 18:53:19.076 6261 6261 D Error : at com.android.internal.os.ZygoteInit.main(ZygoteInit.java:781)
07-03 18:53:19.076 6261 6261 D Error : # via Binder call with stack:
07-03 18:53:19.076 6261 6261 D Error : android.os.StrictMode$LogStackTrace
07-03 18:53:19.076 6261 6261 D Error : at android.os.StrictMode.readAndHandleBinderCallViolations(StrictMode.java:1954)
07-03 18:53:19.076 6261 6261 D Error : at android.os.Parcel.readExceptionCode(Parcel.java:1665)
07-03 18:53:19.076 6261 6261 D Error : at android.os.Parcel.readException(Parcel.java:1634)
07-03 18:53:19.076 6261 6261 D Error : at oz.b(:com.google.android.gms.GoogleCertificates:9)
07-03 18:53:19.076 6261 6261 D Error : at os.a(:com.google.android.gms.GoogleCertificates:47)
07-03 18:53:19.076 6261 6261 D Error : at os.(:com.google.android.gms.GoogleCertificates:3)
07-03 18:53:19.076 6261 6261 D Error : at ot.createFromParcel(:com.google.android.gms.GoogleCertificates:71)
07-03 18:53:19.076 6261 6261 D Error : at pb.onTransact(:com.google.android.gms.GoogleCertificates:54)
07-03 18:53:19.076 6261 6261 D Error : at android.os.Binder.transact(Binder.java:499)
07-03 18:53:19.076 6261 6261 D Error : at kwl.isGoogleOrPlatformSigned(:com.google.android.gms:3)
07-03 18:53:19.076 6261 6261 D Error : at joo.a(:com.google.android.gms:25)
07-03 18:53:19.076 6261 6261 D Error : at joo.a(:com.google.android.gms:20)
07-03 18:53:19.076 6261 6261 D Error : at keq.b(:com.google.android.gms:3)
07-03 18:53:19.076 6261 6261 D Error : at keq.a(:com.google.android.gms:25)
07-03 18:53:19.076 6261 6261 D Error : at keq.b(:com.google.android.gms:16)
07-03 18:53:19.076 6261 6261 D Error : at keq.c(:com.google.android.gms:3)
07-03 18:53:19.076 6261 6261 D Error : at com.google.android.gms.auth.account.be.legacy.AccountChimeraContentProvider.call(:com.google.android.gms:1)
07-03 18:53:19.076 6261 6261 D Error : at bxn.call(:com.google.android.gms:0)
07-03 18:53:19.076 6261 6261 D Error : at android.content.ContentProvider$Transport.call(ContentProvider.java:400)
07-03 18:53:19.076 6261 6261 D Error : at android.content.ContentProviderClient.call(ContentProviderClient.java:456)
07-03 18:53:19.076 6261 6261 D Error : at dzg.f(:com.google.android.gms:1)
07-03 18:53:19.076 6261 6261 D Error : at dze.d(:com.google.android.gms:2)
07-03 18:53:19.076 6261 6261 D Error : at akvc.b(:com.google.android.gms:0)
07-03 18:53:19.076 6261 6261 D Error : at akvc.(:com.google.android.gms:2)
07-03 18:53:19.076 6261 6261 D Error : at akvc.a(:com.google.android.gms:0)
07-03 18:53:19.076 6261 6261 D Error : at akqa.a(:com.google.android.gms:1)
07-03 18:53:19.076 6261 6261 D Error : at com.google.android.location.reporting.service.ReportingAndroidChimeraService.onCreate(:com.google.android.gms:0)
07-03 18:53:19.076 6261 6261 D Error : at byx.onCreate(:com.google.android.gms:0)
07-03 18:53:19.076 6261 6261 D Error : at jda.onCreate(:com.google.android.gms:4)
07-03 18:53:19.076 6261 6261 D Error : at android.app.ActivityThread.handleCreateService(ActivityThread.java:3210)
07-03 18:53:19.076 6261 6261 D Error : at android.app.ActivityThread.-wrap5(ActivityThread.java)
07-03 18:53:19.076 6261 6261 D Error : at android.app.ActivityThread$H.handleMessage(ActivityThread.java:1582)
07-03 18:53:19.076 6261 6261 D Error : at android.os.Handler.dispatchMessage(Handler.java:102)
07-03 18:53:19.076 6261 6261 D Error : at
07-03 18:53:19.077 6261 6261 D Error : ERR: TOTAL BYTES WRITTEN: 41352
07-03 18:53:19.077 6261 6261 D Error : ERR: exClass=android.os.StrictMode$StrictModeDiskReadViolation
07-03 18:53:19.077 6261 6261 D Error : ERR: exMsg=policy=23068679 violation=2
07-03 18:53:19.077 6261 6261 D Error : ERR: file=StrictMode.java
07-03 18:53:19.077 6261 6261 D Error : ERR: class=android.os.StrictMode$AndroidBlockGuardPolicy
07-03 18:53:19.077 6261 6261 D Error : ERR: method=onReadFromDisk line=1293
07-03 18:53:19.078 6261 6261 D Error : ERR: stack=android.os.StrictMode$StrictModeDiskReadViolation: policy=23068679 violation=2
07-03 18:53:19.078 6261 6261 D Error : at android.os.StrictMode$AndroidBlockGuardPolicy.onReadFromDisk(StrictMode.java:1293)
07-03 18:53:19.078 6261 6261 D Error : at android.database.sqlite.SQLiteConnection.applyBlockGuardPolicy(SQLiteConnection.java:1041)
07-03 18:53:19.078 6261 6261 D Error : at android.database.sqlite.SQLiteConnection.executeForLong(SQLiteConnection.java:595)
07-03 18:53:19.078 6261 6261 D Error : at android.database.sqlite.SQLiteConnection.setPageSize(SQLiteConnection.java:251)
07-03 18:53:19.078 6261 6261 D Error : at android.database.sqlite.SQLiteConnection.open(SQLiteConnection.java:213)
07-03 18:53:19.078 6261 6261 D Error : at android.database.sqlite.SQLiteConnection.open(SQLiteConnection.java:193)
07-03 18:53:19.078 6261 6261 D Error : at android.database.sqlite.SQLiteConnectionPool.openConnectionLocked(SQLiteConnectionPool.java:463)
07-03 18:53:19.078 6261 6261 D Error : at android.database.sqlite.SQLiteConnectionPool.open(SQLiteConnectionPool.java:185)
07-03 18:53:19.078 6261 6261 D Error : at android.database.sqlite.SQLiteConnectionPool.open(SQLiteConnectionPool.java:177)
07-03 18:53:19.078 6261 6261 D Error : at android.database.sqlite.SQLiteDatabase.openInner(SQLiteDatabase.java:808)
07-03 18:53:19.078 6261 6261 D Error : at android.database.sqlite.SQLiteDatabase.open(SQLiteDatabase.java:793)
07-03 18:53:19.078 6261 6261 D Error : at android.database.sqlite.SQLiteDatabase.openDatabase(SQLiteDatabase.java:696)
07-03 18:53:19.078 6261 6261 D Error : at android.app.ContextImpl.openOrCreateDatabase(ContextImpl.java:652)
07-03 18:53:19.078 6261 6261 D Error : at android.content.ContextWrapper.openOrCreateDatabase(ContextWrapper.java:289)
07-03 18:53:19.078 6261 6261 D Error : at android.content.ContextWrapper.openOrCreateDatabase(ContextWrapper.java:289)
07-03 18:53:19.078 6261 6261 D Error : at android.database.sqlite.SQLiteOpenHelper.getDatabaseLocked(SQLiteOpenHelper.java:223)
07-03 18:53:19.078 6261 6261 D Error : at android.database.sqlite.SQLiteOpenHelper.getWritableDatabase(SQLiteOpenHelper.java:163)
07-03 18:53:19.078 6261 6261 D Error : at cqt.getWritableDatabase(:com.google.android.gms:0)
07-03 18:53:19.078 6261 6261 D Error : at cqp.a(:com.google.android.gms:3)
07-03 18:53:19.078 6261 6261 D Error : at crh.b(:com.google.android.gms:5)
07-03 18:53:19.078 6261 6261 D Error : at crh.a(:com.google.android.gms:132)
07-03 18:53:19.078 6261 6261 D Error : at ckp.N(:com.google.android.gms:1)
07-03 18:53:19.078 6261 6261 D Error : at ckp.n(:com.google.android.gms:0)
07-03 18:53:19.078 6261 6261 D Error : at che.a(:com.google.android.gms:12)
07-03 18:53:19.078 6261 6261 D Error : at crm.(:com.google.android.gms:1)
07-03 18:53:19.078 6261 6261 D Error : at cqw.(:com.google.android.gms:0)
07-03 18:53:19.078 6261 6261 D Error : at ckp.L(:com.google.android.gms:1)
07-03 18:53:19.078 6261 6261 D Error : at ckp.a(:com.google.android.gms:5)
07-03 18:53:19.078 6261 6261 D Error : at ckp.k(:com.google.android.gms:0)
07-03 18:53:19.078 6261 6261 D Error : at com.google.android.contextmanager.service.ContextManagerChimeraService.onCreate(:com.google.android.gms:2)
07-03 18:53:19.078 6261 6261 D Error : at byx.onCreate(:com.google.android.gms:0)
07-03 18:53:19.078 6261 6261 D Error : at jda.onCreate(:com.google.android.gms:4)
07-03 18:53:19.078 6261 6261 D Error : at android.app.ActivityThread.handleCreateService(ActivityThread.java:3210)
07-03 18:53:19.078 6261 6261 D Error : at android.app.ActivityThread.-wrap5(ActivityThread.java)
07-03 18:53:19.078 6261 6261 D Error : at android.app.ActivityThread$H.handleMessage(ActivityThread.java:1582)
07-03 18:53:19.078 6261 6261 D Error : at android.os.Handler.dispatchMessage(Handler.java:102)
07-03 18:53:19.078 6261 6261 D Error : at android.os.Looper.loop(Looper.java:154)
07-03 18:53:19.078 6261 6261 D Error : at android.app.ActivityThread.main(ActivityThread.java:6208)
07-03 18:53:19.078 6261 6261 D Error : at java.lang.reflect.Method.invoke(Native Method)
07-03 18:53:19.078 6261 6261 D Error : at com.android.internal.os.ZygoteInit$MethodAndArgsCaller.run(ZygoteInit.java:891)
07-03 18:53:19.078 6261 6261 D Error : at com.android.internal.os.ZygoteInit.main(ZygoteInit.java:781)
07-03 18:53:19.078 6261 6261 D Error : # via Binder call with stack:
07-03 18:53:19.078 6261 6261 D Error : android.os.StrictMode$LogStackTrace
07-03 18:53:19.078 6261 6261 D Error : at android.os.StrictMode.readAndHandleBinderCallViolations(StrictMode.java:1954)
07-03 18:53:19.078 6261 6261 D Error : at android.os.Parcel.readExceptionCode(Parcel.java:1665)
07-03 18:53:19.078 6261 6261 D Error : at android.os.Parcel.readException(Parcel.java:1634)
07-03 18:53:19.078 6261 6261 D Error : at oz.b(:com.google.android.gms.GoogleCertificates:9)
07-03 18:53:19.078 6261 6261 D Error : at os.a(:com.google.android.gms.GoogleCertificates:47)
07-03 18:53:19.078 6261 6261 D Error : at os.(:com.google.android.gms.GoogleCertificates:3)
07-03 18:53:19.078 6261 6261 D Error : at ot.createFromParcel(:com.google.android.gms.GoogleCertificates:71)
07-03 18:53:19.078 6261 6261 D Error : at pb.onTransact(:com.google.android.gms.GoogleCertificates:54)
07-03 18:53:19.078 6261 6261 D Error : at android.os.Binder.transact(Binder.java:499)
07-03 18:53:19.078 6261 6261 D Error : at kwl.isGoogleOrPlatformSigned(:com.google.android.gms:3)
07-03 18:53:19.078 6261 6261 D Error : at joo.a(:com.google.android.gms:25)
07-03 18:53:19.078 6261 6261 D Error : at joo.a(:com.google.android.gms:20)
07-03 18:53:19.078 6261 6261 D Error : at keq.b(:com.google.android.gms:3)
07-03 18:53:19.078 6261 6261 D Error : at keq.a(:com.google.android.gms:25)
07-03 18:53:19.078 6261 6261 D Error : at keq.b(:com.google.android.gms:16)
07-03 18:53:19.078 6261 6261 D Error : at keq.c(:com.google.android.gms:3)
07-03 18:53:19.078 6261 6261 D Error : at com.google.android.gms.auth.account.be.legacy.AccountChimeraContentProvider.call(:com.google.android.gms:1)
07-03 18:53:19.078 6261 6261 D Error : at bxn.call(:com.google.android.gms:0)
07-03 18:53:19.078 6261 6261 D Error : at android.content.ContentProvider$Transport.call(ContentProvider.java:400)
07-03 18:53:19.078 6261 6261 D Error : at android.content.ContentProviderClient.call(ContentProviderClient.java:456)
07-03 18:53:19.078 6261 6261 D Error : at dzg.f(:com.google.android.gms:1)
07-03 18:53:19.078 6261 6261 D Error : at dze.d(:com.google.android.gms:2)
07-03 18:53:19.078 6261 6261 D Error : at akvc.b(:com.
07-03 18:53:19.078 6261 6261 D Error : ERR: TOTAL BYTES WRITTEN: 41352
07-03 18:53:19.126 6261 6277 I art : Background sticky concurrent mark sweep GC freed 14504(1069KB) AllocSpace objects, 26(1248KB) LOS objects, 5% free, 10MB/10MB, paused 5.997ms total 43.074ms
07-03 18:53:19.257 5235 5235 D wpa_supplicant: wlan0: Control interface command 'SIGNAL_POLL'
07-03 18:53:21.434 1283 1698 D audio_hw_primary: out_standby: enter: stream (0xb61c4380) usecase(1: low-latency-playback)
07-03 18:53:21.524 1283 1698 D audio_hw_primary: disable_audio_route: reset and update mixer path: low-latency-playback
07-03 18:53:21.524 1283 1698 D hardware_info: hw_info_append_hw_type : device_name = speaker
07-03 18:53:21.524 1283 1698 D audio_hw_primary: disable_snd_device: snd_device(2: speaker)
07-03 18:53:22.298 5235 5235 D wpa_supplicant: wlan0: Control interface command 'SIGNAL_POLL'
07-03 18:53:25.346 5235 5235 D wpa_supplicant: wlan0: Control interface command 'SIGNAL_POLL'
07-03 18:53:28.405 5235 5235 D wpa_supplicant: wlan0: Control interface command 'SIGNAL_POLL'
07-03 18:53:31.454 5235 5235 D wpa_supplicant: wlan0: Control interface command 'SIGNAL_POLL'
07-03 18:53:34.493 5235 5235 D wpa_supplicant: wlan0: Control interface command 'SIGNAL_POLL'
07-03 18:53:37.530 5235 5235 D wpa_supplicant: wlan0: Control interface command 'SIGNAL_POLL'
07-03 18:53:37.553 1283 1698 D audio_hw_primary: start_output_stream: enter: stream(0xb61c4380)usecase(1: low-latency-playback) devices(0x2)
07-03 18:53:37.553 1283 1698 D audio_hw_primary: select_devices: out_snd_device(2: speaker) in_snd_device(0: )
07-03 18:53:37.553 1283 1698 W msm8916_platform: Codec backend bitwidth 16, samplerate 48000
07-03 18:53:37.553 1283 1698 D hardware_info: hw_info_append_hw_type : device_name = speaker
07-03 18:53:37.553 1283 1698 D audio_hw_primary: enable_snd_device: snd_device(2: speaker)
07-03 18:53:37.557 1283 1698 W audio_hw_utils: audio_extn_utils_update_stream_app_type_cfg: App type could not be selected. Falling back to default
07-03 18:53:37.557 1283 1698 I audio_hw_primary: select_devices Selected apptype: 69936
07-03 18:53:37.557 1283 1698 D ACDB-LOADER: ACDB -> send_audio_cal, acdb_id = 15, path = 0
07-03 18:53:37.557 1283 1698 D ACDB-LOADER: ACDB -> send_asm_topology
07-03 18:53:37.557 1283 1698 D ACDB-LOADER: ACDB -> ACDB_CMD_GET_AUDPROC_STREAM_TOPOLOGY_ID
07-03 18:53:37.557 1283 1698 D ACDB-LOADER: ACDB -> send_adm_topology
07-03 18:53:37.557 1283 1698 D ACDB-LOADER: ACDB -> ACDB_CMD_GET_AUDPROC_COMMON_TOPOLOGY_ID
07-03 18:53:37.557 1283 1698 D ACDB-LOADER: ACDB -> send_audtable
07-03 18:53:37.558 1283 1698 D ACDB-LOADER: ACDB -> ACDB_CMD_GET_AUDPROC_COMMON_TABLE
07-03 18:53:37.558 1283 1698 D ACDB-LOADER: ACDB -> AUDIO_SET_AUDPROC_CAL
07-03 18:53:37.558 1283 1698 D ACDB-LOADER: ACDB -> send_audvoltable
07-03 18:53:37.558 1283 1698 D ACDB-LOADER: ACDB -> ACDB_CMD_GET_AUDPROC_GAIN_DEP_STEP_TABLE
07-03 18:53:37.558 1283 1698 D ACDB-LOADER: ACDB -> AUDIO_SET_AUDPROC_VOL_CAL
07-03 18:53:37.558 1283 1698 D ACDB-LOADER: ACDB -> send_afe_cal
07-03 18:53:37.558 1283 1698 D ACDB-LOADER: ACDB -> ACDB_CMD_GET_AFE_COMMON_TABLE
07-03 18:53:37.558 1283 1698 D : Failed to fetch the lookup information of the device 0000000F
07-03 18:53:37.558 1283 1698 D ACDB-LOADER: ACDB -> AUDIO_SET_AFE_CAL
07-03 18:53:37.558 1283 1698 D ACDB-LOADER: ACDB -> send_hw_delay : acdb_id = 15 path = 0
07-03 18:53:37.558 1283 1698 D ACDB-LOADER: ACDB -> ACDB_AVSYNC_INFO: ACDB_CMD_GET_DEVICE_PROPERTY
07-03 18:53:37.558 1283 1698 I audio_hw_utils: audio_extn_utils_send_app_type_cfg: PLAYBACK app_type 69936, acdb_dev_id 15, sample_rate 48000
07-03 18:53:37.558 1283 1698 D audio_hw_primary: enable_audio_route: apply mixer and update path: low-latency-playback
07-03 18:53:37.559 1283 1698 D audio_hw_primary: select_devices: done
07-03 18:53:37.583 1283 1698 D msm8916_platform: platform_set_channel_map mixer_ctl_name:Playback Channel Map12
07-03 18:53:37.584 1283 1698 D msm8916_platform: platform_set_channel_map: set mapping(1 2 3 0 0 0 0 0) for channel:2
07-03 18:53:37.584 1283 1698 D audio_hw_primary: start_output_stream: exit
07-03 18:53:37.666 5271 5271 I SlideTouchEvent: vel=0.0, MinimumFlingVelocity=90
07-03 18:53:37.676 1247 1626 I ActivityManager: START u0 {flg=0x10804000 cmp=com.android.systemui/.recents.RecentsActivity} from uid 10024 on display 0
07-03 18:53:37.716 19764 19764 I MemoryTrimmer: Trimming objects from memory, since app is in the background.
07-03 18:53:37.835 6467 6467 W IInputConnectionWrapper: reportFullscreenMode on inexistent InputConnection
07-03 18:53:37.835 6467 6467 W IInputConnectionWrapper: finishComposingText on inactive InputConnection
07-03 18:53:37.870 19764 19927 I PBSessionCacheImpl: Deleted sessionId[64130263054676] from persistence.
07-03 18:53:37.928 19764 19764 W SearchService: Abort, client detached.
07-03 18:53:37.951 19764 19764 I MemoryTrimmer: Trimming objects from memory, since app is in the background.
07-03 18:53:37.954 5271 5271 I SlideTouchEvent: vel=0.0, MinimumFlingVelocity=90
07-03 18:53:37.974 1247 6388 I ActivityManager: START u0 {act=android.intent.action.MAIN cat=[android.intent.category.LAUNCHER] flg=0x10300000 cmp=org.libreoffice.impressremote/.activity.ComputersActivity (has extras)} from uid 10112 on display 0
07-03 18:53:37.996 1247 16831 E ActivityManager: applyOptionsLocked: Unknown animationType=0
07-03 18:53:38.012 1247 16831 I ActivityManager: Start proc 20419:org.libreoffice.impressremote/u0a144 for activity org.libreoffice.impressremote/.activity.ComputersActivity
07-03 18:53:38.062 6261 20279 E ctxmgr : [ProducerActiveIntervalImpl]closeActiveInterval: Error: ongoing, trying to close
07-03 18:53:38.105 20419 20419 W System : ClassLoader referenced unknown path: /data/app/org.libreoffice.impressremote-1/lib/arm
07-03 18:53:38.175 6261 12331 I PlaceInferenceEngine: [anon] Changed inference mode: 105
07-03 18:53:38.369 1247 1265 I art : Background partial concurrent mark sweep GC freed 94182(5MB) AllocSpace objects, 8(180KB) LOS objects, 33% free, 19MB/28MB, paused 5.820ms total 246.685ms
07-03 18:53:38.481 20419 20435 I Adreno-EGL: : EGL 1.4 QUALCOMM build: (Ifd751822f5)
07-03 18:53:38.481 20419 20435 I Adreno-EGL: OpenGL ES Shader Compiler Version: XE031.06.00.05
07-03 18:53:38.481 20419 20435 I Adreno-EGL: Build Date: 01/26/16 Tue 07-03 18:53:38.481 20419 20435 I Adreno-EGL: Local Branch: AU12_SBA
07-03 18:53:38.481 20419 20435 I Adreno-EGL: Remote Branch:
07-03 18:53:38.481 20419 20435 I Adreno-EGL: Local Patches:
07-03 18:53:38.481 20419 20435 I Adreno-EGL: Reconstruct Branch:
07-03 18:53:38.484 20419 20435 I OpenGLRenderer: Initialized EGL, version 1.4
07-03 18:53:38.484 20419 20435 D OpenGLRenderer: Swap behavior 1
07-03 18:53:38.580 1247 1847 I ActivityManager: Displayed org.libreoffice.impressremote/.activity.ComputersActivity: +584ms (total +20s322ms)
07-03 18:53:40.583 5235 5235 D wpa_supplicant: wlan0: Control interface command 'SIGNAL_POLL'
07-03 18:53:41.014 1283 1698 D audio_hw_primary: out_standby: enter: stream (0xb61c4380) usecase(1: low-latency-playback)
07-03 18:53:41.114 1283 1698 D audio_hw_primary: disable_audio_route: reset and update mixer path: low-latency-playback
07-03 18:53:41.116 1283 1698 D hardware_info: hw_info_append_hw_type : device_name = speaker
07-03 18:53:41.116 1283 1698 D audio_hw_primary: disable_snd_device: snd_device(2: speaker)
07-03 18:53:43.645 5235 5235 D wpa_supplicant: wlan0: Control interface command 'SIGNAL_POLL'
07-03 18:53:45.089 1247 7032 I ActivityManager: START u0 {cmp=org.libreoffice.impressremote/.activity.ComputerConnectionActivity (has extras)} from uid 10144 on display 0
07-03 18:53:45.096 1283 1698 D audio_hw_primary: start_output_stream: enter: stream(0xb61c4380)usecase(1: low-latency-playback) devices(0x2)
07-03 18:53:45.096 1283 1698 D audio_hw_primary: select_devices: out_snd_device(2: speaker) in_snd_device(0: )
07-03 18:53:45.096 1283 1698 W msm8916_platform: Codec backend bitwidth 16, samplerate 48000
07-03 18:53:45.096 1283 1698 D hardware_info: hw_info_append_hw_type : device_name = speaker
07-03 18:53:45.096 1283 1698 D audio_hw_primary: enable_snd_device: snd_device(2: speaker)
07-03 18:53:45.103 1283 1698 W audio_hw_utils: audio_extn_utils_update_stream_app_type_cfg: App type could not be selected. Falling back to default
07-03 18:53:45.104 1283 1698 I audio_hw_primary: select_devices Selected apptype: 69936
07-03 18:53:45.104 1283 1698 D ACDB-LOADER: ACDB -> send_audio_cal, acdb_id = 15, path = 0
07-03 18:53:45.104 1283 1698 D ACDB-LOADER: ACDB -> send_asm_topology
07-03 18:53:45.105 1283 1698 D ACDB-LOADER: ACDB -> ACDB_CMD_GET_AUDPROC_STREAM_TOPOLOGY_ID
07-03 18:53:45.105 1283 1698 D ACDB-LOADER: ACDB -> send_adm_topology
07-03 18:53:45.105 1283 1698 D ACDB-LOADER: ACDB -> ACDB_CMD_GET_AUDPROC_COMMON_TOPOLOGY_ID
07-03 18:53:45.105 1283 1698 D ACDB-LOADER: ACDB -> send_audtable
07-03 18:53:45.106 1283 1698 D ACDB-LOADER: ACDB -> ACDB_CMD_GET_AUDPROC_COMMON_TABLE
07-03 18:53:45.106 1283 1698 D ACDB-LOADER: ACDB -> AUDIO_SET_AUDPROC_CAL
07-03 18:53:45.106 1283 1698 D ACDB-LOADER: ACDB -> send_audvoltable
07-03 18:53:45.106 1283 1698 D ACDB-LOADER: ACDB -> ACDB_CMD_GET_AUDPROC_GAIN_DEP_STEP_TABLE
07-03 18:53:45.106 1283 1698 D ACDB-LOADER: ACDB -> AUDIO_SET_AUDPROC_VOL_CAL
07-03 18:53:45.106 1283 1698 D ACDB-LOADER: ACDB -> send_afe_cal
07-03 18:53:45.106 1283 1698 D ACDB-LOADER: ACDB -> ACDB_CMD_GET_AFE_COMMON_TABLE
07-03 18:53:45.106 1283 1698 D : Failed to fetch the lookup information of the device 0000000F
07-03 18:53:45.106 1283 1698 D ACDB-LOADER: ACDB -> AUDIO_SET_AFE_CAL
07-03 18:53:45.106 1283 1698 D ACDB-LOADER: ACDB -> send_hw_delay : acdb_id = 15 path = 0
07-03 18:53:45.106 1283 1698 D ACDB-LOADER: ACDB -> ACDB_AVSYNC_INFO: ACDB_CMD_GET_DEVICE_PROPERTY
07-03 18:53:45.114 1283 1698 I audio_hw_utils: audio_extn_utils_send_app_type_cfg: PLAYBACK app_type 69936, acdb_dev_id 15, sample_rate 48000
07-03 18:53:45.115 1283 1698 D audio_hw_primary: enable_audio_route: apply mixer and update path: low-latency-playback
07-03 18:53:45.116 1283 1698 D audio_hw_primary: select_devices: done
07-03 18:53:45.156 1283 1698 D msm8916_platform: platform_set_channel_map mixer_ctl_name:Playback Channel Map12
07-03 18:53:45.156 1283 1698 D msm8916_platform: platform_set_channel_map: set mapping(1 2 3 0 0 0 0 0) for channel:2
07-03 18:53:45.156 1283 1698 D audio_hw_primary: start_output_stream: exit
07-03 18:53:45.239 1247 1847 I ActivityManager: Displayed org.libreoffice.impressremote/.activity.ComputerConnectionActivity: +121ms
07-03 18:53:45.342 1247 5464 I ActivityManager: START u0 {cmp=org.libreoffice.impressremote/.activity.SlideShowActivity} from uid 10144 on display 0
07-03 18:53:45.474 20419 20419 D AndroidRuntime: Shutting down VM
07-03 18:53:45.475 20419 20419 E AndroidRuntime: FATAL EXCEPTION: main
07-03 18:53:45.475 20419 20419 E AndroidRuntime: Process: org.libreoffice.impressremote, PID: 20419
07-03 18:53:45.475 20419 20419 E AndroidRuntime: android.os.NetworkOnMainThreadException
07-03 18:53:45.475 20419 20419 E AndroidRuntime: at android.os.StrictMode$AndroidBlockGuardPolicy.onNetwork(StrictMode.java:1303)
07-03 18:53:45.475 20419 20419 E AndroidRuntime: at java.net.SocketOutputStream.socketWrite(SocketOutputStream.java:111)
07-03 18:53:45.475 20419 20419 E AndroidRuntime: at java.net.SocketOutputStream.write(SocketOutputStream.java:157)
07-03 18:53:45.475 20419 20419 E AndroidRuntime: at sun.nio.cs.StreamEncoder.writeBytes(StreamEncoder.java:221)
07-03 18:53:45.475 20419 20419 E AndroidRuntime: at sun.nio.cs.StreamEncoder.implFlushBuffer(StreamEncoder.java:291)
07-03 18:53:45.475 20419 20419 E AndroidRuntime: at sun.nio.cs.StreamEncoder.implFlush(StreamEncoder.java:295)
07-03 18:53:45.475 20419 20419 E AndroidRuntime: at sun.nio.cs.StreamEncoder.flush(StreamEncoder.java:141)
07-03 18:53:45.475 20419 20419 E AndroidRuntime: at java.io.OutputStreamWriter.flush(OutputStreamWriter.java:229)
07-03 18:53:45.475 20419 20419 E AndroidRuntime: at java.io.BufferedWriter.flush(BufferedWriter.java:254)
07-03 18:53:45.475 20419 20419 E AndroidRuntime: at org.libreoffice.impressremote.communication.CommandsTransmitter.writeCommand(CommandsTransmitter.java:44)
07-03 18:53:45.475 20419 20419 E AndroidRuntime: at org.libreoffice.impressremote.communication.CommandsTransmitter.startPresentation(CommandsTransmitter.java:77)
07-03 18:53:45.475 20419 20419 E AndroidRuntime: at org.libreoffice.impressremote.activity.SlideShowActivity.startSlideShow(SlideShowActivity.java:174)
07-03 18:53:45.475 20419 20419 E AndroidRuntime: at org.libreoffice.impressremote.activity.SlideShowActivity.onServiceConnected(SlideShowActivity.java:158)
07-03 18:53:45.475 20419 20419 E AndroidRuntime: at android.app.LoadedApk$ServiceDispatcher.doConnected(LoadedApk.java:1453)
07-03 18:53:45.475 20419 20419 E AndroidRuntime: at android.app.LoadedApk$ServiceDispatcher$RunConnection.run(LoadedApk.java:1481)
07-03 18:53:45.475 20419 20419 E AndroidRuntime: at android.os.Handler.handleCallback(Handler.java:751)
07-03 18:53:45.475 20419 20419 E AndroidRuntime: at android.os.Handler.dispatchMessage(Handler.java:95)
07-03 18:53:45.475 20419 20419 E AndroidRuntime: at android.os.Looper.loop(Looper.java:154)
07-03 18:53:45.475 20419 20419 E AndroidRuntime: at android.app.ActivityThread.main(ActivityThread.java:6208)
07-03 18:53:45.475 20419 20419 E AndroidRuntime: at java.lang.reflect.Method.invoke(Native Method)
07-03 18:53:45.475 20419 20419 E AndroidRuntime: at com.android.internal.os.ZygoteInit$MethodAndArgsCaller.run(ZygoteInit.java:891)
07-03 18:53:45.475 20419 20419 E AndroidRuntime: at com.android.internal.os.ZygoteInit.main(ZygoteInit.java:781)
07-03 18:53:45.478 1247 6017 W ActivityManager: Force finishing activity org.libreoffice.impressremote/.activity.SlideShowActivity
07-03 18:53:45.481 1247 20462 W DropBoxManagerService: Dropping: data_app_crash (1864 > 0 bytes)
07-03 18:53:45.493 1247 6017 W ContextImpl: Calling a method in the system process without a qualified user: android.app.ContextImpl.sendBroadcast:877 com.android.server.am.AppErrors.crashApplicationInner:370 com.android.server.am.AppErrors.crashApplication:305 com.android.server.am.ActivityManagerService.handleApplicationCrashInner:13558 com.android.server.am.ActivityManagerService.handleApplicationCrash:13540
07-03 18:53:45.498 11514 11514 E AppCrashReceiver: 'org.libreoffice.impressremote' is repeatedly stopping...
07-03 18:53:45.498 11514 11514 E AppCrashReceiver: Now disabling all overlays for 'org.libreoffice.impressremote'...
07-03 18:53:45.500 20419 20419 I Process : Sending signal. PID: 20419 SIG: 9
07-03 18:53:45.545 1247 6433 I WindowManager: WIN DEATH: Window{ce80689 u0 org.libreoffice.impressremote/org.libreoffice.impressremote.activity.ComputerConnectionActivity}
07-03 18:53:45.545 1247 1627 D GraphicsStats: Buffer count: 10
07-03 18:53:45.546 1247 1626 I ActivityManager: Process org.libreoffice.impressremote (pid 20419) has died
07-03 18:53:45.546 1247 1626 D ActivityManager: cleanUpApplicationRecord -- 20419
07-03 18:53:45.547 1247 1626 W ActivityManager: Scheduling restart of crashed service org.libreoffice.impressremote/.communication.CommunicationServiceWear in 1000ms
07-03 18:53:45.547 1247 1626 W ActivityManager: Scheduling restart of crashed service org.libreoffice.impressremote/.communication.CommunicationService in 11000ms
07-03 18:53:45.552 1247 5183 W InputDispatcher: channel 'fc7d6c7 org.libreoffice.impressremote/org.libreoffice.impressremote.activity.ComputersActivity (server)' ~ Consumer closed input channel or an error occurred. events=0x9
07-03 18:53:45.552 1247 5183 E InputDispatcher: channel 'fc7d6c7 org.libreoffice.impressremote/org.libreoffice.impressremote.activity.ComputersActivity (server)' ~ Channel is unrecoverably broken and will be disposed!
07-03 18:53:45.553 1247 5183 W InputDispatcher: channel 'e4a8443 org.libreoffice.impressremote/org.libreoffice.impressremote.activity.SlideShowActivity (server)' ~ Consumer closed input channel or an error occurred. events=0x9
07-03 18:53:45.553 1247 5183 E InputDispatcher: channel 'e4a8443 org.libreoffice.impressremote/org.libreoffice.impressremote.activity.SlideShowActivity (server)' ~ Channel is unrecoverably broken and will be disposed!
07-03 18:53:45.554 1247 5251 I WindowManager: WIN DEATH: Window{e4a8443 u0 org.libreoffice.impressremote/org.libreoffice.impressremote.activity.SlideShowActivity}
07-03 18:53:45.555 1247 5251 W InputDispatcher: Attempted to unregister already unregistered input channel 'e4a8443 org.libreoffice.impressremote/org.libreoffice.impressremote.activity.SlideShowActivity (server)'
07-03 18:53:45.557 1221 1221 W SurfaceFlinger: couldn't log to binary event log: overflow.
07-03 18:53:45.559 1247 7028 I WindowManager: WIN DEATH: Window{fc7d6c7 u0 org.libreoffice.impressremote/org.libreoffice.impressremote.activity.ComputersActivity}
07-03 18:53:45.560 1247 7028 W InputDispatcher: Attempted to unregister already unregistered input channel 'fc7d6c7 org.libreoffice.impressremote/org.libreoffice.impressremote.activity.ComputersActivity (server)'
07-03 18:53:45.567 1247 1626 W ActivityManager: Force removing ActivityRecord{5057aef u0 org.libreoffice.impressremote/.activity.ComputersActivity t3585}: app died, no saved state
07-03 18:53:45.572 1221 1221 W SurfaceFlinger: couldn't log to binary event log: overflow.
07-03 18:53:45.603 20105 20105 W NSApplication: Trimming memory to level 80
07-03 18:53:45.712 19764 19764 W SessionLifecycleManager: Handover failed. Creating new session controller.
07-03 18:53:45.728 19764 19764 I OptInState: There is a new client and it does not support opt-in. Dropping request.
07-03 18:53:45.765 19764 19769 I art : Do partial code cache collection, code=166KB, data=253KB
07-03 18:53:45.767 19764 19769 I art : After code cache collection, code=166KB, data=253KB
07-03 18:53:45.767 19764 19769 I art : Increasing code cache capacity to 1024KB
07-03 18:53:45.784 19764 19900 W LocationOracle: No location history returned by ContextManager
07-03 18:53:45.966 6261 12331 I PlaceInferenceEngine: [anon] Changed inference mode: 105
07-03 18:53:45.990 6261 6261 E ctxmgr : [WorkInfo]Attribution was already enqueued pkg=com.google.android.gms, lbl=PlacesProducer_receive, start=unspec, stop=unspec.
07-03 18:53:46.002 6261 20391 E ctxmgr : [WorkManager]Ongoing task not found: PlacesProducer_receive
07-03 18:53:46.021 6261 12331 I Places : ?: PlacesBleScanner start() with priority 2
07-03 18:53:46.022 6261 12331 I PlaceInferenceEngine: [anon] Changed inference mode: 102
07-03 18:53:46.032 6261 6261 D Error : ERR: exClass=android.os.StrictMode$StrictModeDiskReadViolation
07-03 18:53:46.032 6261 6261 D Error : ERR: exMsg=policy=23068679 violation=2
07-03 18:53:46.032 6261 6261 D Error : ERR: file=StrictMode.java
07-03 18:53:46.032 6261 6261 D Error : ERR: class=android.os.StrictMode$AndroidBlockGuardPolicy
07-03 18:53:46.032 6261 6261 D Error : ERR: method=onReadFromDisk line=1293
07-03 18:53:46.033 6261 6261 D Error : ERR: stack=android.os.StrictMode$StrictModeDiskReadViolation: policy=23068679 violation=2
07-03 18:53:46.033 6261 6261 D Error : at android.os.StrictMode$AndroidBlockGuardPolicy.onReadFromDisk(StrictMode.java:1293)
07-03 18:53:46.033 6261 6261 D Error : at java.io.UnixFileSystem.checkAccess(UnixFileSystem.java:249)
07-03 18:53:46.033 6261 6261 D Error : at java.io.File.exists(File.java:780)
07-03 18:53:46.033 6261 6261 D Error : at android.app.ContextImpl.ensurePrivateDirExists(ContextImpl.java:512)
07-03 18:53:46.033 6261 6261 D Error : at android.app.ContextImpl.getPreferencesDir(ContextImpl.java:468)
07-03 18:53:46.033 6261 6261 D Error : at android.app.ContextImpl.getSharedPreferencesPath(ContextImpl.java:627)
07-03 18:53:46.033 6261 6261 D Error : at android.app.ContextImpl.getSharedPreferences(ContextImpl.java:345)
07-03 18:53:46.033 6261 6261 D Error : at android.content.ContextWrapper.getSharedPreferences(ContextWrapper.java:164)
07-03 18:53:46.033 6261 6261 D Error : at android.content.ContextWrapper.getSharedPreferences(ContextWrapper.java:164)
07-03 18:53:46.033 6261 6261 D Error : at clo.(:com.google.android.gms:0)
07-03 18:53:46.033 6261 6261 D Error : at ckp.K(:com.google.android.gms:1)
07-03 18:53:46.033 6261 6261 D Error : at ckp.a(:com.google.android.gms:5)
07-03 18:53:46.033 6261 6261 D Error : at ckp.k(:com.google.android.gms:0)
07-03 18:53:46.033 6261 6261 D Error : at com.google.android.contextmanager.service.ContextManagerChimeraService.onCreate(:com.google.android.gms:2)
07-03 18:53:46.033 6261 6261 D Error : at byx.onCreate(:com.google.android.gms:0)
07-03 18:53:46.033 6261 6261 D Error : at jda.onCreate(:com.google.android.gms:4)
07-03 18:53:46.033 6261 6261 D Error : at android.app.ActivityThread.handleCreateService(ActivityThread.java:3210)
07-03 18:53:46.033 6261 6261 D Error : at android.app.ActivityThread.-wrap5(ActivityThread.java)
07-03 18:53:46.033 6261 6261 D Error : at android.app.ActivityThread$H.handleMessage(ActivityThread.java:1582)
07-03 18:53:46.033 6261 6261 D Error : at android.os.Handler.dispatchMessage(Handler.java:102)
07-03 18:53:46.033 6261 6261 D Error : at android.os.Looper.loop(Looper.java:154)
07-03 18:53:46.033 6261 6261 D Error : at android.app.ActivityThread.main(ActivityThread.java:6208)
07-03 18:53:46.033 6261 6261 D Error : at java.lang.reflect.Method.invoke(Native Method)
07-03 18:53:46.033 6261 6261 D Error : at com.android.internal.os.ZygoteInit$MethodAndArgsCaller.run(ZygoteInit.java:891)
07-03 18:53:46.033 6261 6261 D Error : at com.android.internal.os.ZygoteInit.main(ZygoteInit.java:781)
07-03 18:53:46.033 6261 6261 D Error : # via Binder call with stack:
07-03 18:53:46.033 6261 6261 D Error : android.os.StrictMode$LogStackTrace
07-03 18:53:46.033 6261 6261 D Error : at android.os.StrictMode.readAndHandleBinderCallViolations(StrictMode.java:1954)
07-03 18:53:46.033 6261 6261 D Error : at android.os.Parcel.readExceptionCode(Parcel.java:1665)
07-03 18:53:46.033 6261 6261 D Error : at android.os.Parcel.readException(Parcel.java:1634)
07-03 18:53:46.033 6261 6261 D Error : at oz.b(:com.google.android.gms.GoogleCertificates:9)
07-03 18:53:46.033 6261 6261 D Error : at os.a(:com.google.android.gms.GoogleCertificates:47)
07-03 18:53:46.033 6261 6261 D Error : at os.(:com.google.android.gms.GoogleCertificates:3)
07-03 18:53:46.033 6261 6261 D Error : at ot.createFromParcel(:com.google.android.gms.GoogleCertificates:71)
07-03 18:53:46.033 6261 6261 D Error : at pb.onTransact(:com.google.android.gms.GoogleCertificates:54)
07-03 18:53:46.033 6261 6261 D Error : at android.os.Binder.transact(Binder.java:499)
07-03 18:53:46.033 6261 6261 D Error : at kwl.isGoogleOrPlatformSigned(:com.google.android.gms:3)
07-03 18:53:46.033 6261 6261 D Error : at joo.a(:com.google.android.gms:25)
07-03 18:53:46.033 6261 6261 D Error : at joo.a(:com.google.android.gms:20)
07-03 18:53:46.033 6261 6261 D Error : at keq.b(:com.google.android.gms:3)
07-03 18:53:46.033 6261 6261 D Error : at keq.a(:com.google.android.gms:25)
07-03 18:53:46.033 6261 6261 D Error : at keq.b(:com.google.android.gms:16)
07-03 18:53:46.033 6261 6261 D Error : at keq.c(:com.google.android.gms:3)
07-03 18:53:46.033 6261 6261 D Error : at com.google.android.gms.auth.account.be.legacy.AccountChimeraContentProvider.call(:com.google.android.gms:1)
07-03 18:53:46.033 6261 6261 D Error : at bxn.call(:com.google.android.gms:0)
07-03 18:53:46.033 6261 6261 D Error : at android.content.ContentProvider$Transport.call(ContentProvider.java:400)
07-03 18:53:46.033 6261 6261 D Error : at android.content.ContentProviderClient.call(ContentProviderClient.java:456)
07-03 18:53:46.033 6261 6261 D Error : at dzg.f(:com.google.android.gms:1)
07-03 18:53:46.033 6261 6261 D Error : at dze.d(:com.google.android.gms:2)
07-03 18:53:46.033 6261 6261 D Error : at akvc.b(:com.google.android.gms:0)
07-03 18:53:46.033 6261 6261 D Error : at akvc.(:com.google.android.gms:2)
07-03 18:53:46.033 6261 6261 D Error : at akvc.a(:com.google.android.gms:0)
07-03 18:53:46.033 6261 6261 D Error : at akqa.a(:com.google.android.gms:1)
07-03 18:53:46.033 6261 6261 D Error : at com.google.android.location.reporting.service.ReportingAndroidChimeraService.onCreate(:com.google.android.gms:0)
07-03 18:53:46.033 6261 6261 D Error : at byx.onCreate(:com.google.android.gms:0)
07-03 18:53:46.033 6261 6261 D Error : at jda.onCreate(:com.google.android.gms:4)
07-03 18:53:46.033 6261 6261 D Error : at android.app.ActivityThread.handleCreateService(ActivityThread.java:3210)
07-03 18:53:46.033 6261 6261 D Error : at android.app.ActivityThread.-wrap5(ActivityThread.java)
07-03 18:53:46.033 6261 6261 D Error : at android.app.ActivityThread$H.handleMessage(ActivityThread.java:1582)
07-03 18:53:46.033 6261 6261 D Error : at android.os.Handler.dispatchMessage(Handler.java:102)
07-03 18:53:46.033 6261 6261 D Error : at android.os.Looper.loop(Looper.java:154)
07-03 18:53:46.033 6261 6261 D Error : at android.app.ActivityThread.main(ActivityThread.java:6208)
07-03 18:53:46.033 6261 6261 D Error : at java.lang.reflect.Method.invoke(Native Method)
07-03 18:53:46.033 6261 6261 D Error : at com.android.internal.os.ZygoteInit$MethodAndArgsCaller.run(ZygoteInit.java:891)
07-03 18:53:46.033 6261 6261 D Error : at com.android.internal.os.ZygoteInit.main(ZygoteInit.java:781)
07-03 18:53:46.033 6261 6261 D Error : # via Binder call with stack:
07-03 18:53:46.033 6261 6261 D Error : android.os.StrictMode$LogStackTrace
07-03 18:53:46.033 6261 6261 D Error : at android.os.StrictMode.readAndHandleBinderCallViolations(StrictMode.java:1954)
07-03 18:53:46.033 6261 6261 D Error : at android.os.Parcel.readExceptionCode(Pa
07-03 18:53:46.033 6261 6261 D Error : ERR: TOTAL BYTES WRITTEN: 41352
07-03 18:53:46.034 6261 6261 D Error : ERR: exClass=android.os.StrictMode$StrictModeDiskReadViolation
07-03 18:53:46.034 6261 6261 D Error : ERR: exMsg=policy=23068679 violation=2
07-03 18:53:46.034 6261 6261 D Error : ERR: file=StrictMode.java
07-03 18:53:46.034 6261 6261 D Error : ERR: class=android.os.StrictMode$AndroidBlockGuardPolicy
07-03 18:53:46.034 6261 6261 D Error : ERR: method=onReadFromDisk line=1293
07-03 18:53:46.035 6261 6261 D Error : ERR: stack=android.os.StrictMode$StrictModeDiskReadViolation: policy=23068679 violation=2
07-03 18:53:46.035 6261 6261 D Error : at android.os.StrictMode$AndroidBlockGuardPolicy.onReadFromDisk(StrictMode.java:1293)
07-03 18:53:46.035 6261 6261 D Error : at java.io.UnixFileSystem.checkAccess(UnixFileSystem.java:249)
07-03 18:53:46.035 6261 6261 D Error : at java.io.File.exists(File.java:780)
07-03 18:53:46.035 6261 6261 D Error : at android.app.ContextImpl.ensurePrivateDirExists(ContextImpl.java:512)
07-03 18:53:46.035 6261 6261 D Error : at android.app.ContextImpl.getDatabasesDir(ContextImpl.java:715)
07-03 18:53:46.035 6261 6261 D Error : at android.app.ContextImpl.getDatabasePath(ContextImpl.java:694)
07-03 18:53:46.035 6261 6261 D Error : at android.app.ContextImpl.openOrCreateDatabase(ContextImpl.java:644)
07-03 18:53:46.035 6261 6261 D Error : at android.content.ContextWrapper.openOrCreateDatabase(ContextWrapper.java:289)
07-03 18:53:46.035 6261 6261 D Error : at android.content.ContextWrapper.openOrCreateDatabase(ContextWrapper.java:289)
07-03 18:53:46.035 6261 6261 D Error : at android.database.sqlite.SQLiteOpenHelper.getDatabaseLocked(SQLiteOpenHelper.java:223)
07-03 18:53:46.035 6261 6261 D Error : at android.database.sqlite.SQLiteOpenHelper.getWritableDatabase(SQLiteOpenHelper.java:163)
07-03 18:53:46.035 6261 6261 D Error : at cqt.getWritableDatabase(:com.google.android.gms:0)
07-03 18:53:46.035 6261 6261 D Error : at cqp.a(:com.google.android.gms:3)
07-03 18:53:46.035 6261 6261 D Error : at crh.b(:com.google.android.gms:5)
07-03 18:53:46.035 6261 6261 D Error : at crh.a(:com.google.android.gms:132)
07-03 18:53:46.035 6261 6261 D Error : at ckp.N(:com.google.android.gms:1)
07-03 18:53:46.035 6261 6261 D Error : at ckp.n(:com.google.android.gms:0)
07-03 18:53:46.035 6261 6261 D Error : at che.a(:com.google.android.gms:12)
07-03 18:53:46.035 6261 6261 D Error : at crm.(:com.google.android.gms:1)
07-03 18:53:46.035 6261 6261 D Error : at cqw.(:com.google.android.gms:0)
07-03 18:53:46.035 6261 6261 D Error : at ckp.L(:com.google.android.gms:1)
07-03 18:53:46.035 6261 6261 D Error : at ckp.a(:com.google.android.gms:5)
07-03 18:53:46.035 6261 6261 D Error : at ckp.k(:com.google.android.gms:0)
07-03 18:53:46.035 6261 6261 D Error : at com.google.android.contextmanager.service.ContextManagerChimeraService.onCreate(:com.google.android.gms:2)
07-03 18:53:46.035 6261 6261 D Error : at byx.onCreate(:com.google.android.gms:0)
07-03 18:53:46.035 6261 6261 D Error : at jda.onCreate(:com.google.android.gms:4)
07-03 18:53:46.035 6261 6261 D Error : at android.app.ActivityThread.handleCreateService(ActivityThread.java:3210)
07-03 18:53:46.035 6261 6261 D Error : at android.app.ActivityThread.-wrap5(ActivityThread.java)
07-03 18:53:46.035 6261 6261 D Error : at android.app.ActivityThread$H.handleMessage(ActivityThread.java:1582)
07-03 18:53:46.035 6261 6261 D Error : at android.os.Handler.dispatchMessage(Handler.java:102)
07-03 18:53:46.035 6261 6261 D Error : at android.os.Looper.loop(Looper.java:154)
07-03 18:53:46.035 6261 6261 D Error : at android.app.ActivityThread.main(ActivityThread.java:6208)
07-03 18:53:46.035 6261 6261 D Error : at java.lang.reflect.Method.invoke(Native Method)
07-03 18:53:46.035 6261 6261 D Error : at com.android.internal.os.ZygoteInit$MethodAndArgsCaller.run(ZygoteInit.java:891)
07-03 18:53:46.035 6261 6261 D Error : at com.android.internal.os.ZygoteInit.main(ZygoteInit.java:781)
07-03 18:53:46.035 6261 6261 D Error : # via Binder call with stack:
07-03 18:53:46.035 6261 6261 D Error : android.os.StrictMode$LogStackTrace
07-03 18:53:46.035 6261 6261 D Error : at android.os.StrictMode.readAndHandleBinderCallViolations(StrictMode.java:1954)
07-03 18:53:46.035 6261 6261 D Error : at android.os.Parcel.readExceptionCode(Parcel.java:1665)
07-03 18:53:46.035 6261 6261 D Error : at android.os.Parcel.readException(Parcel.java:1634)
07-03 18:53:46.035 6261 6261 D Error : at oz.b(:com.google.android.gms.GoogleCertificates:9)
07-03 18:53:46.035 6261 6261 D Error : at os.a(:com.google.android.gms.GoogleCertificates:47)
07-03 18:53:46.035 6261 6261 D Error : at os.(:com.google.android.gms.GoogleCertificates:3)
07-03 18:53:46.035 6261 6261 D Error : at ot.createFromParcel(:com.google.android.gms.GoogleCertificates:71)
07-03 18:53:46.035 6261 6261 D Error : at pb.onTransact(:com.google.android.gms.GoogleCertificates:54)
07-03 18:53:46.035 6261 6261 D Error : at android.os.Binder.transact(Binder.java:499)
07-03 18:53:46.035 6261 6261 D Error : at kwl.isGoogleOrPlatformSigned(:com.google.android.gms:3)
07-03 18:53:46.035 6261 6261 D Error : at joo.a(:com.google.android.gms:25)
07-03 18:53:46.035 6261 6261 D Error : at joo.a(:com.google.android.gms:20)
07-03 18:53:46.035 6261 6261 D Error : at keq.b(:com.google.android.gms:3)
07-03 18:53:46.035 6261 6261 D Error : at keq.a(:com.google.android.gms:25)
07-03 18:53:46.035 6261 6261 D Error : at keq.b(:com.google.android.gms:16)
07-03 18:53:46.035 6261 6261 D Error : at keq.c(:com.google.android.gms:3)
07-03 18:53:46.035 6261 6261 D Error : at com.google.android.gms.auth.account.be.legacy.AccountChimeraContentProvider.call(:com.google.android.gms:1)
07-03 18:53:46.035 6261 6261 D Error : at bxn.call(:com.google.android.gms:0)
07-03 18:53:46.035 6261 6261 D Error : at android.content.ContentProvider$Transport.call(ContentProvider.java:400)
07-03 18:53:46.035 6261 6261 D Error : at android.content.ContentProviderClient.call(ContentProviderClient.java:456)
07-03 18:53:46.035 6261 6261 D Error : at dzg.f(:com.google.android.gms:1)
07-03 18:53:46.035 6261 6261 D Error : at dze.d(:com.google.android.gms:2)
07-03 18:53:46.035 6261 6261 D Error : at akvc.b(:com.google.android.gms:0)
07-03 18:53:46.035 6261 6261 D Error : at akvc.(:com.google.android.gms:2)
07-03 18:53:46.035 6261 6261 D Error : at akvc.a(:com.google.android.gms:0)
07-03 18:53:46.035 6261 6261 D Error : at akqa.a(:com.google.android.gms:1)
07-03 18:53:46.035 6261 6261 D Error : at com.google.android.location.reporting.service.ReportingAndroidChimeraService.onCreate(:com.google.android.gms:0)
07-03 18:53:46.035 6261 6261 D Error : at byx.onCreate(:com.google.android.gms:0)
07-03 18:53:46.035 6261 6261 D Error : at jda.onCreate(:com.google.android.gms:4)
07-03 18:53:46.035 6261 6261 D Error : at android.app.ActivityThread.handleCreateService(ActivityThread.java:3210)
07-03 18:53:46.035 6261 6261 D Error : at android.app.ActivityThread.-wrap5(ActivityThread.java)
07-03 18:53:46.035 6261 6261 D Error : at android.app.ActivityThread$H.handleMessage(ActivityThread.java:1582)
07-03 18:53:46.035 6261 6261 D Error : at android.os.Handler.dispatchMessage(Handler.java:102)
07-03 18:53:46.035 6261 6261 D Error : at
07-03 18:53:46.035 6261 6261 D Error : ERR: TOTAL BYTES WRITTEN: 41352
07-03 18:53:46.035 6261 6261 D Error : ERR: exClass=android.os.StrictMode$StrictModeDiskReadViolation
07-03 18:53:46.035 6261 6261 D Error : ERR: exMsg=policy=23068679 violation=2
07-03 18:53:46.035 6261 6261 D Error : ERR: file=StrictMode.java
07-03 18:53:46.035 6261 6261 D Error : ERR: class=android.os.StrictMode$AndroidBlockGuardPolicy
07-03 18:53:46.035 6261 6261 D Error : ERR: method=onReadFromDisk line=1293
07-03 18:53:46.036 6261 6261 D Error : ERR: stack=android.os.StrictMode$StrictModeDiskReadViolation: policy=23068679 violation=2
07-03 18:53:46.036 6261 6261 D Error : at android.os.StrictMode$AndroidBlockGuardPolicy.onReadFromDisk(StrictMode.java:1293)
07-03 18:53:46.036 6261 6261 D Error : at android.database.sqlite.SQLiteConnection.applyBlockGuardPolicy(SQLiteConnection.java:1041)
07-03 18:53:46.036 6261 6261 D Error : at android.database.sqlite.SQLiteConnection.executeForLong(SQLiteConnection.java:595)
07-03 18:53:46.036 6261 6261 D Error : at android.database.sqlite.SQLiteConnection.setPageSize(SQLiteConnection.java:251)
07-03 18:53:46.036 6261 6261 D Error : at android.database.sqlite.SQLiteConnection.open(SQLiteConnection.java:213)
07-03 18:53:46.036 6261 6261 D Error : at android.database.sqlite.SQLiteConnection.open(SQLiteConnection.java:193)
07-03 18:53:46.036 6261 6261 D Error : at android.database.sqlite.SQLiteConnectionPool.openConnectionLocked(SQLiteConnectionPool.java:463)
07-03 18:53:46.036 6261 6261 D Error : at android.database.sqlite.SQLiteConnectionPool.open(SQLiteConnectionPool.java:185)
07-03 18:53:46.036 6261 6261 D Error : at android.database.sqlite.SQLiteConnectionPool.open(SQLiteConnectionPool.java:177)
07-03 18:53:46.036 6261 6261 D Error : at android.database.sqlite.SQLiteDatabase.openInner(SQLiteDatabase.java:808)
07-03 18:53:46.036 6261 6261 D Error : at android.database.sqlite.SQLiteDatabase.open(SQLiteDatabase.java:793)
07-03 18:53:46.036 6261 6261 D Error : at android.database.sqlite.SQLiteDatabase.openDatabase(SQLiteDatabase.java:696)
07-03 18:53:46.036 6261 6261 D Error : at android.app.ContextImpl.openOrCreateDatabase(ContextImpl.java:652)
07-03 18:53:46.036 6261 6261 D Error : at android.content.ContextWrapper.openOrCreateDatabase(ContextWrapper.java:289)
07-03 18:53:46.036 6261 6261 D Error : at android.content.ContextWrapper.openOrCreateDatabase(ContextWrapper.java:289)
07-03 18:53:46.036 6261 6261 D Error : at android.database.sqlite.SQLiteOpenHelper.getDatabaseLocked(SQLiteOpenHelper.java:223)
07-03 18:53:46.036 6261 6261 D Error : at android.database.sqlite.SQLiteOpenHelper.getWritableDatabase(SQLiteOpenHelper.java:163)
07-03 18:53:46.036 6261 6261 D Error : at cqt.getWritableDatabase(:com.google.android.gms:0)
07-03 18:53:46.036 6261 6261 D Error : at cqp.a(:com.google.android.gms:3)
07-03 18:53:46.036 6261 6261 D Error : at crh.b(:com.google.android.gms:5)
07-03 18:53:46.036 6261 6261 D Error : at crh.a(:com.google.android.gms:132)
07-03 18:53:46.036 6261 6261 D Error : at ckp.N(:com.google.android.gms:1)
07-03 18:53:46.036 6261 6261 D Error : at ckp.n(:com.google.android.gms:0)
07-03 18:53:46.036 6261 6261 D Error : at che.a(:com.google.android.gms:12)
07-03 18:53:46.036 6261 6261 D Error : at crm.(:com.google.android.gms:1)
07-03 18:53:46.036 6261 6261 D Error : at cqw.(:com.google.android.gms:0)
07-03 18:53:46.036 6261 6261 D Error : at ckp.L(:com.google.android.gms:1)
07-03 18:53:46.036 6261 6261 D Error : at ckp.a(:com.google.android.gms:5)
07-03 18:53:46.036 6261 6261 D Error : at ckp.k(:com.google.android.gms:0)
07-03 18:53:46.036 6261 6261 D Error : at com.google.android.contextmanager.service.ContextManagerChimeraService.onCreate(:com.google.android.gms:2)
07-03 18:53:46.036 6261 6261 D Error : at byx.onCreate(:com.google.android.gms:0)
