07-03 18:49:15.093 1247 1265 I art : Background partial concurrent mark sweep GC freed 85180(5MB) AllocSpace objects, 60(1776KB) LOS objects, 33% free, 16MB/25MB, paused 5.927ms total 193.550ms
07-03 18:49:15.098 15829 15852 D BtGatt.GattService: onScanFilterConfig() - clientIf=5, action = 0 status = 0, filterType=5, availableSpace=29
07-03 18:49:15.098 15829 15852 D BtGatt.ScanManager: callback done for clientIf - 5 status - 0
07-03 18:49:15.098 15829 15856 D BtGatt.ScanManager: configureFilterParamter 500 10000 1 0
07-03 18:49:15.102 15829 15852 D BtGatt.GattService: onScanFilterParamsConfigured() - clientIf=5, status=0, action=0, availableSpace=12
07-03 18:49:15.102 15829 15852 D BtGatt.ScanManager: callback done for clientIf - 5 status - 0
07-03 18:49:15.103 15829 15856 D BtGatt.ScanManager: addFilterToController: 2
07-03 18:49:15.106 15829 15852 D BtGatt.GattService: onScanFilterConfig() - clientIf=5, action = 0 status = 0, filterType=2, availableSpace=30
07-03 18:49:15.106 15829 15852 D BtGatt.ScanManager: callback done for clientIf - 5 status - 0
07-03 18:49:15.106 15829 15856 D BtGatt.ScanManager: configureFilterParamter 500 10000 1 0
07-03 18:49:15.111 15829 15852 D BtGatt.GattService: onScanFilterParamsConfigured() - clientIf=5, status=0, action=0, availableSpace=11
07-03 18:49:15.111 15829 15852 D BtGatt.ScanManager: callback done for clientIf - 5 status - 0
07-03 18:49:15.111 15829 15856 D BtGatt.ScanManager: addFilterToController: 2
07-03 18:49:15.115 15829 15852 D BtGatt.GattService: onScanFilterConfig() - clientIf=5, action = 0 status = 0, filterType=2, availableSpace=29
07-03 18:49:15.115 15829 15852 D BtGatt.ScanManager: callback done for clientIf - 5 status - 0
07-03 18:49:15.116 15829 15856 D BtGatt.ScanManager: configureFilterParamter 500 10000 1 0
07-03 18:49:15.119 15829 15852 D BtGatt.GattService: onScanFilterParamsConfigured() - clientIf=5, status=0, action=0, availableSpace=10
07-03 18:49:15.119 15829 15852 D BtGatt.ScanManager: callback done for clientIf - 5 status - 0
07-03 18:49:15.120 15829 15856 D BtGatt.ScanManager: configureRegularScanParams() - queue=1
07-03 18:49:15.121 15829 15856 D BtGatt.ScanManager: configureRegularScanParams() - ScanSetting Scan mode=2 mLastConfiguredScanSetting=-2147483648
07-03 18:49:15.121 15829 15856 D BtGatt.ScanManager: configureRegularScanParams - scanInterval = 8000configureRegularScanParams - scanWindow = 8000
07-03 18:49:15.123 15829 15852 D BtGatt.GattService: onScanParamSetupCompleted : 0
07-03 18:49:15.142 6439 18824 I LanLink : Socket closed: 97871286. Reason: End of stream
07-03 18:49:15.142 6439 19194 I KDE/LanLinkProvider: Handshake as client successful with gabriel@Desktop secured with TLS_ECDHE_RSA_WITH_AES_128_CBC_SHA
07-03 18:49:15.142 6439 19194 I KDE/LanLinkProvider: Reusing same link for device _bab2e3c1_979c_428d_8d62_3e88818a2b89_
07-03 18:49:15.151 6261 14474 E ctxmgr : [AppIntervalImpl]closeInterval: ongoing
07-03 18:49:15.158 6439 11451 I KDE/LanLinkProvider: Identity package received from a TCP connection from gabriel@Laptop
07-03 18:49:15.158 6439 11451 I KDE/LanLinkProvider: Starting SSL handshake with gabriel@Laptop trusted:true
07-03 18:49:15.604 6439 18827 I LanLink : Socket closed: 193714392. Reason: End of stream
07-03 18:49:15.605 6439 19197 I KDE/LanLinkProvider: Handshake as client successful with gabriel@Laptop secured with TLS_ECDHE_RSA_WITH_AES_128_CBC_SHA
07-03 18:49:15.605 6439 19197 I KDE/LanLinkProvider: Reusing same link for device _8a6ac7e0_0c75_4fd2_84b5_5e62da85d79e_
07-03 18:49:17.901 5235 5235 D wpa_supplicant: wlan0: Control interface command 'SIGNAL_POLL'
07-03 18:49:17.926 6261 10295 D BluetoothLeScanner: could not find callback wrapper
07-03 18:49:17.932 6261 10295 I BeaconBle: Client requested scan, settings=BleSettings [scanMode=ZERO_POWER, callbackType=ALL_MATCHES, reportDelayMillis=0, 6 filters, 0 clients, callingClientName=Nearby]
07-03 18:49:17.944 6261 10295 I BeaconBle: Stopping scan on delegate scanner. BT state: 12
07-03 18:49:17.952 15829 15855 D BtGatt.GattService: stopScan() - queue size =1
07-03 18:49:17.953 15829 15856 D BtGatt.ScanManager: stop scan
07-03 18:49:17.955 15829 15908 D BtGatt.GattService: unregisterClient() - clientIf=5
07-03 18:49:17.957 6261 10295 I BeaconBle: Resetting - new scanner available: true
07-03 18:49:17.957 6261 10295 I BeaconBle: ZERO_POWER is disabled.
07-03 18:49:17.957 6261 10295 I BeaconBle: 'L' hardware scan: scan stopped, no powered clients
07-03 18:49:17.962 15829 15852 D BtGatt.GattService: onScanFilterParamsConfigured() - clientIf=5, status=0, action=1, availableSpace=11
07-03 18:49:17.963 15829 15852 D BtGatt.ScanManager: callback done for clientIf - 5 status - 0
07-03 18:49:17.968 15829 15852 D BtGatt.GattService: onScanFilterParamsConfigured() - clientIf=5, status=0, action=1, availableSpace=12
07-03 18:49:17.968 15829 15852 D BtGatt.ScanManager: callback done for clientIf - 5 status - 0
07-03 18:49:17.977 15829 15852 D BtGatt.GattService: onScanFilterParamsConfigured() - clientIf=5, status=0, action=1, availableSpace=13
07-03 18:49:17.977 15829 15852 D BtGatt.ScanManager: callback done for clientIf - 5 status - 0
07-03 18:49:17.988 15829 15852 D BtGatt.GattService: onScanFilterParamsConfigured() - clientIf=5, status=0, action=1, availableSpace=14
07-03 18:49:17.988 15829 15852 D BtGatt.ScanManager: callback done for clientIf - 5 status - 0
07-03 18:49:17.996 15829 15852 D BtGatt.GattService: onScanFilterParamsConfigured() - clientIf=5, status=0, action=1, availableSpace=15
07-03 18:49:17.997 15829 15852 D BtGatt.ScanManager: callback done for clientIf - 5 status - 0
07-03 18:49:18.005 15829 15852 D BtGatt.GattService: onScanFilterParamsConfigured() - clientIf=5, status=0, action=1, availableSpace=16
07-03 18:49:18.005 15829 15852 D BtGatt.ScanManager: callback done for clientIf - 5 status - 0
07-03 18:49:18.005 15829 15856 D BtGatt.ScanManager: configureRegularScanParams() - queue=0
07-03 18:49:18.005 15829 15856 D BtGatt.ScanManager: configureRegularScanParams() - ScanSetting Scan mode=-2147483648 mLastConfiguredScanSetting=2
07-03 18:49:18.005 15829 15856 D BtGatt.ScanManager: configureRegularScanParams() - queue emtpy, scan stopped
07-03 18:49:18.620 5271 5271 D PhoneStatusBar: disable: < expand ICONS alerts SYSTEM_INFO back HOME RECENT clock SEARCH quick_settings
> 07-03 18:49:18.632 5271 5271 W FingerprintManager: isFingerprintHardwareDetected(): Service not connected!
07-03 18:49:18.713 5271 5271 D PhoneStatusBar: disable: < expand ICONS alerts SYSTEM_INFO back HOME RECENT clock SEARCH quick_settings
> 07-03 18:49:19.216 1283 1698 D audio_hw_primary: start_output_stream: enter: stream(0xb61c4380)usecase(1: low-latency-playback) devices(0x2)
07-03 18:49:19.216 1283 1698 D audio_hw_primary: select_devices: out_snd_device(2: speaker) in_snd_device(0: )
07-03 18:49:19.216 1283 1698 W msm8916_platform: Codec backend bitwidth 16, samplerate 48000
07-03 18:49:19.216 1283 1698 D hardware_info: hw_info_append_hw_type : device_name = speaker
07-03 18:49:19.216 1283 1698 D audio_hw_primary: enable_snd_device: snd_device(2: speaker)
07-03 18:49:19.228 1283 1698 W audio_hw_utils: audio_extn_utils_update_stream_app_type_cfg: App type could not be selected. Falling back to default
07-03 18:49:19.228 1283 1698 I audio_hw_primary: select_devices Selected apptype: 69936
07-03 18:49:19.228 1283 1698 D ACDB-LOADER: ACDB -> send_audio_cal, acdb_id = 15, path = 0
07-03 18:49:19.228 1283 1698 D ACDB-LOADER: ACDB -> send_asm_topology
07-03 18:49:19.228 1283 1698 D ACDB-LOADER: ACDB -> ACDB_CMD_GET_AUDPROC_STREAM_TOPOLOGY_ID
07-03 18:49:19.228 1283 1698 D ACDB-LOADER: ACDB -> send_adm_topology
07-03 18:49:19.228 1283 1698 D ACDB-LOADER: ACDB -> ACDB_CMD_GET_AUDPROC_COMMON_TOPOLOGY_ID
07-03 18:49:19.228 1283 1698 D ACDB-LOADER: ACDB -> send_audtable
07-03 18:49:19.228 1283 1698 D ACDB-LOADER: ACDB -> ACDB_CMD_GET_AUDPROC_COMMON_TABLE
07-03 18:49:19.228 1283 1698 D ACDB-LOADER: ACDB -> AUDIO_SET_AUDPROC_CAL
07-03 18:49:19.228 1283 1698 D ACDB-LOADER: ACDB -> send_audvoltable
07-03 18:49:19.228 1283 1698 D ACDB-LOADER: ACDB -> ACDB_CMD_GET_AUDPROC_GAIN_DEP_STEP_TABLE
07-03 18:49:19.228 1283 1698 D ACDB-LOADER: ACDB -> AUDIO_SET_AUDPROC_VOL_CAL
07-03 18:49:19.228 1283 1698 D ACDB-LOADER: ACDB -> send_afe_cal
07-03 18:49:19.228 1283 1698 D ACDB-LOADER: ACDB -> ACDB_CMD_GET_AFE_COMMON_TABLE
07-03 18:49:19.229 1283 1698 D : Failed to fetch the lookup information of the device 0000000F
07-03 18:49:19.229 1283 1698 D ACDB-LOADER: ACDB -> AUDIO_SET_AFE_CAL
07-03 18:49:19.229 1283 1698 D ACDB-LOADER: ACDB -> send_hw_delay : acdb_id = 15 path = 0
07-03 18:49:19.229 1283 1698 D ACDB-LOADER: ACDB -> ACDB_AVSYNC_INFO: ACDB_CMD_GET_DEVICE_PROPERTY
07-03 18:49:19.229 1283 1698 I audio_hw_utils: audio_extn_utils_send_app_type_cfg: PLAYBACK app_type 69936, acdb_dev_id 15, sample_rate 48000
07-03 18:49:19.229 1283 1698 D audio_hw_primary: enable_audio_route: apply mixer and update path: low-latency-playback
07-03 18:49:19.230 1283 1698 D audio_hw_primary: select_devices: done
07-03 18:49:19.266 1283 1698 D msm8916_platform: platform_set_channel_map mixer_ctl_name:Playback Channel Map12
07-03 18:49:19.266 1283 1698 D msm8916_platform: platform_set_channel_map: set mapping(1 2 3 0 0 0 0 0) for channel:2
07-03 18:49:19.267 1283 1698 D audio_hw_primary: start_output_stream: exit
07-03 18:49:20.249 5271 5271 W FingerprintManager: isFingerprintHardwareDetected(): Service not connected!
07-03 18:49:20.953 5235 5235 D wpa_supplicant: wlan0: Control interface command 'SIGNAL_POLL'
07-03 18:49:20.958 1247 5194 D WifiStateMachine: updateCapabilities for config:INFINITUMjhgcfalse,false
07-03 18:49:21.239 5271 5271 W FingerprintManager: isFingerprintHardwareDetected(): Service not connected!
07-03 18:49:22.458 1309 1309 I : calling unlock when already unlocked, ignoring.
07-03 18:49:22.458 1247 7033 I LockSettingsService: Unlocking user 0 with token length 69
07-03 18:49:22.467 1247 7033 D LockSettingsService: unlockUser finished
07-03 18:49:22.468 1247 7033 W ActivityManager: Expected user 0 in state RUNNING_LOCKED but was in state RUNNING_UNLOCKED
07-03 18:49:22.471 5271 5271 W FingerprintManager: isFingerprintHardwareDetected(): Service not connected!
07-03 18:49:22.472 5271 5271 W FingerprintManager: resetTimeout(): Service not connected!
07-03 18:49:22.490 5271 5271 W FingerprintManager: isFingerprintHardwareDetected(): Service not connected!
07-03 18:49:22.772 1247 1704 I VrManagerService: VR mode is allowed
07-03 18:49:22.783 5271 5271 D PhoneStatusBar: disable: < expand icons* alerts system_info* back HOME RECENT clock SEARCH quick_settings
> 07-03 18:49:22.804 5271 5271 D PhoneStatusBar: disable: < expand icons alerts system_info back HOME RECENT clock SEARCH quick_settings
> 07-03 18:49:22.805 5271 5271 W FingerprintManager: isFingerprintHardwareDetected(): Service not connected!
07-03 18:49:22.842 6439 11451 I KDE/LanLinkProvider: Identity package received from a TCP connection from gabriel@Desktop
07-03 18:49:22.842 6439 11451 I KDE/LanLinkProvider: Starting SSL handshake with gabriel@Desktop trusted:true
07-03 18:49:22.843 1247 6390 W InputMethodManagerService: Window already focused, ignoring focus gain of: com.android.internal.view.IInputMethodClient$Stub$Proxy@e6f60bd attribute=android.view.inputmethod.EditorInfo@413f6b2, token = android.os.BinderProxy@d3cfa5
07-03 18:49:22.852 5271 5271 D PhoneStatusBar: disable: < expand icons alerts system_info back home* recent* clock search* quick_settings
> 07-03 18:49:22.909 6439 11451 I KDE/LanLinkProvider: Identity package received from a TCP connection from gabriel@Laptop
07-03 18:49:22.909 6439 11451 I KDE/LanLinkProvider: Starting SSL handshake with gabriel@Laptop trusted:true
07-03 18:49:22.937 6532 19220 I Authzen : [DeviceStateSyncManager] The server is in sync with current state. Nothing to do
07-03 18:49:22.939 6532 7020 I CastDatabase: Opening the database
07-03 18:49:22.976 5235 5235 D wpa_supplicant: wlan0: Control interface command 'SCAN TYPE=ONLY scan_id=18,2'
07-03 18:49:22.976 5235 5235 D wpa_supplicant: wlan0: Setting scan request: 0.000000 sec
07-03 18:49:22.976 5235 5235 D wpa_supplicant: Scan SSID (manual request): SECUNDARIAint
07-03 18:49:22.977 5235 5235 D wpa_supplicant: Scan SSID (manual request): INFINITUM2D40
07-03 18:49:22.977 5235 5235 D wpa_supplicant: wlan0: Starting AP scan for wildcard SSID
07-03 18:49:22.977 5235 5235 D wpa_supplicant: wlan0: Add radio work 'scan'@0xb67161b0
07-03 18:49:22.977 5235 5235 D wpa_supplicant: wlan0: First radio work item in the queue - schedule start immediately
07-03 18:49:22.977 5235 5235 D wpa_supplicant: wlan0: Starting radio work 'scan'@0xb67161b0 after 0.000064 second wait
07-03 18:49:22.977 5235 5235 D wpa_supplicant: wlan0: nl80211: scan request
07-03 18:49:22.977 5235 5235 D wpa_supplicant: Scan requested (ret=0) - scan timeout 30 seconds
07-03 18:49:22.978 5235 5235 D wpa_supplicant: nl80211: Drv Event 33 (NL80211_CMD_TRIGGER_SCAN) received for wlan0
07-03 18:49:22.978 5235 5235 D wpa_supplicant: wlan0: nl80211: Scan trigger
07-03 18:49:22.978 5235 5235 D wpa_supplicant: wlan0: Event SCAN_STARTED (47) received
07-03 18:49:22.978 5235 5235 D wpa_supplicant: wlan0: Own scan request started a scan in 0.000182 seconds
07-03 18:49:22.988 6532 19217 I DiscoveryManager: WifiGuestModeDeviceScanner enabled.
07-03 18:49:22.992 6532 7020 I SQLiteCastStore: 0 CastNetworkInfo instances loaded, 0 CastDeviceInfo instances loaded, 0 paired guest mode devices loaded.
07-03 18:49:23.080 1247 6426 I ActivityManager: Setting hasTopUi=false for pid=5271
07-03 18:49:23.525 5235 5235 D wpa_supplicant: nl80211: Drv Event 34 (NL80211_CMD_NEW_SCAN_RESULTS) received for wlan0
07-03 18:49:23.525 5235 5235 D wpa_supplicant: wlan0: nl80211: New scan results available
07-03 18:49:23.525 5235 5235 D wpa_supplicant: nl80211: Scan probed for SSID 'SECUNDARIAint'
07-03 18:49:23.525 5235 5235 D wpa_supplicant: nl80211: Scan probed for SSID 'INFINITUM2D40'
07-03 18:49:23.525 5235 5235 D wpa_supplicant: nl80211: Scan probed for SSID ''
07-03 18:49:23.525 5235 5235 D wpa_supplicant: nl80211: Scan included frequencies: 2412 2417 2422 2427 2432 2437 2442 2447 2452 2457 2462 2467 2472
07-03 18:49:23.525 5235 5235 D wpa_supplicant: wlan0: Event SCAN_RESULTS (3) received
07-03 18:49:23.525 5235 5235 D wpa_supplicant: wlan0: Scan completed in 0.547741 seconds
07-03 18:49:23.526 5235 5235 D wpa_supplicant: nl80211: Associated on 2437 MHz
07-03 18:49:23.526 5235 5235 D wpa_supplicant: nl80211: Associated with 00:0c:43:53:92:00
07-03 18:49:23.526 5235 5235 D wpa_supplicant: nl80211: Received scan results (6 BSSes)
07-03 18:49:23.527 5235 5235 D wpa_supplicant: nl80211: Scan results indicate BSS status with 00:0c:43:53:92:00 as associated
07-03 18:49:23.527 5235 5235 D wpa_supplicant: wlan0: BSS: Start scan result update 40
07-03 18:49:23.527 5235 5235 D wpa_supplicant: BSS: last_scan_res_used=6/32
07-03 18:49:23.527 5235 5235 D wpa_supplicant: wlan0: Scan-only results received
07-03 18:49:23.528 5235 5235 D wpa_supplicant: wlan0: Radio work 'scan'@0xb67161b0 done in 0.550803 seconds
07-03 18:49:23.528 5235 5235 D wpa_supplicant: wlan0: radio_work_free('scan'@0xb67161b0: num_active_works --> 0
07-03 18:49:23.529 6439 19195 I LanLink : Socket closed: 115654417. Reason: End of stream
07-03 18:49:23.531 6439 19218 I KDE/LanLinkProvider: Handshake as client successful with gabriel@Desktop secured with TLS_ECDHE_RSA_WITH_AES_128_CBC_SHA
07-03 18:49:23.531 6439 19218 I KDE/LanLinkProvider: Reusing same link for device _bab2e3c1_979c_428d_8d62_3e88818a2b89_
07-03 18:49:23.600 6439 19199 I LanLink : Socket closed: 113236859. Reason: End of stream
07-03 18:49:23.601 6439 19222 I KDE/LanLinkProvider: Handshake as client successful with gabriel@Laptop secured with TLS_ECDHE_RSA_WITH_AES_128_CBC_SHA
07-03 18:49:23.601 6439 19222 I KDE/LanLinkProvider: Reusing same link for device _8a6ac7e0_0c75_4fd2_84b5_5e62da85d79e_
07-03 18:49:23.830 5271 5271 I SlideTouchEvent: vel=0.0, MinimumFlingVelocity=90
07-03 18:49:23.846 1247 6386 I ActivityManager: START u0 {flg=0x10804000 cmp=com.android.systemui/.recents.RecentsActivity} from uid 10024 on display 0
07-03 18:49:24.008 5235 5235 D wpa_supplicant: wlan0: Control interface command 'SIGNAL_POLL'
07-03 18:49:24.029 1247 1265 I art : Background partial concurrent mark sweep GC freed 21004(1441KB) AllocSpace objects, 4(84KB) LOS objects, 33% free, 16MB/24MB, paused 1.888ms total 139.256ms
07-03 18:49:24.617 6162 6162 E NEW_BHD : Open /sys/class/power_supply/gb_battery
07-03 18:49:24.627 5502 5502 D VideoCall_LowBattery: BatteryIntent received: android.intent.action.BATTERY_CHANGED
07-03 18:49:24.662 5502 5502 D VideoCall_LowBattery: allowVideoCallsInLowBattery: false isCarrierOneSupported: false mIsLowbattery: false
07-03 18:49:25.241 1247 19207 W DropBoxManagerService: Dropping: system_app_strictmode (10 > 0 bytes)
07-03 18:49:26.945 1283 1698 D audio_hw_primary: out_standby: enter: stream (0xb61c4380) usecase(1: low-latency-playback)
07-03 18:49:27.038 1283 1698 D audio_hw_primary: disable_audio_route: reset and update mixer path: low-latency-playback
07-03 18:49:27.039 1283 1698 D hardware_info: hw_info_append_hw_type : device_name = speaker
07-03 18:49:27.039 1283 1698 D audio_hw_primary: disable_snd_device: snd_device(2: speaker)
07-03 18:49:27.066 5235 5235 D wpa_supplicant: wlan0: Control interface command 'SIGNAL_POLL'
07-03 18:49:27.078 1247 5194 D WifiStateMachine: updateCapabilities for config:INFINITUMjhgcfalse,false
07-03 18:49:28.602 1283 1698 D audio_hw_primary: start_output_stream: enter: stream(0xb61c4380)usecase(1: low-latency-playback) devices(0x2)
07-03 18:49:28.602 1283 1698 D audio_hw_primary: select_devices: out_snd_device(2: speaker) in_snd_device(0: )
07-03 18:49:28.602 1283 1698 W msm8916_platform: Codec backend bitwidth 16, samplerate 48000
07-03 18:49:28.602 1283 1698 D hardware_info: hw_info_append_hw_type : device_name = speaker
07-03 18:49:28.602 1283 1698 D audio_hw_primary: enable_snd_device: snd_device(2: speaker)
07-03 18:49:28.607 1283 1698 W audio_hw_utils: audio_extn_utils_update_stream_app_type_cfg: App type could not be selected. Falling back to default
07-03 18:49:28.607 1283 1698 I audio_hw_primary: select_devices Selected apptype: 69936
07-03 18:49:28.607 1283 1698 D ACDB-LOADER: ACDB -> send_audio_cal, acdb_id = 15, path = 0
07-03 18:49:28.607 1283 1698 D ACDB-LOADER: ACDB -> send_asm_topology
07-03 18:49:28.607 1283 1698 D ACDB-LOADER: ACDB -> ACDB_CMD_GET_AUDPROC_STREAM_TOPOLOGY_ID
07-03 18:49:28.607 1283 1698 D ACDB-LOADER: ACDB -> send_adm_topology
07-03 18:49:28.607 1283 1698 D ACDB-LOADER: ACDB -> ACDB_CMD_GET_AUDPROC_COMMON_TOPOLOGY_ID
07-03 18:49:28.607 1283 1698 D ACDB-LOADER: ACDB -> send_audtable
07-03 18:49:28.607 1283 1698 D ACDB-LOADER: ACDB -> ACDB_CMD_GET_AUDPROC_COMMON_TABLE
07-03 18:49:28.607 1283 1698 D ACDB-LOADER: ACDB -> AUDIO_SET_AUDPROC_CAL
07-03 18:49:28.607 1283 1698 D ACDB-LOADER: ACDB -> send_audvoltable
07-03 18:49:28.607 1283 1698 D ACDB-LOADER: ACDB -> ACDB_CMD_GET_AUDPROC_GAIN_DEP_STEP_TABLE
07-03 18:49:28.607 1283 1698 D ACDB-LOADER: ACDB -> AUDIO_SET_AUDPROC_VOL_CAL
07-03 18:49:28.607 1283 1698 D ACDB-LOADER: ACDB -> send_afe_cal
07-03 18:49:28.607 1283 1698 D ACDB-LOADER: ACDB -> ACDB_CMD_GET_AFE_COMMON_TABLE
07-03 18:49:28.607 1283 1698 D : Failed to fetch the lookup information of the device 0000000F
07-03 18:49:28.607 1283 1698 D ACDB-LOADER: ACDB -> AUDIO_SET_AFE_CAL
07-03 18:49:28.607 1283 1698 D ACDB-LOADER: ACDB -> send_hw_delay : acdb_id = 15 path = 0
07-03 18:49:28.607 1283 1698 D ACDB-LOADER: ACDB -> ACDB_AVSYNC_INFO: ACDB_CMD_GET_DEVICE_PROPERTY
07-03 18:49:28.608 1283 1698 I audio_hw_utils: audio_extn_utils_send_app_type_cfg: PLAYBACK app_type 69936, acdb_dev_id 15, sample_rate 48000
07-03 18:49:28.608 1283 1698 D audio_hw_primary: enable_audio_route: apply mixer and update path: low-latency-playback
07-03 18:49:28.611 1283 1698 D audio_hw_primary: select_devices: done
07-03 18:49:28.613 1247 7033 I ActivityManager: START u0 {act=android.intent.action.MAIN cat=[android.intent.category.LAUNCHER] flg=0x1000c000 cmp=com.android.settings/.Settings$ManageApplicationsActivity} from uid 10024 on display 0
07-03 18:49:28.633 1283 1698 D msm8916_platform: platform_set_channel_map mixer_ctl_name:Playback Channel Map12
07-03 18:49:28.634 1283 1698 D msm8916_platform: platform_set_channel_map: set mapping(1 2 3 0 0 0 0 0) for channel:2
07-03 18:49:28.634 1283 1698 D audio_hw_primary: start_output_stream: exit
07-03 18:49:28.745 1247 7033 I ActivityManager: START u0 {act=android.settings.APPLICATION_DETAILS_SETTINGS dat=package:org.libreoffice.impressremote cmp=com.android.settings/.applications.InstalledAppDetails} from uid 10024 on display 0
07-03 18:49:28.772 1247 5988 I ActivityManager: Start proc 19244:com.android.settings/1000 for activity com.android.settings/.applications.InstalledAppDetails
07-03 18:49:28.858 19244 19244 I chatty : uid=1000(system) com.android.settings expire 2 lines
07-03 18:49:29.615 1247 5988 D GraphicsStats: Buffer count: 9
07-03 18:49:29.615 1247 7035 I WindowManager: WIN DEATH: Window{97f8e4a u0 com.amaze.filemanager/com.amaze.filemanager.activities.MainActivity}
07-03 18:49:29.616 1247 6425 I ActivityManager: Process com.amaze.filemanager (pid 14478) has died
07-03 18:49:29.616 1247 6425 D ActivityManager: cleanUpApplicationRecord -- 14478
07-03 18:49:29.617 1247 1712 I libprocessgroup: Killing pid 14495 in uid 10141 as part of process group 14478
07-03 18:49:29.622 1247 1712 I libprocessgroup: Killing pid 14495 in uid 10141 as part of process group 14478
07-03 18:49:29.628 1247 1712 I libprocessgroup: Killing pid 14495 in uid 10141 as part of process group 14478
07-03 18:49:29.633 1247 1712 I libprocessgroup: Killing pid 14495 in uid 10141 as part of process group 14478
07-03 18:49:29.638 1247 1712 I libprocessgroup: Killing pid 14495 in uid 10141 as part of process group 14478
07-03 18:49:29.643 1247 1712 I libprocessgroup: Killing pid 14495 in uid 10141 as part of process group 14478
07-03 18:49:29.780 19244 19263 I chatty : uid=1000(system) com.android.settings expire 5 lines
07-03 18:49:29.921 19244 19261 I chatty : uid=1000(system) com.android.settings expire 1 line
07-03 18:49:29.989 19244 19244 W ContextImpl: Calling a method in the system process without a qualified user: android.app.ContextImpl.bindService:1421 android.content.ContextWrapper.bindService:636 android.content.pm.permission.RuntimePermissionPresenter$RemoteService.processMessage:186 android.content.pm.permission.RuntimePermissionPresenter.getAppPermissions:127 com.android.settings.applications.PermissionsSummaryHelper.getPermissionSummary:34
07-03 18:49:30.006 1247 7033 I ActivityManager: Start proc 19264:com.android.packageinstaller/u0a18 for service com.android.packageinstaller/.permission.service.RuntimePermissionPresenterServiceImpl
07-03 18:49:30.014 19244 19244 I chatty : uid=1000(system) com.android.settings expire 1 line
07-03 18:49:30.066 19264 19264 W System : ClassLoader referenced unknown path: /system/priv-app/PackageInstaller/lib/arm
07-03 18:49:30.114 1247 2255 I ActivityManager: Start proc 19277:com.android.defcontainer/u0a6 for service com.android.defcontainer/.DefaultContainerService
07-03 18:49:30.133 5235 5235 D wpa_supplicant: wlan0: Control interface command 'SIGNAL_POLL'
07-03 18:49:30.238 19244 19291 I chatty : uid=1000(system) RenderThread expire 3 lines
07-03 18:49:30.282 1247 6386 E BatteryStatsService: modem info is invalid: ModemActivityInfo{ mTimestamp=0 mSleepTimeMs=0 mIdleTimeMs=0 mTxTimeMs[]=[0, 0, 0, 0, 0] mRxTimeMs=0 mEnergyUsed=0}
07-03 18:49:30.403 19244 19254 I chatty : uid=1000(system) HeapTaskDaemon expire 1 line
07-03 18:49:30.564 1247 6017 I ProcessStatsService: Added stats: 2017-07-03-15-28-26, over +49m1s770ms
07-03 18:49:30.583 1247 1847 I ActivityManager: Displayed com.android.settings/.applications.InstalledAppDetails: +1s825ms (total +2m0s726ms)
07-03 18:49:30.600 1247 6017 I ProcessStatsService: Added stats: 2017-07-03-11-30-33, over +3h57m53s341ms
07-03 18:49:30.670 19244 19263 I chatty : uid=1000(system) com.android.settings expire 144 lines
07-03 18:49:30.709 9896 10221 I PlayCommon: [308] com.google.android.play.a.g.e(220): Preparing logs for uploading
07-03 18:49:30.709 9896 10221 I PlayCommon: [308] com.google.android.play.a.g.e(224): No file ready to send
07-03 18:49:30.733 1247 7032 I ProcessStatsService: Added stats: 2017-07-03-15-28-26, over +49m1s770ms
07-03 18:49:30.758 1247 7032 I ProcessStatsService: Added stats: 2017-07-03-11-30-33, over +3h57m53s341ms
07-03 18:49:30.964 19244 19254 I chatty : uid=1000(system) HeapTaskDaemon expire 3 lines
07-03 18:49:30.999 19244 19244 I chatty : uid=1000(system) com.android.settings expire 6 lines
07-03 18:49:31.771 1283 1698 D audio_hw_primary: out_standby: enter: stream (0xb61c4380) usecase(1: low-latency-playback)
07-03 18:49:31.864 1283 1698 D audio_hw_primary: disable_audio_route: reset and update mixer path: low-latency-playback
07-03 18:49:31.865 1283 1698 D hardware_info: hw_info_append_hw_type : device_name = speaker
07-03 18:49:31.865 1283 1698 D audio_hw_primary: disable_snd_device: snd_device(2: speaker)
07-03 18:49:33.220 5235 5235 D wpa_supplicant: wlan0: Control interface command 'SIGNAL_POLL'
07-03 18:49:35.188 1247 19292 W DropBoxManagerService: Dropping: system_app_strictmode (10 > 0 bytes)
07-03 18:49:36.280 5235 5235 D wpa_supplicant: wlan0: Control interface command 'SIGNAL_POLL'
07-03 18:49:39.338 5235 5235 D wpa_supplicant: wlan0: Control interface command 'SIGNAL_POLL'
07-03 18:49:42.399 5235 5235 D wpa_supplicant: wlan0: Control interface command 'SIGNAL_POLL'
07-03 18:49:42.410 1247 5194 D WifiStateMachine: updateCapabilities for config:INFINITUMjhgcfalse,false
07-03 18:49:43.401 5235 5235 D wpa_supplicant: wlan0: Control interface command 'SCAN TYPE=ONLY freq=2437 scan_id=18,2'
07-03 18:49:43.401 5235 5235 D wpa_supplicant: wlan0: Setting scan request: 0.000000 sec
07-03 18:49:43.401 5235 5235 D wpa_supplicant: Scan SSID (manual request): SECUNDARIAint
07-03 18:49:43.401 5235 5235 D wpa_supplicant: Scan SSID (manual request): INFINITUM2D40
07-03 18:49:43.401 5235 5235 D wpa_supplicant: wlan0: Starting AP scan for wildcard SSID
07-03 18:49:43.401 5235 5235 D wpa_supplicant: wlan0: Limit manual scan to specified channels
07-03 18:49:43.402 5235 5235 D wpa_supplicant: wlan0: Add radio work 'scan'@0xb67161b0
07-03 18:49:43.402 5235 5235 D wpa_supplicant: wlan0: First radio work item in the queue - schedule start immediately
07-03 18:49:43.402 5235 5235 D wpa_supplicant: wlan0: Starting radio work 'scan'@0xb67161b0 after 0.000183 second wait
07-03 18:49:43.402 5235 5235 D wpa_supplicant: wlan0: nl80211: scan request
07-03 18:49:43.402 5235 5235 D wpa_supplicant: Scan requested (ret=0) - scan timeout 30 seconds
07-03 18:49:43.403 5235 5235 D wpa_supplicant: nl80211: Drv Event 33 (NL80211_CMD_TRIGGER_SCAN) received for wlan0
07-03 18:49:43.403 5235 5235 D wpa_supplicant: wlan0: nl80211: Scan trigger
07-03 18:49:43.403 5235 5235 D wpa_supplicant: wlan0: Event SCAN_STARTED (47) received
07-03 18:49:43.403 5235 5235 D wpa_supplicant: wlan0: Own scan request started a scan in 0.000142 seconds
07-03 18:49:43.488 5235 5235 D wpa_supplicant: nl80211: Drv Event 34 (NL80211_CMD_NEW_SCAN_RESULTS) received for wlan0
07-03 18:49:43.488 5235 5235 D wpa_supplicant: wlan0: nl80211: New scan results available
07-03 18:49:43.489 5235 5235 D wpa_supplicant: nl80211: Scan probed for SSID 'SECUNDARIAint'
07-03 18:49:43.489 5235 5235 D wpa_supplicant: nl80211: Scan probed for SSID 'INFINITUM2D40'
07-03 18:49:43.489 5235 5235 D wpa_supplicant: nl80211: Scan probed for SSID ''
07-03 18:49:43.489 5235 5235 D wpa_supplicant: nl80211: Scan included frequencies: 2437
07-03 18:49:43.489 5235 5235 D wpa_supplicant: wlan0: Event SCAN_RESULTS (3) received
07-03 18:49:43.489 5235 5235 D wpa_supplicant: wlan0: Scan completed in 0.086018 seconds
07-03 18:49:43.489 5235 5235 D wpa_supplicant: nl80211: Associated on 2437 MHz
07-03 18:49:43.489 5235 5235 D wpa_supplicant: nl80211: Associated with 00:0c:43:53:92:00
07-03 18:49:43.489 5235 5235 D wpa_supplicant: nl80211: Received scan results (6 BSSes)
07-03 18:49:43.489 5235 5235 D wpa_supplicant: nl80211: Scan results indicate BSS status with 00:0c:43:53:92:00 as associated
07-03 18:49:43.489 5235 5235 D wpa_supplicant: wlan0: BSS: Start scan result update 41
07-03 18:49:43.489 5235 5235 D wpa_supplicant: BSS: last_scan_res_used=6/32
07-03 18:49:43.489 5235 5235 D wpa_supplicant: wlan0: Scan-only results received
07-03 18:49:43.489 5235 5235 D wpa_supplicant: wlan0: Radio work 'scan'@0xb67161b0 done in 0.087573 seconds
07-03 18:49:43.489 5235 5235 D wpa_supplicant: wlan0: radio_work_free('scan'@0xb67161b0: num_active_works --> 0
07-03 18:49:43.760 1247 6390 I ActivityManager: Start proc 19326:com.google.process.gapps/u0a13 for content provider com.google.android.gsf/.gservices.GservicesProvider
07-03 18:49:43.808 6261 6277 I art : Background partial concurrent mark sweep GC freed 80737(4MB) AllocSpace objects, 16(820KB) LOS objects, 40% free, 6MB/10MB, paused 2.149ms total 125.900ms
07-03 18:49:43.840 19326 19326 I art : Starting a blocking GC AddRemoveAppImageSpace
07-03 18:49:43.841 19326 19326 W System : ClassLoader referenced unknown path: /system/priv-app/GoogleServicesFramework/lib/arm
07-03 18:49:43.916 19326 19326 I GservicesProvider: Gservices pushing to system: true; secure/global: true
07-03 18:49:44.081 19326 19326 I GoogleHttpClient: GMS http client unavailable, use old client
07-03 18:49:44.161 11880 11880 I MemoryTrimmer: Trimming objects from memory, since app is in the background.
07-03 18:49:45.458 5235 5235 D wpa_supplicant: wlan0: Control interface command 'SIGNAL_POLL'
07-03 18:49:45.470 1247 5194 D WifiStateMachine: updateCapabilities for config:INFINITUMjhgcfalse,false
07-03 18:49:48.527 5235 5235 D wpa_supplicant: wlan0: Control interface command 'SIGNAL_POLL'
07-03 18:49:51.581 5235 5235 D wpa_supplicant: wlan0: Control interface command 'SIGNAL_POLL'
07-03 18:49:54.632 5235 5235 D wpa_supplicant: wlan0: Control interface command 'SIGNAL_POLL'
07-03 18:49:57.702 5235 5235 D wpa_supplicant: wlan0: Control interface command 'SIGNAL_POLL'
07-03 18:50:00.767 5235 5235 D wpa_supplicant: wlan0: Control interface command 'SIGNAL_POLL'
07-03 18:50:02.142 1283 1698 D audio_hw_primary: start_output_stream: enter: stream(0xb61c4380)usecase(1: low-latency-playback) devices(0x2)
07-03 18:50:02.143 1283 1698 D audio_hw_primary: select_devices: out_snd_device(2: speaker) in_snd_device(0: )
07-03 18:50:02.143 1283 1698 W msm8916_platform: Codec backend bitwidth 16, samplerate 48000
07-03 18:50:02.143 1283 1698 D hardware_info: hw_info_append_hw_type : device_name = speaker
07-03 18:50:02.143 1283 1698 D audio_hw_primary: enable_snd_device: snd_device(2: speaker)
07-03 18:50:02.146 1283 1698 W audio_hw_utils: audio_extn_utils_update_stream_app_type_cfg: App type could not be selected. Falling back to default
07-03 18:50:02.146 1283 1698 I audio_hw_primary: select_devices Selected apptype: 69936
07-03 18:50:02.147 1283 1698 D ACDB-LOADER: ACDB -> send_audio_cal, acdb_id = 15, path = 0
07-03 18:50:02.147 1283 1698 D ACDB-LOADER: ACDB -> send_asm_topology
07-03 18:50:02.147 1283 1698 D ACDB-LOADER: ACDB -> ACDB_CMD_GET_AUDPROC_STREAM_TOPOLOGY_ID
07-03 18:50:02.147 1283 1698 D ACDB-LOADER: ACDB -> send_adm_topology
07-03 18:50:02.147 1283 1698 D ACDB-LOADER: ACDB -> ACDB_CMD_GET_AUDPROC_COMMON_TOPOLOGY_ID
07-03 18:50:02.147 1283 1698 D ACDB-LOADER: ACDB -> send_audtable
07-03 18:50:02.147 1283 1698 D ACDB-LOADER: ACDB -> ACDB_CMD_GET_AUDPROC_COMMON_TABLE
07-03 18:50:02.147 1283 1698 D ACDB-LOADER: ACDB -> AUDIO_SET_AUDPROC_CAL
07-03 18:50:02.147 1283 1698 D ACDB-LOADER: ACDB -> send_audvoltable
07-03 18:50:02.147 1283 1698 D ACDB-LOADER: ACDB -> ACDB_CMD_GET_AUDPROC_GAIN_DEP_STEP_TABLE
07-03 18:50:02.148 1283 1698 D ACDB-LOADER: ACDB -> AUDIO_SET_AUDPROC_VOL_CAL
07-03 18:50:02.148 1283 1698 D ACDB-LOADER: ACDB -> send_afe_cal
07-03 18:50:02.148 1283 1698 D ACDB-LOADER: ACDB -> ACDB_CMD_GET_AFE_COMMON_TABLE
07-03 18:50:02.148 1283 1698 D : Failed to fetch the lookup information of the device 0000000F
07-03 18:50:02.148 1283 1698 D ACDB-LOADER: ACDB -> AUDIO_SET_AFE_CAL
07-03 18:50:02.148 1283 1698 D ACDB-LOADER: ACDB -> send_hw_delay : acdb_id = 15 path = 0
07-03 18:50:02.148 1283 1698 D ACDB-LOADER: ACDB -> ACDB_AVSYNC_INFO: ACDB_CMD_GET_DEVICE_PROPERTY
07-03 18:50:02.148 1283 1698 I audio_hw_utils: audio_extn_utils_send_app_type_cfg: PLAYBACK app_type 69936, acdb_dev_id 15, sample_rate 48000
07-03 18:50:02.148 1283 1698 D audio_hw_primary: enable_audio_route: apply mixer and update path: low-latency-playback
07-03 18:50:02.151 1283 1698 D audio_hw_primary: select_devices: done
07-03 18:50:02.181 1283 1698 D msm8916_platform: platform_set_channel_map mixer_ctl_name:Playback Channel Map12
07-03 18:50:02.181 1283 1698 D msm8916_platform: platform_set_channel_map: set mapping(1 2 3 0 0 0 0 0) for channel:2
07-03 18:50:02.181 1283 1698 D audio_hw_primary: start_output_stream: exit
07-03 18:50:02.197 5271 5271 I SlideTouchEvent: vel=0.0, MinimumFlingVelocity=90
07-03 18:50:02.206 1247 5183 I ActivityManager: START u0 {act=android.intent.action.MAIN cat=[android.intent.category.HOME] flg=0x10200000 cmp=com.teslacoilsw.launcher/.NovaLauncher (has extras)} from uid 1000 on display 0
07-03 18:50:02.293 11880 12002 I Adreno-EGL: : EGL 1.4 QUALCOMM build: (Ifd751822f5)
07-03 18:50:02.293 11880 12002 I Adreno-EGL: OpenGL ES Shader Compiler Version: XE031.06.00.05
07-03 18:50:02.293 11880 12002 I Adreno-EGL: Build Date: 01/26/16 Tue 07-03 18:50:02.293 11880 12002 I Adreno-EGL: Local Branch: AU12_SBA
07-03 18:50:02.293 11880 12002 I Adreno-EGL: Remote Branch:
07-03 18:50:02.293 11880 12002 I Adreno-EGL: Local Patches:
07-03 18:50:02.293 11880 12002 I Adreno-EGL: Reconstruct Branch:
07-03 18:50:02.293 11880 12002 I OpenGLRenderer: Initialized EGL, version 1.4
07-03 18:50:02.294 11880 12002 D OpenGLRenderer: Swap behavior 1
07-03 18:50:02.417 1247 5988 I ActivityManager: Process com.opera.mini.native (pid 19055) has died
07-03 18:50:02.417 1247 5988 D ActivityManager: cleanUpApplicationRecord -- 19055
07-03 18:50:02.418 1247 6426 D ConnectivityService: ConnectivityService NetworkRequestInfo binderDied(NetworkRequest [ LISTEN id=22, [ Capabilities: NOT_RESTRICTED&TRUSTED&NOT_VPN&FOREGROUND] ], android.os.BinderProxy@70edf0b)
07-03 18:50:02.419 1247 1712 W libprocessgroup: failed to kill pid 19055: No such process
07-03 18:50:02.468 1247 5202 E ConnectivityService: RemoteException caught trying to send a callback msg for NetworkRequest [ LISTEN id=22, [ Capabilities: NOT_RESTRICTED&TRUSTED&NOT_VPN&FOREGROUND] ]
07-03 18:50:02.629 1247 16831 I ActivityManager: Process android.process.acore (pid 18648) has died
07-03 18:50:02.629 1247 16831 D ActivityManager: cleanUpApplicationRecord -- 18648
07-03 18:50:02.816 11880 11880 W SessionLifecycleManager: Handover failed. Creating new session controller.
07-03 18:50:02.841 11880 11880 I OptInState: There is a new client and it does not support opt-in. Dropping request.
07-03 18:50:02.880 5271 5271 I SlideTouchEvent: vel=0.0, MinimumFlingVelocity=90
07-03 18:50:02.899 1247 7017 I ActivityManager: START u0 {flg=0x10804000 cmp=com.android.systemui/.recents.RecentsActivity} from uid 10024 on display 0
07-03 18:50:02.948 11880 18519 W LocationOracle: No location history returned by ContextManager
07-03 18:50:03.088 11880 13968 E LegacyNowServiceClient: skipping startEvent, service is null
07-03 18:50:03.093 11880 17737 I PBSessionCacheImpl: Deleted sessionId[64061543575981] from persistence.
07-03 18:50:03.120 11880 11880 W SearchService: Abort, client detached.
07-03 18:50:03.123 11880 11880 E LegacyNowServiceClient: skipping deleteEndstate, service is null
07-03 18:50:03.327 6261 12331 I PlaceInferenceEngine: [anon] Changed inference mode: 105
07-03 18:50:03.342 5271 5271 I SlideTouchEvent: vel=0.0, MinimumFlingVelocity=90
07-03 18:50:03.409 1247 6017 E ActivityManager: applyOptionsLocked: Unknown animationType=0
07-03 18:50:03.429 6261 12331 I Places : ?: PlacesBleScanner start() with priority 2
07-03 18:50:03.429 6261 12331 I PlaceInferenceEngine: [anon] Changed inference mode: 102
07-03 18:50:03.442 6261 6261 D Error : ERR: exClass=android.os.StrictMode$StrictModeDiskReadViolation
07-03 18:50:03.442 6261 6261 D Error : ERR: exMsg=policy=23068679 violation=2
07-03 18:50:03.442 6261 6261 D Error : ERR: file=StrictMode.java
07-03 18:50:03.442 6261 6261 D Error : ERR: class=android.os.StrictMode$AndroidBlockGuardPolicy
07-03 18:50:03.442 6261 6261 D Error : ERR: method=onReadFromDisk line=1293
07-03 18:50:03.444 6261 6261 D Error : ERR: stack=android.os.StrictMode$StrictModeDiskReadViolation: policy=23068679 violation=2
07-03 18:50:03.444 6261 6261 D Error : at android.os.StrictMode$AndroidBlockGuardPolicy.onReadFromDisk(StrictMode.java:1293)
07-03 18:50:03.444 6261 6261 D Error : at java.io.UnixFileSystem.checkAccess(UnixFileSystem.java:249)
07-03 18:50:03.444 6261 6261 D Error : at java.io.File.exists(File.java:780)
07-03 18:50:03.444 6261 6261 D Error : at android.app.ContextImpl.ensurePrivateDirExists(ContextImpl.java:512)
07-03 18:50:03.444 6261 6261 D Error : at android.app.ContextImpl.getPreferencesDir(ContextImpl.java:468)
07-03 18:50:03.444 6261 6261 D Error : at android.app.ContextImpl.getSharedPreferencesPath(ContextImpl.java:627)
07-03 18:50:03.444 6261 6261 D Error : at android.app.ContextImpl.getSharedPreferences(ContextImpl.java:345)
07-03 18:50:03.444 6261 6261 D Error : at android.content.ContextWrapper.getSharedPreferences(ContextWrapper.java:164)
07-03 18:50:03.444 6261 6261 D Error : at android.content.ContextWrapper.getSharedPreferences(ContextWrapper.java:164)
07-03 18:50:03.444 6261 6261 D Error : at clo.(:com.google.android.gms:0)
07-03 18:50:03.444 6261 6261 D Error : at ckp.K(:com.google.android.gms:1)
07-03 18:50:03.444 6261 6261 D Error : at ckp.a(:com.google.android.gms:5)
07-03 18:50:03.444 6261 6261 D Error : at ckp.k(:com.google.android.gms:0)
07-03 18:50:03.444 6261 6261 D Error : at com.google.android.contextmanager.service.ContextManagerChimeraService.onCreate(:com.google.android.gms:2)
07-03 18:50:03.444 6261 6261 D Error : at byx.onCreate(:com.google.android.gms:0)
07-03 18:50:03.444 6261 6261 D Error : at jda.onCreate(:com.google.android.gms:4)
07-03 18:50:03.444 6261 6261 D Error : at android.app.ActivityThread.handleCreateService(ActivityThread.java:3210)
07-03 18:50:03.444 6261 6261 D Error : at android.app.ActivityThread.-wrap5(ActivityThread.java)
07-03 18:50:03.444 6261 6261 D Error : at android.app.ActivityThread$H.handleMessage(ActivityThread.java:1582)
07-03 18:50:03.444 6261 6261 D Error : at android.os.Handler.dispatchMessage(Handler.java:102)
07-03 18:50:03.444 6261 6261 D Error : at android.os.Looper.loop(Looper.java:154)
07-03 18:50:03.444 6261 6261 D Error : at android.app.ActivityThread.main(ActivityThread.java:6208)
07-03 18:50:03.444 6261 6261 D Error : at java.lang.reflect.Method.invoke(Native Method)
07-03 18:50:03.444 6261 6261 D Error : at com.android.internal.os.ZygoteInit$MethodAndArgsCaller.run(ZygoteInit.java:891)
07-03 18:50:03.444 6261 6261 D Error : at com.android.internal.os.ZygoteInit.main(ZygoteInit.java:781)
07-03 18:50:03.444 6261 6261 D Error : # via Binder call with stack:
07-03 18:50:03.444 6261 6261 D Error : android.os.StrictMode$LogStackTrace
07-03 18:50:03.444 6261 6261 D Error : at android.os.StrictMode.readAndHandleBinderCallViolations(StrictMode.java:1954)
07-03 18:50:03.444 6261 6261 D Error : at android.os.Parcel.readExceptionCode(Parcel.java:1665)
07-03 18:50:03.444 6261 6261 D Error : at android.os.Parcel.readException(Parcel.java:1634)
07-03 18:50:03.444 6261 6261 D Error : at oz.b(:com.google.android.gms.GoogleCertificates:9)
07-03 18:50:03.444 6261 6261 D Error : at os.a(:com.google.android.gms.GoogleCertificates:47)
07-03 18:50:03.444 6261 6261 D Error : at os.(:com.google.android.gms.GoogleCertificates:3)
07-03 18:50:03.444 6261 6261 D Error : at ot.createFromParcel(:com.google.android.gms.GoogleCertificates:71)
07-03 18:50:03.444 6261 6261 D Error : at pb.onTransact(:com.google.android.gms.GoogleCertificates:54)
07-03 18:50:03.444 6261 6261 D Error : at android.os.Binder.transact(Binder.java:499)
07-03 18:50:03.444 6261 6261 D Error : at kwl.isGoogleOrPlatformSigned(:com.google.android.gms:3)
07-03 18:50:03.444 6261 6261 D Error : at joo.a(:com.google.android.gms:25)
07-03 18:50:03.444 6261 6261 D Error : at joo.a(:com.google.android.gms:20)
07-03 18:50:03.444 6261 6261 D Error : at keq.b(:com.google.android.gms:3)
07-03 18:50:03.444 6261 6261 D Error : at keq.a(:com.google.android.gms:25)
07-03 18:50:03.444 6261 6261 D Error : at keq.b(:com.google.android.gms:16)
07-03 18:50:03.444 6261 6261 D Error : at keq.c(:com.google.android.gms:3)
07-03 18:50:03.444 6261 6261 D Error : at com.google.android.gms.auth.account.be.legacy.AccountChimeraContentProvider.call(:com.google.android.gms:1)
07-03 18:50:03.444 6261 6261 D Error : at bxn.call(:com.google.android.gms:0)
07-03 18:50:03.444 6261 6261 D Error : at android.content.ContentProvider$Transport.call(ContentProvider.java:400)
07-03 18:50:03.444 6261 6261 D Error : at android.content.ContentProviderClient.call(ContentProviderClient.java:456)
07-03 18:50:03.444 6261 6261 D Error : at dzg.f(:com.google.android.gms:1)
07-03 18:50:03.444 6261 6261 D Error : at dze.d(:com.google.android.gms:2)
07-03 18:50:03.444 6261 6261 D Error : at akvc.b(:com.google.android.gms:0)
07-03 18:50:03.444 6261 6261 D Error : at akvc.(:com.google.android.gms:2)
07-03 18:50:03.444 6261 6261 D Error : at akvc.a(:com.google.android.gms:0)
07-03 18:50:03.444 6261 6261 D Error : at akqa.a(:com.google.android.gms:1)
07-03 18:50:03.444 6261 6261 D Error : at com.google.android.location.reporting.service.ReportingAndroidChimeraService.onCreate(:com.google.android.gms:0)
07-03 18:50:03.444 6261 6261 D Error : at byx.onCreate(:com.google.android.gms:0)
07-03 18:50:03.444 6261 6261 D Error : at jda.onCreate(:com.google.android.gms:4)
07-03 18:50:03.444 6261 6261 D Error : at android.app.ActivityThread.handleCreateService(ActivityThread.java:3210)
07-03 18:50:03.444 6261 6261 D Error : at android.app.ActivityThread.-wrap5(ActivityThread.java)
07-03 18:50:03.444 6261 6261 D Error : at android.app.ActivityThread$H.handleMessage(ActivityThread.java:1582)
07-03 18:50:03.444 6261 6261 D Error : at android.os.Handler.dispatchMessage(Handler.java:102)
07-03 18:50:03.444 6261 6261 D Error : at android.os.Looper.loop(Looper.java:154)
07-03 18:50:03.444 6261 6261 D Error : at android.app.ActivityThread.main(ActivityThread.java:6208)
07-03 18:50:03.444 6261 6261 D Error : at java.lang.reflect.Method.invoke(Native Method)
07-03 18:50:03.444 6261 6261 D Error : at com.android.internal.os.ZygoteInit$MethodAndArgsCaller.run(ZygoteInit.java:891)
07-03 18:50:03.444 6261 6261 D Error : at com.android.internal.os.ZygoteInit.main(ZygoteInit.java:781)
07-03 18:50:03.444 6261 6261 D Error : # via Binder call with stack:
07-03 18:50:03.444 6261 6261 D Error : android.os.StrictMode$LogStackTrace
07-03 18:50:03.444 6261 6261 D Error : at android.os.StrictMode.readAndHandleBinderCallViolations(StrictMode.java:1954)
07-03 18:50:03.444 6261 6261 D Error : at android.os.Parcel.readExceptionCode(Pa
07-03 18:50:03.444 6261 6261 D Error : ERR: TOTAL BYTES WRITTEN: 41352
07-03 18:50:03.444 6261 6261 D Error : ERR: exClass=android.os.StrictMode$StrictModeDiskReadViolation
07-03 18:50:03.444 6261 6261 D Error : ERR: exMsg=policy=23068679 violation=2
07-03 18:50:03.444 6261 6261 D Error : ERR: file=StrictMode.java
07-03 18:50:03.444 6261 6261 D Error : ERR: class=android.os.StrictMode$AndroidBlockGuardPolicy
07-03 18:50:03.444 6261 6261 D Error : ERR: method=onReadFromDisk line=1293
07-03 18:50:03.447 6261 6261 D Error : ERR: stack=android.os.StrictMode$StrictModeDiskReadViolation: policy=23068679 violation=2
07-03 18:50:03.447 6261 6261 D Error : at android.os.StrictMode$AndroidBlockGuardPolicy.onReadFromDisk(StrictMode.java:1293)
07-03 18:50:03.447 6261 6261 D Error : at java.io.UnixFileSystem.checkAccess(UnixFileSystem.java:249)
07-03 18:50:03.447 6261 6261 D Error : at java.io.File.exists(File.java:780)
07-03 18:50:03.447 6261 6261 D Error : at android.app.ContextImpl.ensurePrivateDirExists(ContextImpl.java:512)
07-03 18:50:03.447 6261 6261 D Error : at android.app.ContextImpl.getDatabasesDir(ContextImpl.java:715)
07-03 18:50:03.447 6261 6261 D Error : at android.app.ContextImpl.getDatabasePath(ContextImpl.java:694)
07-03 18:50:03.447 6261 6261 D Error : at android.app.ContextImpl.openOrCreateDatabase(ContextImpl.java:644)
07-03 18:50:03.447 6261 6261 D Error : at android.content.ContextWrapper.openOrCreateDatabase(ContextWrapper.java:289)
07-03 18:50:03.447 6261 6261 D Error : at android.content.ContextWrapper.openOrCreateDatabase(ContextWrapper.java:289)
07-03 18:50:03.447 6261 6261 D Error : at android.database.sqlite.SQLiteOpenHelper.getDatabaseLocked(SQLiteOpenHelper.java:223)
07-03 18:50:03.447 6261 6261 D Error : at android.database.sqlite.SQLiteOpenHelper.getWritableDatabase(SQLiteOpenHelper.java:163)
07-03 18:50:03.447 6261 6261 D Error : at cqt.getWritableDatabase(:com.google.android.gms:0)
07-03 18:50:03.447 6261 6261 D Error : at cqp.a(:com.google.android.gms:3)
07-03 18:50:03.447 6261 6261 D Error : at crh.b(:com.google.android.gms:5)
07-03 18:50:03.447 6261 6261 D Error : at crh.a(:com.google.android.gms:132)
07-03 18:50:03.447 6261 6261 D Error : at ckp.N(:com.google.android.gms:1)
07-03 18:50:03.447 6261 6261 D Error : at ckp.n(:com.google.android.gms:0)
07-03 18:50:03.447 6261 6261 D Error : at che.a(:com.google.android.gms:12)
07-03 18:50:03.447 6261 6261 D Error : at crm.(:com.google.android.gms:1)
07-03 18:50:03.447 6261 6261 D Error : at cqw.(:com.google.android.gms:0)
07-03 18:50:03.447 6261 6261 D Error : at ckp.L(:com.google.android.gms:1)
07-03 18:50:03.447 6261 6261 D Error : at ckp.a(:com.google.android.gms:5)
07-03 18:50:03.447 6261 6261 D Error : at ckp.k(:com.google.android.gms:0)
07-03 18:50:03.447 6261 6261 D Error : at com.google.android.contextmanager.service.ContextManagerChimeraService.onCreate(:com.google.android.gms:2)
07-03 18:50:03.447 6261 6261 D Error : at byx.onCreate(:com.google.android.gms:0)
07-03 18:50:03.447 6261 6261 D Error : at jda.onCreate(:com.google.android.gms:4)
07-03 18:50:03.447 6261 6261 D Error : at android.app.ActivityThread.handleCreateService(ActivityThread.java:3210)
07-03 18:50:03.447 6261 6261 D Error : at android.app.ActivityThread.-wrap5(ActivityThread.java)
07-03 18:50:03.447 6261 6261 D Error : at android.app.ActivityThread$H.handleMessage(ActivityThread.java:1582)
07-03 18:50:03.447 6261 6261 D Error : at android.os.Handler.dispatchMessage(Handler.java:102)
07-03 18:50:03.447 6261 6261 D Error : at android.os.Looper.loop(Looper.java:154)
07-03 18:50:03.447 6261 6261 D Error : at android.app.ActivityThread.main(ActivityThread.java:6208)
07-03 18:50:03.447 6261 6261 D Error : at java.lang.reflect.Method.invoke(Native Method)
07-03 18:50:03.447 6261 6261 D Error : at com.android.internal.os.ZygoteInit$MethodAndArgsCaller.run(ZygoteInit.java:891)
07-03 18:50:03.447 6261 6261 D Error : at com.android.internal.os.ZygoteInit.main(ZygoteInit.java:781)
07-03 18:50:03.447 6261 6261 D Error : # via Binder call with stack:
07-03 18:50:03.447 6261 6261 D Error : android.os.StrictMode$LogStackTrace
07-03 18:50:03.447 6261 6261 D Error : at android.os.StrictMode.readAndHandleBinderCallViolations(StrictMode.java:1954)
07-03 18:50:03.447 6261 6261 D Error : at android.os.Parcel.readExceptionCode(Parcel.java:1665)
07-03 18:50:03.447 6261 6261 D Error : at android.os.Parcel.readException(Parcel.java:1634)
07-03 18:50:03.447 6261 6261 D Error : at oz.b(:com.google.android.gms.GoogleCertificates:9)
07-03 18:50:03.447 6261 6261 D Error : at os.a(:com.google.android.gms.GoogleCertificates:47)
07-03 18:50:03.447 6261 6261 D Error : at os.(:com.google.android.gms.GoogleCertificates:3)
07-03 18:50:03.447 6261 6261 D Error : at ot.createFromParcel(:com.google.android.gms.GoogleCertificates:71)
07-03 18:50:03.447 6261 6261 D Error : at pb.onTransact(:com.google.android.gms.GoogleCertificates:54)
07-03 18:50:03.447 6261 6261 D Error : at android.os.Binder.transact(Binder.java:499)
07-03 18:50:03.447 6261 6261 D Error : at kwl.isGoogleOrPlatformSigned(:com.google.android.gms:3)
07-03 18:50:03.447 6261 6261 D Error : at joo.a(:com.google.android.gms:25)
07-03 18:50:03.447 6261 6261 D Error : at joo.a(:com.google.android.gms:20)
07-03 18:50:03.447 6261 6261 D Error : at keq.b(:com.google.android.gms:3)
07-03 18:50:03.447 6261 6261 D Error : at keq.a(:com.google.android.gms:25)
07-03 18:50:03.447 6261 6261 D Error : at keq.b(:com.google.android.gms:16)
07-03 18:50:03.447 6261 6261 D Error : at keq.c(:com.google.android.gms:3)
07-03 18:50:03.447 6261 6261 D Error : at com.google.android.gms.auth.account.be.legacy.AccountChimeraContentProvider.call(:com.google.android.gms:1)
07-03 18:50:03.447 6261 6261 D Error : at bxn.call(:com.google.android.gms:0)
07-03 18:50:03.447 6261 6261 D Error : at android.content.ContentProvider$Transport.call(ContentProvider.java:400)
07-03 18:50:03.447 6261 6261 D Error : at android.content.ContentProviderClient.call(ContentProviderClient.java:456)
07-03 18:50:03.447 6261 6261 D Error : at dzg.f(:com.google.android.gms:1)
07-03 18:50:03.447 6261 6261 D Error : at dze.d(:com.google.android.gms:2)
07-03 18:50:03.447 6261 6261 D Error : at akvc.b(:com.google.android.gms:0)
07-03 18:50:03.447 6261 6261 D Error : at akvc.(:com.google.android.gms:2)
07-03 18:50:03.447 6261 6261 D Error : at akvc.a(:com.google.android.gms:0)
