07-03 18:50:03.447 6261 6261 D Error : at akqa.a(:com.google.android.gms:1)
07-03 18:50:03.447 6261 6261 D Error : at com.google.android.location.reporting.service.ReportingAndroidChimeraService.onCreate(:com.google.android.gms:0)
07-03 18:50:03.447 6261 6261 D Error : at byx.onCreate(:com.google.android.gms:0)
07-03 18:50:03.447 6261 6261 D Error : at jda.onCreate(:com.google.android.gms:4)
07-03 18:50:03.447 6261 6261 D Error : at android.app.ActivityThread.handleCreateService(ActivityThread.java:3210)
07-03 18:50:03.447 6261 6261 D Error : at android.app.ActivityThread.-wrap5(ActivityThread.java)
07-03 18:50:03.447 6261 6261 D Error : at android.app.ActivityThread$H.handleMessage(ActivityThread.java:1582)
07-03 18:50:03.447 6261 6261 D Error : at android.os.Handler.dispatchMessage(Handler.java:102)
07-03 18:50:03.447 6261 6261 D Error : at
07-03 18:50:03.447 6261 6261 D Error : ERR: TOTAL BYTES WRITTEN: 41352
07-03 18:50:03.448 6261 6261 D Error : ERR: exClass=android.os.StrictMode$StrictModeDiskReadViolation
07-03 18:50:03.448 6261 6261 D Error : ERR: exMsg=policy=23068679 violation=2
07-03 18:50:03.448 6261 6261 D Error : ERR: file=StrictMode.java
07-03 18:50:03.448 6261 6261 D Error : ERR: class=android.os.StrictMode$AndroidBlockGuardPolicy
07-03 18:50:03.448 6261 6261 D Error : ERR: method=onReadFromDisk line=1293
07-03 18:50:03.451 6261 6261 D Error : ERR: stack=android.os.StrictMode$StrictModeDiskReadViolation: policy=23068679 violation=2
07-03 18:50:03.451 6261 6261 D Error : at android.os.StrictMode$AndroidBlockGuardPolicy.onReadFromDisk(StrictMode.java:1293)
07-03 18:50:03.451 6261 6261 D Error : at android.database.sqlite.SQLiteConnection.applyBlockGuardPolicy(SQLiteConnection.java:1041)
07-03 18:50:03.451 6261 6261 D Error : at android.database.sqlite.SQLiteConnection.executeForLong(SQLiteConnection.java:595)
07-03 18:50:03.451 6261 6261 D Error : at android.database.sqlite.SQLiteConnection.setPageSize(SQLiteConnection.java:251)
07-03 18:50:03.451 6261 6261 D Error : at android.database.sqlite.SQLiteConnection.open(SQLiteConnection.java:213)
07-03 18:50:03.451 6261 6261 D Error : at android.database.sqlite.SQLiteConnection.open(SQLiteConnection.java:193)
07-03 18:50:03.451 6261 6261 D Error : at android.database.sqlite.SQLiteConnectionPool.openConnectionLocked(SQLiteConnectionPool.java:463)
07-03 18:50:03.451 6261 6261 D Error : at android.database.sqlite.SQLiteConnectionPool.open(SQLiteConnectionPool.java:185)
07-03 18:50:03.451 6261 6261 D Error : at android.database.sqlite.SQLiteConnectionPool.open(SQLiteConnectionPool.java:177)
07-03 18:50:03.451 6261 6261 D Error : at android.database.sqlite.SQLiteDatabase.openInner(SQLiteDatabase.java:808)
07-03 18:50:03.451 6261 6261 D Error : at android.database.sqlite.SQLiteDatabase.open(SQLiteDatabase.java:793)
07-03 18:50:03.451 6261 6261 D Error : at android.database.sqlite.SQLiteDatabase.openDatabase(SQLiteDatabase.java:696)
07-03 18:50:03.451 6261 6261 D Error : at android.app.ContextImpl.openOrCreateDatabase(ContextImpl.java:652)
07-03 18:50:03.451 6261 6261 D Error : at android.content.ContextWrapper.openOrCreateDatabase(ContextWrapper.java:289)
07-03 18:50:03.451 6261 6261 D Error : at android.content.ContextWrapper.openOrCreateDatabase(ContextWrapper.java:289)
07-03 18:50:03.451 6261 6261 D Error : at android.database.sqlite.SQLiteOpenHelper.getDatabaseLocked(SQLiteOpenHelper.java:223)
07-03 18:50:03.451 6261 6261 D Error : at android.database.sqlite.SQLiteOpenHelper.getWritableDatabase(SQLiteOpenHelper.java:163)
07-03 18:50:03.451 6261 6261 D Error : at cqt.getWritableDatabase(:com.google.android.gms:0)
07-03 18:50:03.451 6261 6261 D Error : at cqp.a(:com.google.android.gms:3)
07-03 18:50:03.451 6261 6261 D Error : at crh.b(:com.google.android.gms:5)
07-03 18:50:03.451 6261 6261 D Error : at crh.a(:com.google.android.gms:132)
07-03 18:50:03.451 6261 6261 D Error : at ckp.N(:com.google.android.gms:1)
07-03 18:50:03.451 6261 6261 D Error : at ckp.n(:com.google.android.gms:0)
07-03 18:50:03.451 6261 6261 D Error : at che.a(:com.google.android.gms:12)
07-03 18:50:03.451 6261 6261 D Error : at crm.(:com.google.android.gms:1)
07-03 18:50:03.451 6261 6261 D Error : at cqw.(:com.google.android.gms:0)
07-03 18:50:03.451 6261 6261 D Error : at ckp.L(:com.google.android.gms:1)
07-03 18:50:03.451 6261 6261 D Error : at ckp.a(:com.google.android.gms:5)
07-03 18:50:03.451 6261 6261 D Error : at ckp.k(:com.google.android.gms:0)
07-03 18:50:03.451 6261 6261 D Error : at com.google.android.contextmanager.service.ContextManagerChimeraService.onCreate(:com.google.android.gms:2)
07-03 18:50:03.451 6261 6261 D Error : at byx.onCreate(:com.google.android.gms:0)
07-03 18:50:03.451 6261 6261 D Error : at jda.onCreate(:com.google.android.gms:4)
07-03 18:50:03.451 6261 6261 D Error : at android.app.ActivityThread.handleCreateService(ActivityThread.java:3210)
07-03 18:50:03.451 6261 6261 D Error : at android.app.ActivityThread.-wrap5(ActivityThread.java)
07-03 18:50:03.451 6261 6261 D Error : at android.app.ActivityThread$H.handleMessage(ActivityThread.java:1582)
07-03 18:50:03.451 6261 6261 D Error : at android.os.Handler.dispatchMessage(Handler.java:102)
07-03 18:50:03.451 6261 6261 D Error : at android.os.Looper.loop(Looper.java:154)
07-03 18:50:03.451 6261 6261 D Error : at android.app.ActivityThread.main(ActivityThread.java:6208)
07-03 18:50:03.451 6261 6261 D Error : at java.lang.reflect.Method.invoke(Native Method)
07-03 18:50:03.451 6261 6261 D Error : at com.android.internal.os.ZygoteInit$MethodAndArgsCaller.run(ZygoteInit.java:891)
07-03 18:50:03.451 6261 6261 D Error : at com.android.internal.os.ZygoteInit.main(ZygoteInit.java:781)
07-03 18:50:03.451 6261 6261 D Error : # via Binder call with stack:
07-03 18:50:03.451 6261 6261 D Error : android.os.StrictMode$LogStackTrace
07-03 18:50:03.451 6261 6261 D Error : at android.os.StrictMode.readAndHandleBinderCallViolations(StrictMode.java:1954)
07-03 18:50:03.451 6261 6261 D Error : at android.os.Parcel.readExceptionCode(Parcel.java:1665)
07-03 18:50:03.451 6261 6261 D Error : at android.os.Parcel.readException(Parcel.java:1634)
07-03 18:50:03.451 6261 6261 D Error : at oz.b(:com.google.android.gms.GoogleCertificates:9)
07-03 18:50:03.451 6261 6261 D Error : at os.a(:com.google.android.gms.GoogleCertificates:47)
07-03 18:50:03.451 6261 6261 D Error : at os.(:com.google.android.gms.GoogleCertificates:3)
07-03 18:50:03.451 6261 6261 D Error : at ot.createFromParcel(:com.google.android.gms.GoogleCertificates:71)
07-03 18:50:03.451 6261 6261 D Error : at pb.onTransact(:com.google.android.gms.GoogleCertificates:54)
07-03 18:50:03.451 6261 6261 D Error : at android.os.Binder.transact(Binder.java:499)
07-03 18:50:03.451 6261 6261 D Error : at kwl.isGoogleOrPlatformSigned(:com.google.android.gms:3)
07-03 18:50:03.451 6261 6261 D Error : at joo.a(:com.google.android.gms:25)
07-03 18:50:03.451 6261 6261 D Error : at joo.a(:com.google.android.gms:20)
07-03 18:50:03.451 6261 6261 D Error : at keq.b(:com.google.android.gms:3)
07-03 18:50:03.451 6261 6261 D Error : at keq.a(:com.google.android.gms:25)
07-03 18:50:03.451 6261 6261 D Error : at keq.b(:com.google.android.gms:16)
07-03 18:50:03.451 6261 6261 D Error : at keq.c(:com.google.android.gms:3)
07-03 18:50:03.451 6261 6261 D Error : at com.google.android.gms.auth.account.be.legacy.AccountChimeraContentProvider.call(:com.google.android.gms:1)
07-03 18:50:03.451 6261 6261 D Error : at bxn.call(:com.google.android.gms:0)
07-03 18:50:03.451 6261 6261 D Error : at android.content.ContentProvider$Transport.call(ContentProvider.java:400)
07-03 18:50:03.451 6261 6261 D Error : at android.content.ContentProviderClient.call(ContentProviderClient.java:456)
07-03 18:50:03.451 6261 6261 D Error : at dzg.f(:com.google.android.gms:1)
07-03 18:50:03.451 6261 6261 D Error : at dze.d(:com.google.android.gms:2)
07-03 18:50:03.451 6261 6261 D Error : at akvc.b(:com.
07-03 18:50:03.452 6261 6261 D Error : ERR: TOTAL BYTES WRITTEN: 41352
07-03 18:50:03.545 19244 19374 I chatty : uid=1000(system) com.android.settings expire 1 line
07-03 18:50:03.571 6261 12331 I Places : Converted 6 out of 6 WiFi scans
07-03 18:50:03.622 6261 6277 I art : Background sticky concurrent mark sweep GC freed 27220(1922KB) AllocSpace objects, 27(1308KB) LOS objects, 27% free, 7MB/10MB, paused 6.784ms total 95.237ms
07-03 18:50:03.627 1231 1231 I rmt_storage: rmt_storage_connect_cb: clnt_h=0x8 conn_h=0xb6b09128
07-03 18:50:03.628 1231 1231 I rmt_storage: rmt_storage_rw_iovec_cb: /boot/modem_fs2: clnt_h=0x2: req_h=0xc msg_id=3: R/W request received
07-03 18:50:03.628 1231 1231 I rmt_storage: rw_iovec client->path = /boot/modem_fs2
07-03 18:50:03.628 1231 1231 I rmt_storage: wakelock acquired: 1, error no: 42
07-03 18:50:03.628 1231 1333 I rmt_storage: rmt_storage_client_thread: /boot/modem_fs2: clnt_h=0x2 Unblock worker thread (th_id: -1231943392)
07-03 18:50:03.683 19244 19244 W ContextImpl: Calling a method in the system process without a qualified user: android.app.ContextImpl.bindService:1421 android.content.ContextWrapper.bindService:636 android.content.pm.permission.RuntimePermissionPresenter$RemoteService.processMessage:186 android.content.pm.permission.RuntimePermissionPresenter.getAppPermissions:127 com.android.settings.applications.PermissionsSummaryHelper.getPermissionSummary:34
07-03 18:50:03.761 19244 19373 I chatty : uid=1000(system) com.android.settings expire 72 lines
07-03 18:50:03.773 1231 1333 I rmt_storage: rmt_storage_client_thread: /boot/modem_fs2: clnt_h=0x2: req_h=0xc msg_id=3: Bytes written = 917504
07-03 18:50:03.773 1231 1333 I rmt_storage: rmt_storage_client_thread: /boot/modem_fs2: clnt_h=0x2: req_h=0xc msg_id=3: Send response: res=0 err=0
07-03 18:50:03.774 1231 1333 I rmt_storage: rmt_storage_client_thread: /boot/modem_fs2: clnt_h=0x2 About to block rmt_storage client thread (th_id: -1231943392) wakelock released: 1, error no: 0
07-03 18:50:03.774 1231 1333 I rmt_storage:
07-03 18:50:03.775 1231 1231 I rmt_storage: rmt_storage_disconnect_cb: clnt_h=0x8 conn_h=0xb6b09128
07-03 18:50:03.811 6261 19371 I PlaceInferenceEngine: No beacon scan available - ignoring candidates.
07-03 18:50:03.826 5235 5235 D wpa_supplicant: wlan0: Control interface command 'SIGNAL_POLL'
07-03 18:50:03.842 1247 1265 I art : Background partial concurrent mark sweep GC freed 91438(4MB) AllocSpace objects, 7(240KB) LOS objects, 33% free, 19MB/28MB, paused 5.021ms total 374.591ms
07-03 18:50:03.847 19244 19291 I chatty : uid=1000(system) RenderThread expire 6 lines
07-03 18:50:03.871 6261 6261 E ctxmgr : [PlaceFenceHelper]NearbyBuffer is null!
07-03 18:50:03.904 6261 19371 W ctxmgr : [AclManager]No 2 for (accnt=account#-517948760#, com.google.android.gms(10013):PlacesProducer, vrsn=11055000, 0, 3pPkg = null , 3pMdlId = null , pid = 6261). Was: 3 for 18, account#-517948760#
07-03 18:50:03.941 1247 16829 I ProcessStatsService: Added stats: 2017-07-03-15-28-26, over +49m1s770ms
07-03 18:50:03.969 1247 16829 I ProcessStatsService: Added stats: 2017-07-03-11-30-33, over +3h57m53s341ms
07-03 18:50:04.888 1247 7033 I ActivityManager: Force stopping org.libreoffice.impressremote appid=10144 user=0: from pid 19244
07-03 18:50:04.922 5502 5502 D CarrierSvcBindHelper: No carrier app for: 0
07-03 18:50:04.924 5502 5502 D CarrierSvcBindHelper: No carrier app for: 1
07-03 18:50:04.929 1247 1704 I ActivityManager: Start proc 19384:com.mgoogle.android.gms/u0a268 for broadcast com.mgoogle.android.gms/org.microg.nlp.PackageReceiver
07-03 18:50:05.025 1247 6426 W InputMethodManagerService: Window already focused, ignoring focus gain of: com.android.internal.view.IInputMethodClient$Stub$Proxy@df2137c attribute=null, token = android.os.BinderProxy@a612fc5
07-03 18:50:05.118 19384 19384 D NlpPackageReceiver: Intent received: Intent { act=android.intent.action.PACKAGE_RESTARTED dat=package:org.libreoffice.impressremote flg=0x10 cmp=com.mgoogle.android.gms/org.microg.nlp.PackageReceiver (has extras) }
07-03 18:50:05.421 5271 5271 I SlideTouchEvent: vel=0.0, MinimumFlingVelocity=90
07-03 18:50:05.428 1247 5183 I ActivityManager: START u0 {act=android.intent.action.MAIN cat=[android.intent.category.HOME] flg=0x10200000 cmp=com.teslacoilsw.launcher/.NovaLauncher (has extras)} from uid 1000 on display 0
07-03 18:50:05.582 11880 11880 W SessionLifecycleManager: Handover failed. Creating new session controller.
07-03 18:50:06.435 6467 6827 W OpenGLRenderer: Points are too far apart 4.001877
07-03 18:50:06.435 6467 6827 W OpenGLRenderer: Points are too far apart 4.001877
07-03 18:50:06.869 7207 7207 W ResourceType: No known package when getting value for resource number 0xff000000
07-03 18:50:06.870 7207 7207 W ResourceType: No known package when getting value for resource number 0xff000000
07-03 18:50:06.885 5235 5235 D wpa_supplicant: wlan0: Control interface command 'SIGNAL_POLL'
07-03 18:50:08.471 1283 1698 D audio_hw_primary: out_standby: enter: stream (0xb61c4380) usecase(1: low-latency-playback)
07-03 18:50:08.563 1283 1698 D audio_hw_primary: disable_audio_route: reset and update mixer path: low-latency-playback
07-03 18:50:08.563 1283 1698 D hardware_info: hw_info_append_hw_type : device_name = speaker
07-03 18:50:08.563 1283 1698 D audio_hw_primary: disable_snd_device: snd_device(2: speaker)
07-03 18:50:08.571 1283 1698 D audio_hw_primary: start_output_stream: enter: stream(0xb61c4380)usecase(1: low-latency-playback) devices(0x2)
07-03 18:50:08.571 1283 1698 D audio_hw_primary: select_devices: out_snd_device(2: speaker) in_snd_device(0: )
07-03 18:50:08.571 1283 1698 W msm8916_platform: Codec backend bitwidth 16, samplerate 48000
07-03 18:50:08.571 1283 1698 D hardware_info: hw_info_append_hw_type : device_name = speaker
07-03 18:50:08.571 1283 1698 D audio_hw_primary: enable_snd_device: snd_device(2: speaker)
07-03 18:50:08.573 1283 1698 W audio_hw_utils: audio_extn_utils_update_stream_app_type_cfg: App type could not be selected. Falling back to default
07-03 18:50:08.573 1283 1698 I audio_hw_primary: select_devices Selected apptype: 69936
07-03 18:50:08.573 1283 1698 D ACDB-LOADER: ACDB -> send_audio_cal, acdb_id = 15, path = 0
07-03 18:50:08.573 1283 1698 D ACDB-LOADER: ACDB -> send_asm_topology
07-03 18:50:08.573 1283 1698 D ACDB-LOADER: ACDB -> ACDB_CMD_GET_AUDPROC_STREAM_TOPOLOGY_ID
07-03 18:50:08.573 1283 1698 D ACDB-LOADER: ACDB -> send_adm_topology
07-03 18:50:08.573 1283 1698 D ACDB-LOADER: ACDB -> ACDB_CMD_GET_AUDPROC_COMMON_TOPOLOGY_ID
07-03 18:50:08.573 1283 1698 D ACDB-LOADER: ACDB -> send_audtable
07-03 18:50:08.573 1283 1698 D ACDB-LOADER: ACDB -> ACDB_CMD_GET_AUDPROC_COMMON_TABLE
07-03 18:50:08.573 1283 1698 D ACDB-LOADER: ACDB -> AUDIO_SET_AUDPROC_CAL
07-03 18:50:08.573 1283 1698 D ACDB-LOADER: ACDB -> send_audvoltable
07-03 18:50:08.573 1283 1698 D ACDB-LOADER: ACDB -> ACDB_CMD_GET_AUDPROC_GAIN_DEP_STEP_TABLE
07-03 18:50:08.573 1283 1698 D ACDB-LOADER: ACDB -> AUDIO_SET_AUDPROC_VOL_CAL
07-03 18:50:08.573 1283 1698 D ACDB-LOADER: ACDB -> send_afe_cal
07-03 18:50:08.573 1283 1698 D ACDB-LOADER: ACDB -> ACDB_CMD_GET_AFE_COMMON_TABLE
07-03 18:50:08.573 1283 1698 D : Failed to fetch the lookup information of the device 0000000F
07-03 18:50:08.573 1283 1698 D ACDB-LOADER: ACDB -> AUDIO_SET_AFE_CAL
07-03 18:50:08.573 1283 1698 D ACDB-LOADER: ACDB -> send_hw_delay : acdb_id = 15 path = 0
07-03 18:50:08.573 1283 1698 D ACDB-LOADER: ACDB -> ACDB_AVSYNC_INFO: ACDB_CMD_GET_DEVICE_PROPERTY
07-03 18:50:08.573 1283 1698 I audio_hw_utils: audio_extn_utils_send_app_type_cfg: PLAYBACK app_type 69936, acdb_dev_id 15, sample_rate 48000
07-03 18:50:08.573 1283 1698 D audio_hw_primary: enable_audio_route: apply mixer and update path: low-latency-playback
07-03 18:50:08.574 1283 1698 D audio_hw_primary: select_devices: done
07-03 18:50:08.598 1283 1698 D msm8916_platform: platform_set_channel_map mixer_ctl_name:Playback Channel Map12
07-03 18:50:08.599 1283 1698 D msm8916_platform: platform_set_channel_map: set mapping(1 2 3 0 0 0 0 0) for channel:2
07-03 18:50:08.599 1283 1698 D audio_hw_primary: start_output_stream: exit
07-03 18:50:08.832 1247 19378 W DropBoxManagerService: Dropping: system_app_strictmode (10 > 0 bytes)
07-03 18:50:08.852 1247 5251 I ActivityManager: START u0 {act=android.intent.action.MAIN cat=[android.intent.category.LAUNCHER] flg=0x10200000 cmp=org.libreoffice.impressremote/.activity.ComputersActivity (has extras)} from uid 10112 on display 0
07-03 18:50:08.914 1247 1627 I ActivityManager: Start proc 19411:org.libreoffice.impressremote/u0a144 for activity org.libreoffice.impressremote/.activity.ComputersActivity
07-03 18:50:08.976 19411 19411 W System : ClassLoader referenced unknown path: /data/app/org.libreoffice.impressremote-1/lib/arm
07-03 18:50:09.387 19411 19427 I Adreno-EGL: : EGL 1.4 QUALCOMM build: (Ifd751822f5)
07-03 18:50:09.387 19411 19427 I Adreno-EGL: OpenGL ES Shader Compiler Version: XE031.06.00.05
07-03 18:50:09.387 19411 19427 I Adreno-EGL: Build Date: 01/26/16 Tue 07-03 18:50:09.387 19411 19427 I Adreno-EGL: Local Branch: AU12_SBA
07-03 18:50:09.387 19411 19427 I Adreno-EGL: Remote Branch:
07-03 18:50:09.387 19411 19427 I Adreno-EGL: Local Patches:
07-03 18:50:09.387 19411 19427 I Adreno-EGL: Reconstruct Branch:
07-03 18:50:09.391 19411 19427 I OpenGLRenderer: Initialized EGL, version 1.4
07-03 18:50:09.391 19411 19427 D OpenGLRenderer: Swap behavior 1
07-03 18:50:09.388 19411 19411 I RenderThread: type=1400 audit(0.0:97): avc: denied { read } for uid=10144 name="gpuclk" dev="sysfs" ino=11450 scontext=u:r:untrusted_app:s0:c512,c768 tcontext=u:object_r:sysfs:s0 tclass=file permissive=1
07-03 18:50:09.388 19411 19411 I RenderThread: type=1400 audit(0.0:98): avc: denied { open } for uid=10144 path="/sys/devices/soc.0/1c00000.qcom,kgsl-3d0/kgsl/kgsl-3d0/gpuclk" dev="sysfs" ino=11450 scontext=u:r:untrusted_app:s0:c512,c768 tcontext=u:object_r:sysfs:s0 tclass=file permissive=1
07-03 18:50:09.392 19411 19411 I RenderThread: type=1400 audit(0.0:99): avc: denied { getattr } for uid=10144 path="/sys/devices/soc.0/1c00000.qcom,kgsl-3d0/kgsl/kgsl-3d0/gpuclk" dev="sysfs" ino=11450 scontext=u:r:untrusted_app:s0:c512,c768 tcontext=u:object_r:sysfs:s0 tclass=file permissive=1
07-03 18:50:09.509 1247 1847 I ActivityManager: Displayed org.libreoffice.impressremote/.activity.ComputersActivity: +609ms
07-03 18:50:09.512 6467 6467 W IInputConnectionWrapper: reportFullscreenMode on inexistent InputConnection
07-03 18:50:09.513 6467 6467 W IInputConnectionWrapper: finishComposingText on inactive InputConnection
07-03 18:50:09.711 11880 11985 I PBSessionCacheImpl: Deleted sessionId[64061543575982] from persistence.
07-03 18:50:09.741 11880 11880 W SearchService: Abort, client detached.
07-03 18:50:09.928 5235 5235 D wpa_supplicant: wlan0: Control interface command 'SIGNAL_POLL'
07-03 18:50:10.425 1247 6425 I ActivityManager: START u0 {cmp=org.libreoffice.impressremote/.activity.ComputerConnectionActivity (has extras)} from uid 10144 on display 0
07-03 18:50:10.554 1247 1847 I ActivityManager: Displayed org.libreoffice.impressremote/.activity.ComputerConnectionActivity: +117ms
07-03 18:50:10.561 1247 5251 I ActivityManager: START u0 {cmp=org.libreoffice.impressremote/.activity.SlideShowActivity} from uid 10144 on display 0
07-03 18:50:10.708 19411 19411 D AndroidRuntime: Shutting down VM
07-03 18:50:10.717 19411 19411 E AndroidRuntime: FATAL EXCEPTION: main
07-03 18:50:10.717 19411 19411 E AndroidRuntime: Process: org.libreoffice.impressremote, PID: 19411
07-03 18:50:10.717 19411 19411 E AndroidRuntime: android.os.NetworkOnMainThreadException
07-03 18:50:10.717 19411 19411 E AndroidRuntime: at android.os.StrictMode$AndroidBlockGuardPolicy.onNetwork(StrictMode.java:1303)
07-03 18:50:10.717 19411 19411 E AndroidRuntime: at java.net.SocketOutputStream.socketWrite(SocketOutputStream.java:111)
07-03 18:50:10.717 19411 19411 E AndroidRuntime: at java.net.SocketOutputStream.write(SocketOutputStream.java:157)
07-03 18:50:10.717 19411 19411 E AndroidRuntime: at sun.nio.cs.StreamEncoder.writeBytes(StreamEncoder.java:221)
07-03 18:50:10.717 19411 19411 E AndroidRuntime: at sun.nio.cs.StreamEncoder.implFlushBuffer(StreamEncoder.java:291)
07-03 18:50:10.717 19411 19411 E AndroidRuntime: at sun.nio.cs.StreamEncoder.implFlush(StreamEncoder.java:295)
07-03 18:50:10.717 19411 19411 E AndroidRuntime: at sun.nio.cs.StreamEncoder.flush(StreamEncoder.java:141)
07-03 18:50:10.717 19411 19411 E AndroidRuntime: at java.io.OutputStreamWriter.flush(OutputStreamWriter.java:229)
07-03 18:50:10.717 19411 19411 E AndroidRuntime: at java.io.BufferedWriter.flush(BufferedWriter.java:254)
07-03 18:50:10.717 19411 19411 E AndroidRuntime: at org.libreoffice.impressremote.communication.CommandsTransmitter.writeCommand(CommandsTransmitter.java:44)
07-03 18:50:10.717 19411 19411 E AndroidRuntime: at org.libreoffice.impressremote.communication.CommandsTransmitter.startPresentation(CommandsTransmitter.java:77)
07-03 18:50:10.717 19411 19411 E AndroidRuntime: at org.libreoffice.impressremote.activity.SlideShowActivity.startSlideShow(SlideShowActivity.java:174)
07-03 18:50:10.717 19411 19411 E AndroidRuntime: at org.libreoffice.impressremote.activity.SlideShowActivity.onServiceConnected(SlideShowActivity.java:158)
07-03 18:50:10.717 19411 19411 E AndroidRuntime: at android.app.LoadedApk$ServiceDispatcher.doConnected(LoadedApk.java:1453)
07-03 18:50:10.717 19411 19411 E AndroidRuntime: at android.app.LoadedApk$ServiceDispatcher$RunConnection.run(LoadedApk.java:1481)
07-03 18:50:10.717 19411 19411 E AndroidRuntime: at android.os.Handler.handleCallback(Handler.java:751)
07-03 18:50:10.717 19411 19411 E AndroidRuntime: at android.os.Handler.dispatchMessage(Handler.java:95)
07-03 18:50:10.717 19411 19411 E AndroidRuntime: at android.os.Looper.loop(Looper.java:154)
07-03 18:50:10.717 19411 19411 E AndroidRuntime: at android.app.ActivityThread.main(ActivityThread.java:6208)
07-03 18:50:10.717 19411 19411 E AndroidRuntime: at java.lang.reflect.Method.invoke(Native Method)
07-03 18:50:10.717 19411 19411 E AndroidRuntime: at com.android.internal.os.ZygoteInit$MethodAndArgsCaller.run(ZygoteInit.java:891)
07-03 18:50:10.717 19411 19411 E AndroidRuntime: at com.android.internal.os.ZygoteInit.main(ZygoteInit.java:781)
07-03 18:50:10.722 1247 1627 W ActivityManager: Force finishing activity org.libreoffice.impressremote/.activity.SlideShowActivity
07-03 18:50:10.728 1247 19441 W DropBoxManagerService: Dropping: data_app_crash (1864 > 0 bytes)
07-03 18:50:10.749 1247 1627 W ContextImpl: Calling a method in the system process without a qualified user: android.app.ContextImpl.sendBroadcast:877 com.android.server.am.AppErrors.crashApplicationInner:370 com.android.server.am.AppErrors.crashApplication:305 com.android.server.am.ActivityManagerService.handleApplicationCrashInner:13558 com.android.server.am.ActivityManagerService.handleApplicationCrash:13540
07-03 18:50:10.751 19411 19411 I Process : Sending signal. PID: 19411 SIG: 9
07-03 18:50:10.774 11514 11514 E AppCrashReceiver: org.libreoffice.impressremote stopped unexpectedly...
07-03 18:50:10.789 1247 16829 I WindowManager: WIN DEATH: Window{6a4eebf u0 org.libreoffice.impressremote/org.libreoffice.impressremote.activity.ComputerConnectionActivity}
07-03 18:50:10.789 1247 6017 D GraphicsStats: Buffer count: 10
07-03 18:50:10.790 1247 1627 I ActivityManager: Process org.libreoffice.impressremote (pid 19411) has died
07-03 18:50:10.790 1247 1627 D ActivityManager: cleanUpApplicationRecord -- 19411
07-03 18:50:10.790 1247 1627 W ActivityManager: Scheduling restart of crashed service org.libreoffice.impressremote/.communication.CommunicationServiceWear in 1000ms
07-03 18:50:10.790 1247 1627 W ActivityManager: Scheduling restart of crashed service org.libreoffice.impressremote/.communication.CommunicationService in 11000ms
07-03 18:50:10.795 1247 6426 I WindowManager: WIN DEATH: Window{d90edbc u0 org.libreoffice.impressremote/org.libreoffice.impressremote.activity.SlideShowActivity}
07-03 18:50:10.796 1221 1221 W SurfaceFlinger: couldn't log to binary event log: overflow.
07-03 18:50:10.799 1247 5183 W InputDispatcher: channel '22bfc82 org.libreoffice.impressremote/org.libreoffice.impressremote.activity.ComputersActivity (server)' ~ Consumer closed input channel or an error occurred. events=0x9
07-03 18:50:10.800 1247 5183 E InputDispatcher: channel '22bfc82 org.libreoffice.impressremote/org.libreoffice.impressremote.activity.ComputersActivity (server)' ~ Channel is unrecoverably broken and will be disposed!
07-03 18:50:10.802 1247 6390 I WindowManager: WIN DEATH: Window{22bfc82 u0 org.libreoffice.impressremote/org.libreoffice.impressremote.activity.ComputersActivity}
07-03 18:50:10.802 1247 6390 W InputDispatcher: Attempted to unregister already unregistered input channel '22bfc82 org.libreoffice.impressremote/org.libreoffice.impressremote.activity.ComputersActivity (server)'
07-03 18:50:10.807 1247 1627 W ActivityManager: Force removing ActivityRecord{71eec40 u0 org.libreoffice.impressremote/.activity.ComputersActivity t3580}: app died, no saved state
07-03 18:50:10.811 1221 1221 W SurfaceFlinger: couldn't log to binary event log: overflow.
07-03 18:50:10.853 11880 11880 W SessionLifecycleManager: Handover failed. Creating new session controller.
07-03 18:50:11.805 1247 1704 I ActivityManager: Start proc 19447:org.libreoffice.impressremote/u0a144 for service org.libreoffice.impressremote/.communication.CommunicationServiceWear
07-03 18:50:11.869 19447 19447 W System : ClassLoader referenced unknown path: /data/app/org.libreoffice.impressremote-1/lib/arm
07-03 18:50:11.928 19447 19447 V CommunicationSrvcWear: GoogleApiClient created
07-03 18:50:11.932 19447 19447 V CommunicationSrvcWear: Connecting to GoogleApiClient..
07-03 18:50:11.977 6261 6261 I WearableService: onCreate - Wear is not available on this device.
07-03 18:50:11.990 6261 6821 D WearableService: onGetService - Wear is not available on this device.
07-03 18:50:12.049 1247 6386 I ActivityManager: START u0 {act=android.intent.action.MAIN cat=[android.intent.category.LAUNCHER] flg=0x10200000 cmp=org.libreoffice.impressremote/.activity.ComputersActivity (has extras)} from uid 10112 on display 0
07-03 18:50:12.370 19447 19467 I Adreno-EGL: : EGL 1.4 QUALCOMM build: (Ifd751822f5)
07-03 18:50:12.370 19447 19467 I Adreno-EGL: OpenGL ES Shader Compiler Version: XE031.06.00.05
07-03 18:50:12.370 19447 19467 I Adreno-EGL: Build Date: 01/26/16 Tue 07-03 18:50:12.370 19447 19467 I Adreno-EGL: Local Branch: AU12_SBA
07-03 18:50:12.370 19447 19467 I Adreno-EGL: Remote Branch:
07-03 18:50:12.370 19447 19467 I Adreno-EGL: Local Patches:
07-03 18:50:12.370 19447 19467 I Adreno-EGL: Reconstruct Branch:
07-03 18:50:12.375 19447 19467 I OpenGLRenderer: Initialized EGL, version 1.4
07-03 18:50:12.375 19447 19467 D OpenGLRenderer: Swap behavior 1
07-03 18:50:12.372 19447 19447 I RenderThread: type=1400 audit(0.0:100): avc: denied { read } for uid=10144 name="gpuclk" dev="sysfs" ino=11450 scontext=u:r:untrusted_app:s0:c512,c768 tcontext=u:object_r:sysfs:s0 tclass=file permissive=1
07-03 18:50:12.375 19447 19447 I RenderThread: type=1400 audit(0.0:101): avc: denied { open } for uid=10144 path="/sys/devices/soc.0/1c00000.qcom,kgsl-3d0/kgsl/kgsl-3d0/gpuclk" dev="sysfs" ino=11450 scontext=u:r:untrusted_app:s0:c512,c768 tcontext=u:object_r:sysfs:s0 tclass=file permissive=1
07-03 18:50:12.375 19447 19447 I RenderThread: type=1400 audit(0.0:102): avc: denied { getattr } for uid=10144 path="/sys/devices/soc.0/1c00000.qcom,kgsl-3d0/kgsl/kgsl-3d0/gpuclk" dev="sysfs" ino=11450 scontext=u:r:untrusted_app:s0:c512,c768 tcontext=u:object_r:sysfs:s0 tclass=file permissive=1
07-03 18:50:12.470 6467 6467 W IInputConnectionWrapper: reportFullscreenMode on inexistent InputConnection
07-03 18:50:12.470 6467 6467 W IInputConnectionWrapper: finishComposingText on inactive InputConnection
07-03 18:50:12.474 1247 1847 I ActivityManager: Displayed org.libreoffice.impressremote/.activity.ComputersActivity: +399ms (total +1s890ms)
07-03 18:50:12.677 11880 14041 I PBSessionCacheImpl: Deleted sessionId[64061543575983] from persistence.
07-03 18:50:12.705 11880 11880 W SearchService: Abort, client detached.
07-03 18:50:12.976 5235 5235 D wpa_supplicant: wlan0: Control interface command 'SIGNAL_POLL'
07-03 18:50:13.098 11880 11880 I MemoryTrimmer: Trimming objects from memory, since app is in the background.
07-03 18:50:13.145 6261 19372 E ctxmgr : [ProducerActiveIntervalImpl]closeActiveInterval: Error: ongoing, trying to close
07-03 18:50:13.179 6261 12331 I PlaceInferenceEngine: [anon] Changed inference mode: 105
07-03 18:50:14.886 1283 1698 D audio_hw_primary: out_standby: enter: stream (0xb61c4380) usecase(1: low-latency-playback)
07-03 18:50:14.973 1283 1698 D audio_hw_primary: disable_audio_route: reset and update mixer path: low-latency-playback
07-03 18:50:14.974 1283 1698 D hardware_info: hw_info_append_hw_type : device_name = speaker
07-03 18:50:14.974 1283 1698 D audio_hw_primary: disable_snd_device: snd_device(2: speaker)
07-03 18:50:16.036 5235 5235 D wpa_supplicant: wlan0: Control interface command 'SIGNAL_POLL'
07-03 18:50:16.048 1247 5194 D WifiStateMachine: updateCapabilities for config:INFINITUMjhgcfalse,false
07-03 18:50:16.852 6439 11450 I KDE/LanLinkProvider: Broadcast identity package received from motorola
07-03 18:50:16.853 6439 11449 I KDE/LanLinkProvider: Broadcast identity package received from motorola
07-03 18:50:16.880 6439 11450 I KDE/LanLinkProvider: Starting SSL handshake with motorola trusted:false
07-03 18:50:16.880 6439 11449 I KDE/LanLinkProvider: Starting SSL handshake with motorola trusted:false
07-03 18:50:17.168 6439 19478 I KDE/LanLinkProvider: Handshake as server successful with motorola secured with TLS_ECDHE_RSA_WITH_AES_128_CBC_SHA
07-03 18:50:17.168 6439 19478 I KDE/LanLinkProvider: Reusing same link for device 59f71baf6e44aee9
07-03 18:50:17.169 6439 18828 I LanLink : Socket closed: 11672984. Reason: End of stream
07-03 18:50:17.229 6439 19477 I KDE/LanLinkProvider: Handshake as server successful with motorola secured with TLS_ECDHE_RSA_WITH_AES_128_CBC_SHA
07-03 18:50:17.230 6439 19477 I KDE/LanLinkProvider: Reusing same link for device 59f71baf6e44aee9
07-03 18:50:17.230 6439 19479 I LanLink : Socket closed: 208345585. Reason: End of stream
07-03 18:50:19.102 5235 5235 D wpa_supplicant: wlan0: Control interface command 'SIGNAL_POLL'
07-03 18:50:22.139 1247 6386 I ActivityManager: START u0 {cmp=org.libreoffice.impressremote/.activity.ComputerConnectionActivity (has extras)} from uid 10144 on display 0
07-03 18:50:22.142 1283 1698 D audio_hw_primary: start_output_stream: enter: stream(0xb61c4380)usecase(1: low-latency-playback) devices(0x2)
07-03 18:50:22.142 1283 1698 D audio_hw_primary: select_devices: out_snd_device(2: speaker) in_snd_device(0: )
07-03 18:50:22.142 1283 1698 W msm8916_platform: Codec backend bitwidth 16, samplerate 48000
07-03 18:50:22.142 1283 1698 D hardware_info: hw_info_append_hw_type : device_name = speaker
07-03 18:50:22.142 1283 1698 D audio_hw_primary: enable_snd_device: snd_device(2: speaker)
07-03 18:50:22.150 1283 1698 W audio_hw_utils: audio_extn_utils_update_stream_app_type_cfg: App type could not be selected. Falling back to default
07-03 18:50:22.150 1283 1698 I audio_hw_primary: select_devices Selected apptype: 69936
07-03 18:50:22.150 1283 1698 D ACDB-LOADER: ACDB -> send_audio_cal, acdb_id = 15, path = 0
07-03 18:50:22.150 1283 1698 D ACDB-LOADER: ACDB -> send_asm_topology
07-03 18:50:22.150 1283 1698 D ACDB-LOADER: ACDB -> ACDB_CMD_GET_AUDPROC_STREAM_TOPOLOGY_ID
07-03 18:50:22.150 1283 1698 D ACDB-LOADER: ACDB -> send_adm_topology
07-03 18:50:22.150 1283 1698 D ACDB-LOADER: ACDB -> ACDB_CMD_GET_AUDPROC_COMMON_TOPOLOGY_ID
07-03 18:50:22.150 1283 1698 D ACDB-LOADER: ACDB -> send_audtable
07-03 18:50:22.150 1283 1698 D ACDB-LOADER: ACDB -> ACDB_CMD_GET_AUDPROC_COMMON_TABLE
07-03 18:50:22.150 1283 1698 D ACDB-LOADER: ACDB -> AUDIO_SET_AUDPROC_CAL
07-03 18:50:22.151 1283 1698 D ACDB-LOADER: ACDB -> send_audvoltable
07-03 18:50:22.151 1283 1698 D ACDB-LOADER: ACDB -> ACDB_CMD_GET_AUDPROC_GAIN_DEP_STEP_TABLE
07-03 18:50:22.151 1283 1698 D ACDB-LOADER: ACDB -> AUDIO_SET_AUDPROC_VOL_CAL
07-03 18:50:22.151 1283 1698 D ACDB-LOADER: ACDB -> send_afe_cal
07-03 18:50:22.151 1283 1698 D ACDB-LOADER: ACDB -> ACDB_CMD_GET_AFE_COMMON_TABLE
07-03 18:50:22.151 1283 1698 D : Failed to fetch the lookup information of the device 0000000F
07-03 18:50:22.151 1283 1698 D ACDB-LOADER: ACDB -> AUDIO_SET_AFE_CAL
07-03 18:50:22.151 1283 1698 D ACDB-LOADER: ACDB -> send_hw_delay : acdb_id = 15 path = 0
07-03 18:50:22.151 1283 1698 D ACDB-LOADER: ACDB -> ACDB_AVSYNC_INFO: ACDB_CMD_GET_DEVICE_PROPERTY
07-03 18:50:22.151 1283 1698 I audio_hw_utils: audio_extn_utils_send_app_type_cfg: PLAYBACK app_type 69936, acdb_dev_id 15, sample_rate 48000
07-03 18:50:22.151 1283 1698 D audio_hw_primary: enable_audio_route: apply mixer and update path: low-latency-playback
07-03 18:50:22.154 1283 1698 D audio_hw_primary: select_devices: done
07-03 18:50:22.165 5235 5235 D wpa_supplicant: wlan0: Control interface command 'SIGNAL_POLL'
07-03 18:50:22.197 1283 1698 D msm8916_platform: platform_set_channel_map mixer_ctl_name:Playback Channel Map12
07-03 18:50:22.197 1283 1698 D msm8916_platform: platform_set_channel_map: set mapping(1 2 3 0 0 0 0 0) for channel:2
07-03 18:50:22.197 1283 1698 D audio_hw_primary: start_output_stream: exit
07-03 18:50:22.338 1247 1847 I ActivityManager: Displayed org.libreoffice.impressremote/.activity.ComputerConnectionActivity: +167ms
07-03 18:50:22.727 11880 19492 I EventLogSendingHelper: Sending log events.
07-03 18:50:22.793 11880 11880 I MemoryTrimmer: Trimming objects from memory, since app is in the background.
07-03 18:50:22.911 1221 1221 W SurfaceFlinger: couldn't log to binary event log: overflow.
07-03 18:50:23.009 6532 7020 I CastDatabase: Saving the database
07-03 18:50:23.009 6532 7020 I SQLiteCastStore: Saving 0 CastNetworkInfo instances, 0 CastDeviceInfo instances, 0 paired guest mode devices.
07-03 18:50:23.035 6532 7020 E SQLiteCastStore: End saving paired guest mode devices
07-03 18:50:24.785 6162 6162 E NEW_BHD : Open /sys/class/power_supply/gb_battery
07-03 18:50:24.793 1247 1717 E BatteryStatsService: power: Missing API
07-03 18:50:24.803 5502 5502 D VideoCall_LowBattery: BatteryIntent received: android.intent.action.BATTERY_CHANGED
07-03 18:50:24.928 5502 5502 D VideoCall_LowBattery: allowVideoCallsInLowBattery: false isCarrierOneSupported: false mIsLowbattery: false
07-03 18:50:24.960 1247 1717 E BatteryStatsService: modem info is invalid: ModemActivityInfo{ mTimestamp=0 mSleepTimeMs=0 mIdleTimeMs=0 mTxTimeMs[]=[0, 0, 0, 0, 0] mRxTimeMs=0 mEnergyUsed=0}
07-03 18:50:25.213 5235 5235 D wpa_supplicant: wlan0: Control interface command 'SIGNAL_POLL'
07-03 18:50:25.338 1283 1698 D audio_hw_primary: out_standby: enter: stream (0xb61c4380) usecase(1: low-latency-playback)
07-03 18:50:25.435 1283 1698 D audio_hw_primary: disable_audio_route: reset and update mixer path: low-latency-playback
07-03 18:50:25.435 1283 1698 D hardware_info: hw_info_append_hw_type : device_name = speaker
07-03 18:50:25.435 1283 1698 D audio_hw_primary: disable_snd_device: snd_device(2: speaker)
07-03 18:50:28.269 5235 5235 D wpa_supplicant: wlan0: Control interface command 'SIGNAL_POLL'
07-03 18:50:31.333 5235 5235 D wpa_supplicant: wlan0: Control interface command 'SIGNAL_POLL'
07-03 18:50:32.133 11880 11880 I MemoryTrimmer: Trimming objects from memory, since app is in the background.
07-03 18:50:32.182 6261 6277 I art : Background partial concurrent mark sweep GC freed 68026(3MB) AllocSpace objects, 5(220KB) LOS objects, 40% free, 5MB/9MB, paused 1.350ms total 104.665ms
07-03 18:50:34.392 5235 5235 D wpa_supplicant: wlan0: Control interface command 'SIGNAL_POLL'
07-03 18:50:34.404 1247 5194 D WifiStateMachine: updateCapabilities for config:INFINITUMjhgcfalse,false
07-03 18:50:34.761 1247 6426 I ActivityManager: START u0 {cmp=org.libreoffice.impressremote/.activity.SlideShowActivity} from uid 10144 on display 0
07-03 18:50:34.892 19447 19447 D AndroidRuntime: Shutting down VM
07-03 18:50:34.900 19447 19447 E AndroidRuntime: FATAL EXCEPTION: main
07-03 18:50:34.900 19447 19447 E AndroidRuntime: Process: org.libreoffice.impressremote, PID: 19447
07-03 18:50:34.900 19447 19447 E AndroidRuntime: android.os.NetworkOnMainThreadException
07-03 18:50:34.900 19447 19447 E AndroidRuntime: at android.os.StrictMode$AndroidBlockGuardPolicy.onNetwork(StrictMode.java:1303)
07-03 18:50:34.900 19447 19447 E AndroidRuntime: at java.net.SocketOutputStream.socketWrite(SocketOutputStream.java:111)
07-03 18:50:34.900 19447 19447 E AndroidRuntime: at java.net.SocketOutputStream.write(SocketOutputStream.java:157)
07-03 18:50:34.900 19447 19447 E AndroidRuntime: at sun.nio.cs.StreamEncoder.writeBytes(StreamEncoder.java:221)
07-03 18:50:34.900 19447 19447 E AndroidRuntime: at sun.nio.cs.StreamEncoder.implFlushBuffer(StreamEncoder.java:291)
07-03 18:50:34.900 19447 19447 E AndroidRuntime: at sun.nio.cs.StreamEncoder.implFlush(StreamEncoder.java:295)
07-03 18:50:34.900 19447 19447 E AndroidRuntime: at sun.nio.cs.StreamEncoder.flush(StreamEncoder.java:141)
07-03 18:50:34.900 19447 19447 E AndroidRuntime: at java.io.OutputStreamWriter.flush(OutputStreamWriter.java:229)
07-03 18:50:34.900 19447 19447 E AndroidRuntime: at java.io.BufferedWriter.flush(BufferedWriter.java:254)
07-03 18:50:34.900 19447 19447 E AndroidRuntime: at org.libreoffice.impressremote.communication.CommandsTransmitter.writeCommand(CommandsTransmitter.java:44)
07-03 18:50:34.900 19447 19447 E AndroidRuntime: at org.libreoffice.impressremote.communication.CommandsTransmitter.startPresentation(CommandsTransmitter.java:77)
07-03 18:50:34.900 19447 19447 E AndroidRuntime: at org.libreoffice.impressremote.activity.SlideShowActivity.startSlideShow(SlideShowActivity.java:174)
07-03 18:50:34.900 19447 19447 E AndroidRuntime: at org.libreoffice.impressremote.activity.SlideShowActivity.onServiceConnected(SlideShowActivity.java:158)
07-03 18:50:34.900 19447 19447 E AndroidRuntime: at android.app.LoadedApk$ServiceDispatcher.doConnected(LoadedApk.java:1453)
07-03 18:50:34.900 19447 19447 E AndroidRuntime: at android.app.LoadedApk$ServiceDispatcher$RunConnection.run(LoadedApk.java:1481)
07-03 18:50:34.900 19447 19447 E AndroidRuntime: at android.os.Handler.handleCallback(Handler.java:751)
07-03 18:50:34.900 19447 19447 E AndroidRuntime: at android.os.Handler.dispatchMessage(Handler.java:95)
07-03 18:50:34.900 19447 19447 E AndroidRuntime: at android.os.Looper.loop(Looper.java:154)
07-03 18:50:34.900 19447 19447 E AndroidRuntime: at android.app.ActivityThread.main(ActivityThread.java:6208)
07-03 18:50:34.900 19447 19447 E AndroidRuntime: at java.lang.reflect.Method.invoke(Native Method)
07-03 18:50:34.900 19447 19447 E AndroidRuntime: at com.android.internal.os.ZygoteInit$MethodAndArgsCaller.run(ZygoteInit.java:891)
07-03 18:50:34.900 19447 19447 E AndroidRuntime: at com.android.internal.os.ZygoteInit.main(ZygoteInit.java:781)
07-03 18:50:34.903 1247 5251 W ActivityManager: Force finishing activity org.libreoffice.impressremote/.activity.SlideShowActivity
07-03 18:50:34.934 1247 5251 W ContextImpl: Calling a method in the system process without a qualified user: android.app.ContextImpl.sendBroadcast:877 com.android.server.am.AppErrors.crashApplicationInner:370 com.android.server.am.AppErrors.crashApplication:305 com.android.server.am.ActivityManagerService.handleApplicationCrashInner:13558 com.android.server.am.ActivityManagerService.handleApplicationCrash:13540
07-03 18:50:34.936 19447 19447 I Process : Sending signal. PID: 19447 SIG: 9
07-03 18:50:34.941 11514 11514 E AppCrashReceiver: 'org.libreoffice.impressremote' is repeatedly stopping...
07-03 18:50:34.941 11514 11514 E AppCrashReceiver: Now disabling all overlays for 'org.libreoffice.impressremote'...
07-03 18:50:34.942 1247 19516 W DropBoxManagerService: Dropping: data_app_crash (1864 > 0 bytes)
07-03 18:50:34.947 1247 5183 W InputDispatcher: channel '578a60 org.libreoffice.impressremote/org.libreoffice.impressremote.activity.ComputerConnectionActivity (server)' ~ Consumer closed input channel or an error occurred. events=0x9
07-03 18:50:34.947 1247 5183 E InputDispatcher: channel '578a60 org.libreoffice.impressremote/org.libreoffice.impressremote.activity.ComputerConnectionActivity (server)' ~ Channel is unrecoverably broken and will be disposed!
07-03 18:50:34.947 1247 5183 W InputDispatcher: channel '455f3c1 org.libreoffice.impressremote/org.libreoffice.impressremote.activity.SlideShowActivity (server)' ~ Consumer closed input channel or an error occurred. events=0x9
07-03 18:50:34.947 1247 5183 E InputDispatcher: channel '455f3c1 org.libreoffice.impressremote/org.libreoffice.impressremote.activity.SlideShowActivity (server)' ~ Channel is unrecoverably broken and will be disposed!
07-03 18:50:34.947 1247 5183 W InputDispatcher: channel 'a7f5914 org.libreoffice.impressremote/org.libreoffice.impressremote.activity.ComputersActivity (server)' ~ Consumer closed input channel or an error occurred. events=0x9
07-03 18:50:34.947 1247 5183 E InputDispatcher: channel 'a7f5914 org.libreoffice.impressremote/org.libreoffice.impressremote.activity.ComputersActivity (server)' ~ Channel is unrecoverably broken and will be disposed!
07-03 18:50:34.950 1247 7028 D GraphicsStats: Buffer count: 10
07-03 18:50:34.951 1247 16832 I ActivityManager: Process org.libreoffice.impressremote (pid 19447) has died
07-03 18:50:34.951 1247 16832 D ActivityManager: cleanUpApplicationRecord -- 19447
07-03 18:50:34.952 1247 16832 W ActivityManager: Service crashed 2 times, stopping: ServiceRecord{a8cb145 u0 org.libreoffice.impressremote/.communication.CommunicationServiceWear}
07-03 18:50:34.952 1247 16832 W ActivityManager: Service crashed 2 times, stopping: ServiceRecord{90727c9 u0 org.libreoffice.impressremote/.communication.CommunicationService}
07-03 18:50:34.952 1247 1627 I WindowManager: WIN DEATH: Window{578a60 u0 org.libreoffice.impressremote/org.libreoffice.impressremote.activity.ComputerConnectionActivity}
07-03 18:50:34.952 1247 1627 W InputDispatcher: Attempted to unregister already unregistered input channel '578a60 org.libreoffice.impressremote/org.libreoffice.impressremote.activity.ComputerConnectionActivity (server)'
07-03 18:50:34.960 1247 5464 I WindowManager: WIN DEATH: Window{455f3c1 u0 org.libreoffice.impressremote/org.libreoffice.impressremote.activity.SlideShowActivity}
07-03 18:50:34.960 1247 5464 W InputDispatcher: Attempted to unregister already unregistered input channel '455f3c1 org.libreoffice.impressremote/org.libreoffice.impressremote.activity.SlideShowActivity (server)'
07-03 18:50:34.963 1221 1221 W SurfaceFlinger: couldn't log to binary event log: overflow.
07-03 18:50:34.979 1247 7017 I WindowManager: WIN DEATH: Window{a7f5914 u0 org.libreoffice.impressremote/org.libreoffice.impressremote.activity.ComputersActivity}
07-03 18:50:34.979 1247 7017 W InputDispatcher: Attempted to unregister already unregistered input channel 'a7f5914 org.libreoffice.impressremote/org.libreoffice.impressremote.activity.ComputersActivity (server)'
07-03 18:50:35.004 1247 16832 I ActivityManager: Start proc 19517:org.libreoffice.impressremote/u0a144 for activity org.libreoffice.impressremote/.activity.ComputersActivity
07-03 18:50:35.032 1247 1265 I art : Background sticky concurrent mark sweep GC freed 137678(6MB) AllocSpace objects, 30(1004KB) LOS objects, 31% free, 19MB/28MB, paused 2.007ms total 127.011ms
07-03 18:50:35.079 19517 19517 W System : ClassLoader referenced unknown path: /data/app/org.libreoffice.impressremote-1/lib/arm
07-03 18:50:35.336 19517 19534 I Adreno-EGL: : EGL 1.4 QUALCOMM build: (Ifd751822f5)
07-03 18:50:35.336 19517 19534 I Adreno-EGL: OpenGL ES Shader Compiler Version: XE031.06.00.05
07-03 18:50:35.336 19517 19534 I Adreno-EGL: Build Date: 01/26/16 Tue 07-03 18:50:35.336 19517 19534 I Adreno-EGL: Local Branch: AU12_SBA
07-03 18:50:35.336 19517 19534 I Adreno-EGL: Remote Branch:
07-03 18:50:35.336 19517 19534 I Adreno-EGL: Local Patches:
07-03 18:50:35.336 19517 19534 I Adreno-EGL: Reconstruct Branch:
07-03 18:50:35.340 19517 19534 I OpenGLRenderer: Initialized EGL, version 1.4
07-03 18:50:35.340 19517 19534 D OpenGLRenderer: Swap behavior 1
07-03 18:50:35.451 1247 1847 I ActivityManager: Displayed org.libreoffice.impressremote/.activity.ComputersActivity: +467ms (total +670ms)
07-03 18:50:35.483 19517 19517 W InputMethodManager: Ignoring onBind: cur seq=179, given seq=178
07-03 18:50:36.771 1247 6426 I ActivityManager: START u0 {cmp=org.libreoffice.impressremote/.activity.ComputerConnectionActivity (has extras)} from uid 10144 on display 0
07-03 18:50:36.779 1283 1698 D audio_hw_primary: start_output_stream: enter: stream(0xb61c4380)usecase(1: low-latency-playback) devices(0x2)
07-03 18:50:36.779 1283 1698 D audio_hw_primary: select_devices: out_snd_device(2: speaker) in_snd_device(0: )
07-03 18:50:36.779 1283 1698 W msm8916_platform: Codec backend bitwidth 16, samplerate 48000
07-03 18:50:36.780 1283 1698 D hardware_info: hw_info_append_hw_type : device_name = speaker
07-03 18:50:36.780 1283 1698 D audio_hw_primary: enable_snd_device: snd_device(2: speaker)
07-03 18:50:36.786 1283 1698 W audio_hw_utils: audio_extn_utils_update_stream_app_type_cfg: App type could not be selected. Falling back to default
07-03 18:50:36.786 1283 1698 I audio_hw_primary: select_devices Selected apptype: 69936
07-03 18:50:36.786 1283 1698 D ACDB-LOADER: ACDB -> send_audio_cal, acdb_id = 15, path = 0
07-03 18:50:36.786 1283 1698 D ACDB-LOADER: ACDB -> send_asm_topology
07-03 18:50:36.786 1283 1698 D ACDB-LOADER: ACDB -> ACDB_CMD_GET_AUDPROC_STREAM_TOPOLOGY_ID
07-03 18:50:36.786 1283 1698 D ACDB-LOADER: ACDB -> send_adm_topology
07-03 18:50:36.786 1283 1698 D ACDB-LOADER: ACDB -> ACDB_CMD_GET_AUDPROC_COMMON_TOPOLOGY_ID
07-03 18:50:36.786 1283 1698 D ACDB-LOADER: ACDB -> send_audtable
07-03 18:50:36.786 1283 1698 D ACDB-LOADER: ACDB -> ACDB_CMD_GET_AUDPROC_COMMON_TABLE
07-03 18:50:36.787 1283 1698 D ACDB-LOADER: ACDB -> AUDIO_SET_AUDPROC_CAL
07-03 18:50:36.787 1283 1698 D ACDB-LOADER: ACDB -> send_audvoltable
07-03 18:50:36.787 1283 1698 D ACDB-LOADER: ACDB -> ACDB_CMD_GET_AUDPROC_GAIN_DEP_STEP_TABLE
07-03 18:50:36.787 1283 1698 D ACDB-LOADER: ACDB -> AUDIO_SET_AUDPROC_VOL_CAL
07-03 18:50:36.787 1283 1698 D ACDB-LOADER: ACDB -> send_afe_cal
07-03 18:50:36.787 1283 1698 D ACDB-LOADER: ACDB -> ACDB_CMD_GET_AFE_COMMON_TABLE
07-03 18:50:36.791 1283 1698 D : Failed to fetch the lookup information of the device 0000000F
07-03 18:50:36.791 1283 1698 D ACDB-LOADER: ACDB -> AUDIO_SET_AFE_CAL
07-03 18:50:36.791 1283 1698 D ACDB-LOADER: ACDB -> send_hw_delay : acdb_id = 15 path = 0
07-03 18:50:36.791 1283 1698 D ACDB-LOADER: ACDB -> ACDB_AVSYNC_INFO: ACDB_CMD_GET_DEVICE_PROPERTY
07-03 18:50:36.791 1283 1698 I audio_hw_utils: audio_extn_utils_send_app_type_cfg: PLAYBACK app_type 69936, acdb_dev_id 15, sample_rate 48000
07-03 18:50:36.791 1283 1698 D audio_hw_primary: enable_audio_route: apply mixer and update path: low-latency-playback
07-03 18:50:36.792 1283 1698 D audio_hw_primary: select_devices: done
07-03 18:50:36.829 1283 1698 D msm8916_platform: platform_set_channel_map mixer_ctl_name:Playback Channel Map12
07-03 18:50:36.830 1283 1698 D msm8916_platform: platform_set_channel_map: set mapping(1 2 3 0 0 0 0 0) for channel:2
07-03 18:50:36.830 1283 1698 D audio_hw_primary: start_output_stream: exit
07-03 18:50:36.897 1247 16832 I ActivityManager: START u0 {cmp=org.libreoffice.impressremote/.activity.SlideShowActivity} from uid 10144 on display 0
07-03 18:50:37.045 19517 19517 D AndroidRuntime: Shutting down VM
07-03 18:50:37.046 19517 19517 E AndroidRuntime: FATAL EXCEPTION: main
07-03 18:50:37.046 19517 19517 E AndroidRuntime: Process: org.libreoffice.impressremote, PID: 19517
07-03 18:50:37.046 19517 19517 E AndroidRuntime: android.os.NetworkOnMainThreadException
07-03 18:50:37.046 19517 19517 E AndroidRuntime: at android.os.StrictMode$AndroidBlockGuardPolicy.onNetwork(StrictMode.java:1303)
07-03 18:50:37.046 19517 19517 E AndroidRuntime: at java.net.SocketOutputStream.socketWrite(SocketOutputStream.java:111)
07-03 18:50:37.046 19517 19517 E AndroidRuntime: at java.net.SocketOutputStream.write(SocketOutputStream.java:157)
07-03 18:50:37.046 19517 19517 E AndroidRuntime: at sun.nio.cs.StreamEncoder.writeBytes(StreamEncoder.java:221)
07-03 18:50:37.046 19517 19517 E AndroidRuntime: at sun.nio.cs.StreamEncoder.implFlushBuffer(StreamEncoder.java:291)
07-03 18:50:37.046 19517 19517 E AndroidRuntime: at sun.nio.cs.StreamEncoder.implFlush(StreamEncoder.java:295)
07-03 18:50:37.046 19517 19517 E AndroidRuntime: at sun.nio.cs.StreamEncoder.flush(StreamEncoder.java:141)
07-03 18:50:37.046 19517 19517 E AndroidRuntime: at java.io.OutputStreamWriter.flush(OutputStreamWriter.java:229)
07-03 18:50:37.046 19517 19517 E AndroidRuntime: at java.io.BufferedWriter.flush(BufferedWriter.java:254)
07-03 18:50:37.046 19517 19517 E AndroidRuntime: at org.libreoffice.impressremote.communication.CommandsTransmitter.writeCommand(CommandsTransmitter.java:44)
07-03 18:50:37.046 19517 19517 E AndroidRuntime: at org.libreoffice.impressremote.communication.CommandsTransmitter.startPresentation(CommandsTransmitter.java:77)
07-03 18:50:37.046 19517 19517 E AndroidRuntime: at org.libreoffice.impressremote.activity.SlideShowActivity.startSlideShow(SlideShowActivity.java:174)
07-03 18:50:37.046 19517 19517 E AndroidRuntime: at org.libreoffice.impressremote.activity.SlideShowActivity.onServiceConnected(SlideShowActivity.java:158)
07-03 18:50:37.046 19517 19517 E AndroidRuntime: at android.app.LoadedApk$ServiceDispatcher.doConnected(LoadedApk.java:1453)
