07-03 18:43:04.681 6261 6261 D Error : at cqw.(:com.google.android.gms:0)
07-03 18:43:04.681 6261 6261 D Error : at ckp.L(:com.google.android.gms:1)
07-03 18:43:04.681 6261 6261 D Error : at ckp.a(:com.google.android.gms:5)
07-03 18:43:04.681 6261 6261 D Error : at ckp.k(:com.google.android.gms:0)
07-03 18:43:04.681 6261 6261 D Error : at com.google.android.contextmanager.service.ContextManagerChimeraService.onCreate(:com.google.android.gms:2)
07-03 18:43:04.681 6261 6261 D Error : at byx.onCreate(:com.google.android.gms:0)
07-03 18:43:04.681 6261 6261 D Error : at jda.onCreate(:com.google.android.gms:4)
07-03 18:43:04.681 6261 6261 D Error : at android.app.ActivityThread.handleCreateService(ActivityThread.java:3210)
07-03 18:43:04.681 6261 6261 D Error : at android.app.ActivityThread.-wrap5(ActivityThread.java)
07-03 18:43:04.681 6261 6261 D Error : at android.app.ActivityThread$H.handleMessage(ActivityThread.java:1582)
07-03 18:43:04.681 6261 6261 D Error : at android.os.Handler.dispatchMessage(Handler.java:102)
07-03 18:43:04.681 6261 6261 D Error : at android.os.Looper.loop(Looper.java:154)
07-03 18:43:04.681 6261 6261 D Error : at android.app.ActivityThread.main(ActivityThread.java:6208)
07-03 18:43:04.681 6261 6261 D Error : at java.lang.reflect.Method.invoke(Native Method)
07-03 18:43:04.681 6261 6261 D Error : at com.android.internal.os.ZygoteInit$MethodAndArgsCaller.run(ZygoteInit.java:891)
07-03 18:43:04.681 6261 6261 D Error : at com.android.internal.os.ZygoteInit.main(ZygoteInit.java:781)
07-03 18:43:04.681 6261 6261 D Error : # via Binder call with stack:
07-03 18:43:04.681 6261 6261 D Error : android.os.StrictMode$LogStackTrace
07-03 18:43:04.681 6261 6261 D Error : at android.os.StrictMode.readAndHandleBinderCallViolations(StrictMode.java:1954)
07-03 18:43:04.681 6261 6261 D Error : at android.os.Parcel.readExceptionCode(Parcel.java:1665)
07-03 18:43:04.681 6261 6261 D Error : at android.os.Parcel.readException(Parcel.java:1634)
07-03 18:43:04.681 6261 6261 D Error : at oz.b(:com.google.android.gms.GoogleCertificates:9)
07-03 18:43:04.681 6261 6261 D Error : at os.a(:com.google.android.gms.GoogleCertificates:47)
07-03 18:43:04.681 6261 6261 D Error : at os.(:com.google.android.gms.GoogleCertificates:3)
07-03 18:43:04.681 6261 6261 D Error : at ot.createFromParcel(:com.google.android.gms.GoogleCertificates:71)
07-03 18:43:04.681 6261 6261 D Error : at pb.onTransact(:com.google.android.gms.GoogleCertificates:54)
07-03 18:43:04.681 6261 6261 D Error : at android.os.Binder.transact(Binder.java:499)
07-03 18:43:04.681 6261 6261 D Error : at kwl.isGoogleOrPlatformSigned(:com.google.android.gms:3)
07-03 18:43:04.681 6261 6261 D Error : at joo.a(:com.google.android.gms:25)
07-03 18:43:04.681 6261 6261 D Error : at joo.a(:com.google.android.gms:20)
07-03 18:43:04.681 6261 6261 D Error : at keq.b(:com.google.android.gms:3)
07-03 18:43:04.681 6261 6261 D Error : at keq.a(:com.google.android.gms:25)
07-03 18:43:04.681 6261 6261 D Error : at keq.b(:com.google.android.gms:16)
07-03 18:43:04.681 6261 6261 D Error : at keq.c(:com.google.android.gms:3)
07-03 18:43:04.681 6261 6261 D Error : at com.google.android.gms.auth.account.be.legacy.AccountChimeraContentProvider.call(:com.google.android.gms:1)
07-03 18:43:04.681 6261 6261 D Error : at bxn.call(:com.google.android.gms:0)
07-03 18:43:04.681 6261 6261 D Error : at android.content.ContentProvider$Transport.call(ContentProvider.java:400)
07-03 18:43:04.681 6261 6261 D Error : at android.content.ContentProviderClient.call(ContentProviderClient.java:456)
07-03 18:43:04.681 6261 6261 D Error : at dzg.f(:com.google.android.gms:1)
07-03 18:43:04.681 6261 6261 D Error : at dze.d(:com.google.android.gms:2)
07-03 18:43:04.681 6261 6261 D Error : at akvc.b(:com.
07-03 18:43:04.681 6261 6261 D Error : ERR: TOTAL BYTES WRITTEN: 41352
07-03 18:43:04.706 6261 12331 I Places : Converted 5 out of 10 WiFi scans
07-03 18:43:04.726 18648 18648 I ContactsPerf: VoicemailContentProvider.onCreate start
07-03 18:43:04.737 5235 5235 D wpa_supplicant: wlan0: Control interface command 'SIGNAL_POLL'
07-03 18:43:04.757 18648 18648 I ContactsPerf: VoicemailContentProvider.onCreate finish
07-03 18:43:04.775 18648 18648 W System : ClassLoader referenced unknown path: /system/priv-app/BlockedNumberProvider/lib/arm
07-03 18:43:04.782 18648 18648 D ApplicationLoaders: ignored Vulkan layer search path /system/priv-app/BlockedNumberProvider/lib/arm:/system/lib:/vendor/lib for namespace 0xb416f090
07-03 18:43:04.816 18648 18648 W System : ClassLoader referenced unknown path: /system/app/UserDictionaryProvider/lib/arm
07-03 18:43:04.820 18648 18648 D ApplicationLoaders: ignored Vulkan layer search path /system/app/UserDictionaryProvider/lib/arm:/system/lib:/vendor/lib for namespace 0xb416f0d0
07-03 18:43:04.828 6261 13972 I PlaceInferenceEngine: No beacon scan available - ignoring candidates.
07-03 18:43:04.889 6261 6261 E ctxmgr : [PlaceFenceHelper]NearbyBuffer is null!
07-03 18:43:04.903 6261 13972 W ctxmgr : [AclManager]No 2 for (accnt=account#-517948760#, com.google.android.gms(10013):PlacesProducer, vrsn=11055000, 0, 3pPkg = null , 3pMdlId = null , pid = 6261). Was: 3 for 18, account#-517948760#
07-03 18:43:04.955 18648 18665 I ContactLocale: AddressBook Labels [[en_US,es_MX]]: […, A, B, C, D, E, F, G, H, I, J, K, L, M, N, O, P, Q, R, S, T, U, V, W, X, Y, Z, Α, Β, Γ, Δ, Ε, Ζ, Η, Θ, Ι, Κ, Λ, Μ, Ν, Ξ, Ο, Π, Ρ, Σ, Τ, Υ, Φ, Χ, Ψ, Ω, …, А, Б, В, Г, Д, Ђ, Е, Є, Ж, З, И, І, Й, Ј, К, Л, Љ, М, Н, Њ, О, П, Р, С, Т, Ћ, У, Ф, Х, Ц, Ч, Џ, Ш, Щ, Ю, Я, …, א, ב, ג, ד, ה, ו, ז, ח, ט, י, כ, ל, מ, נ, ס, ע, פ, צ, ק, ר, ש, ת, …, ا, ب, ت, ث, ج, ح, خ, د, ذ, ر, ز, س, ش, ص, ض, ط, ظ, ع, غ, ف, ق, ك, ل, م, ن, ه, و, ي, …, ก, ข, ฃ, ค, ฅ, ฆ, ง, จ, ฉ, ช, ซ, ฌ, ญ, ฎ, ฏ, ฐ, ฑ, ฒ, ณ, ด, ต, ถ, ท, ธ, น, บ, ป, ผ, ฝ, พ, ฟ, ภ, ม, ย, ร, ฤ, ล, ฦ, ว, ศ, ษ, ส, ห, ฬ, อ, ฮ, …, ㄱ, ㄴ, ㄷ, ㄹ, ㅁ, ㅂ, ㅅ, ㅇ, ㅈ, ㅊ, ㅋ, ㅌ, ㅍ, ㅎ, …, あ, か, さ, た, な, は, ま, や, ら, わ, #, …]
07-03 18:43:05.020 1247 1265 I chatty : uid=1000(system) HeapTaskDaemon expire 2 lines
07-03 18:43:05.462 1247 16832 I ActivityManager: START u0 {act=android.intent.action.MAIN cat=[android.intent.category.LAUNCHER] flg=0x10200000 cmp=org.libreoffice.impressremote/.activity.ComputersActivity (has extras)} from uid 10112 on display 0
07-03 18:43:05.506 1247 6425 I ActivityManager: Start proc 18671:org.libreoffice.impressremote/u0a144 for activity org.libreoffice.impressremote/.activity.ComputersActivity
07-03 18:43:05.577 18671 18671 W System : ClassLoader referenced unknown path: /data/app/org.libreoffice.impressremote-1/lib/arm
07-03 18:43:05.815 18671 18687 I Adreno-EGL: : EGL 1.4 QUALCOMM build: (Ifd751822f5)
07-03 18:43:05.815 18671 18687 I Adreno-EGL: OpenGL ES Shader Compiler Version: XE031.06.00.05
07-03 18:43:05.815 18671 18687 I Adreno-EGL: Build Date: 01/26/16 Tue 07-03 18:43:05.815 18671 18687 I Adreno-EGL: Local Branch: AU12_SBA
07-03 18:43:05.815 18671 18687 I Adreno-EGL: Remote Branch:
07-03 18:43:05.815 18671 18687 I Adreno-EGL: Local Patches:
07-03 18:43:05.815 18671 18687 I Adreno-EGL: Reconstruct Branch:
07-03 18:43:05.819 18671 18687 I OpenGLRenderer: Initialized EGL, version 1.4
07-03 18:43:05.819 18671 18687 D OpenGLRenderer: Swap behavior 1
07-03 18:43:05.914 6467 6467 W IInputConnectionWrapper: reportFullscreenMode on inexistent InputConnection
07-03 18:43:05.915 6467 6467 W IInputConnectionWrapper: finishComposingText on inactive InputConnection
07-03 18:43:06.638 11880 13975 I PBSessionCacheImpl: Deleted sessionId[64061543571796] from persistence.
07-03 18:43:06.680 11880 11880 W SearchService: Abort, client detached.
07-03 18:43:06.734 1247 6388 I ActivityManager: START u0 {cmp=org.libreoffice.impressremote/.activity.SettingsActivity} from uid 10144 on display 0
07-03 18:43:07.799 5235 5235 D wpa_supplicant: wlan0: Control interface command 'SIGNAL_POLL'
07-03 18:43:07.954 5271 5271 I SlideTouchEvent: vel=0.0, MinimumFlingVelocity=90
07-03 18:43:08.381 1247 5251 I ActivityManager: START u0 {cmp=org.libreoffice.impressremote/.activity.ComputerConnectionActivity (has extras)} from uid 10144 on display 0
07-03 18:43:08.488 1247 6426 I ActivityManager: START u0 {cmp=org.libreoffice.impressremote/.activity.SlideShowActivity} from uid 10144 on display 0
07-03 18:43:08.615 5271 5462 I vol.Events: writeEvent external_ringer_mode_changed vibrate
07-03 18:43:08.622 1247 6017 D ZenLog : set_ringer_mode_external: org.libreoffice.impressremote,e:normal->vibrate,i:normal->vibrate
07-03 18:43:08.636 5271 5462 I vol.Events: writeEvent mute_changed STREAM_NOTIFICATION true
07-03 18:43:08.640 5271 5462 I vol.Events: writeEvent internal_ringer_mode_changed vibrate
07-03 18:43:08.640 5271 5462 I vol.Events: writeEvent mute_changed STREAM_RING true
07-03 18:43:08.641 5271 5462 I vol.Events: writeEvent mute_changed STREAM_SYSTEM true
07-03 18:43:08.745 18671 18671 D AndroidRuntime: Shutting down VM
07-03 18:43:08.747 18671 18671 E AndroidRuntime: FATAL EXCEPTION: main
07-03 18:43:08.747 18671 18671 E AndroidRuntime: Process: org.libreoffice.impressremote, PID: 18671
07-03 18:43:08.747 18671 18671 E AndroidRuntime: android.os.NetworkOnMainThreadException
07-03 18:43:08.747 18671 18671 E AndroidRuntime: at android.os.StrictMode$AndroidBlockGuardPolicy.onNetwork(StrictMode.java:1303)
07-03 18:43:08.747 18671 18671 E AndroidRuntime: at java.net.SocketOutputStream.socketWrite(SocketOutputStream.java:111)
07-03 18:43:08.747 18671 18671 E AndroidRuntime: at java.net.SocketOutputStream.write(SocketOutputStream.java:157)
07-03 18:43:08.747 18671 18671 E AndroidRuntime: at sun.nio.cs.StreamEncoder.writeBytes(StreamEncoder.java:221)
07-03 18:43:08.747 18671 18671 E AndroidRuntime: at sun.nio.cs.StreamEncoder.implFlushBuffer(StreamEncoder.java:291)
07-03 18:43:08.747 18671 18671 E AndroidRuntime: at sun.nio.cs.StreamEncoder.implFlush(StreamEncoder.java:295)
07-03 18:43:08.747 18671 18671 E AndroidRuntime: at sun.nio.cs.StreamEncoder.flush(StreamEncoder.java:141)
07-03 18:43:08.747 18671 18671 E AndroidRuntime: at java.io.OutputStreamWriter.flush(OutputStreamWriter.java:229)
07-03 18:43:08.747 18671 18671 E AndroidRuntime: at java.io.BufferedWriter.flush(BufferedWriter.java:254)
07-03 18:43:08.747 18671 18671 E AndroidRuntime: at org.libreoffice.impressremote.communication.CommandsTransmitter.writeCommand(CommandsTransmitter.java:44)
07-03 18:43:08.747 18671 18671 E AndroidRuntime: at org.libreoffice.impressremote.communication.CommandsTransmitter.startPresentation(CommandsTransmitter.java:77)
07-03 18:43:08.747 18671 18671 E AndroidRuntime: at org.libreoffice.impressremote.activity.SlideShowActivity.startSlideShow(SlideShowActivity.java:174)
07-03 18:43:08.747 18671 18671 E AndroidRuntime: at org.libreoffice.impressremote.activity.SlideShowActivity.onServiceConnected(SlideShowActivity.java:158)
07-03 18:43:08.747 18671 18671 E AndroidRuntime: at android.app.LoadedApk$ServiceDispatcher.doConnected(LoadedApk.java:1453)
07-03 18:43:08.747 18671 18671 E AndroidRuntime: at android.app.LoadedApk$ServiceDispatcher$RunConnection.run(LoadedApk.java:1481)
07-03 18:43:08.747 18671 18671 E AndroidRuntime: at android.os.Handler.handleCallback(Handler.java:751)
07-03 18:43:08.747 18671 18671 E AndroidRuntime: at android.os.Handler.dispatchMessage(Handler.java:95)
07-03 18:43:08.747 18671 18671 E AndroidRuntime: at android.os.Looper.loop(Looper.java:154)
07-03 18:43:08.747 18671 18671 E AndroidRuntime: at android.app.ActivityThread.main(ActivityThread.java:6208)
07-03 18:43:08.747 18671 18671 E AndroidRuntime: at java.lang.reflect.Method.invoke(Native Method)
07-03 18:43:08.747 18671 18671 E AndroidRuntime: at com.android.internal.os.ZygoteInit$MethodAndArgsCaller.run(ZygoteInit.java:891)
07-03 18:43:08.747 18671 18671 E AndroidRuntime: at com.android.internal.os.ZygoteInit.main(ZygoteInit.java:781)
07-03 18:43:08.749 1247 6426 W ActivityManager: Force finishing activity org.libreoffice.impressremote/.activity.SlideShowActivity
07-03 18:43:08.755 1247 6426 W ContextImpl: Calling a method in the system process without a qualified user: android.app.ContextImpl.sendBroadcast:877 com.android.server.am.AppErrors.crashApplicationInner:370 com.android.server.am.AppErrors.crashApplication:305 com.android.server.am.ActivityManagerService.handleApplicationCrashInner:13558 com.android.server.am.ActivityManagerService.handleApplicationCrash:13540
07-03 18:43:08.757 11514 11514 E AppCrashReceiver: 'org.libreoffice.impressremote' is repeatedly stopping...
07-03 18:43:08.757 11514 11514 E AppCrashReceiver: Now disabling all overlays for 'org.libreoffice.impressremote'...
07-03 18:43:08.758 18671 18671 I Process : Sending signal. PID: 18671 SIG: 9
07-03 18:43:08.767 1247 18708 W DropBoxManagerService: Dropping: data_app_crash (1864 > 0 bytes)
07-03 18:43:08.795 1247 16832 I WindowManager: WIN DEATH: Window{f093996 u0 org.libreoffice.impressremote/org.libreoffice.impressremote.activity.ComputerConnectionActivity}
07-03 18:43:08.795 1247 7033 I chatty : uid=1000(system) Binder:1247_10 expire 2 lines
07-03 18:43:08.796 1247 6433 I ActivityManager: Process org.libreoffice.impressremote (pid 18671) has died
07-03 18:43:08.796 1247 6433 D ActivityManager: cleanUpApplicationRecord -- 18671
07-03 18:43:08.797 1247 6433 W ActivityManager: Scheduling restart of crashed service org.libreoffice.impressremote/.communication.CommunicationServiceWear in 1000ms
07-03 18:43:08.797 1247 6433 W ActivityManager: Scheduling restart of crashed service org.libreoffice.impressremote/.communication.CommunicationService in 11000ms
07-03 18:43:08.802 1247 7017 I WindowManager: WIN DEATH: Window{ccba688 u0 org.libreoffice.impressremote/org.libreoffice.impressremote.activity.SlideShowActivity}
07-03 18:43:08.802 1247 7017 I chatty : uid=1000(system) Binder:1247_D expire 1 line
07-03 18:43:08.806 1247 7033 I WindowManager: WIN DEATH: Window{82f4012 u0 org.libreoffice.impressremote/org.libreoffice.impressremote.activity.ComputersActivity}
07-03 18:43:08.814 1247 6433 W ActivityManager: Force removing ActivityRecord{2ef4a14 u0 org.libreoffice.impressremote/.activity.ComputersActivity t3577}: app died, no saved state
07-03 18:43:08.880 11880 11880 W SessionLifecycleManager: Handover failed. Creating new session controller.
07-03 18:43:09.809 1247 1704 I ActivityManager: Start proc 18714:org.libreoffice.impressremote/u0a144 for service org.libreoffice.impressremote/.communication.CommunicationServiceWear
07-03 18:43:09.854 18714 18714 W System : ClassLoader referenced unknown path: /data/app/org.libreoffice.impressremote-1/lib/arm
07-03 18:43:09.883 18714 18714 V CommunicationSrvcWear: GoogleApiClient created
07-03 18:43:09.885 18714 18714 V CommunicationSrvcWear: Connecting to GoogleApiClient..
07-03 18:43:09.906 6261 6261 I WearableService: onCreate - Wear is not available on this device.
07-03 18:43:09.919 6261 6820 D WearableService: onGetService - Wear is not available on this device.
07-03 18:43:09.960 1247 6386 I ActivityManager: START u0 {act=android.intent.action.MAIN cat=[android.intent.category.LAUNCHER] flg=0x10200000 cmp=org.libreoffice.impressremote/.activity.ComputersActivity (has extras)} from uid 10112 on display 0
07-03 18:43:10.240 18714 18734 I Adreno-EGL: : EGL 1.4 QUALCOMM build: (Ifd751822f5)
07-03 18:43:10.240 18714 18734 I Adreno-EGL: OpenGL ES Shader Compiler Version: XE031.06.00.05
07-03 18:43:10.240 18714 18734 I Adreno-EGL: Build Date: 01/26/16 Tue 07-03 18:43:10.240 18714 18734 I Adreno-EGL: Local Branch: AU12_SBA
07-03 18:43:10.240 18714 18734 I Adreno-EGL: Remote Branch:
07-03 18:43:10.240 18714 18734 I Adreno-EGL: Local Patches:
07-03 18:43:10.240 18714 18734 I Adreno-EGL: Reconstruct Branch:
07-03 18:43:10.244 18714 18734 I OpenGLRenderer: Initialized EGL, version 1.4
07-03 18:43:10.244 18714 18734 D OpenGLRenderer: Swap behavior 1
07-03 18:43:10.342 6467 6467 W IInputConnectionWrapper: reportFullscreenMode on inexistent InputConnection
07-03 18:43:10.342 6467 6467 W IInputConnectionWrapper: finishComposingText on inactive InputConnection
07-03 18:43:10.862 5235 5235 D wpa_supplicant: wlan0: Control interface command 'SIGNAL_POLL'
07-03 18:43:11.072 11880 13975 I PBSessionCacheImpl: Deleted sessionId[64061543571797] from persistence.
07-03 18:43:11.101 11880 11880 W SearchService: Abort, client detached.
07-03 18:43:11.507 1247 16831 I ActivityManager: START u0 {cmp=org.libreoffice.impressremote/.activity.SettingsActivity} from uid 10144 on display 0
07-03 18:43:12.042 1221 1221 I chatty : uid=1000(system) /system/bin/surfaceflinger expire 12 lines
07-03 18:43:13.909 5235 5235 D wpa_supplicant: wlan0: Control interface command 'SIGNAL_POLL'
07-03 18:43:14.027 5271 5271 I SlideTouchEvent: vel=0.0, MinimumFlingVelocity=90
07-03 18:43:14.482 11880 11880 I MemoryTrimmer: Trimming objects from memory, since app is in the background.
07-03 18:43:14.520 6261 14474 E ctxmgr : [ProducerActiveIntervalImpl]closeActiveInterval: Error: ongoing, trying to close
07-03 18:43:14.543 6261 12331 I PlaceInferenceEngine: [anon] Changed inference mode: 105
07-03 18:43:15.450 1247 6017 I ActivityManager: START u0 {cmp=org.libreoffice.impressremote/.activity.RequirementsActivity} from uid 10144 on display 0
07-03 18:43:16.950 5235 5235 D wpa_supplicant: wlan0: Control interface command 'SIGNAL_POLL'
07-03 18:43:17.138 11880 11880 I MemoryTrimmer: Trimming objects from memory, since app is in the background.
07-03 18:43:17.143 1247 5480 I chatty : uid=1000(system) FLP Service Cal expire 8 lines
07-03 18:43:18.566 1283 1698 I chatty : uid=1041(audioserver) AudioOut_15 expire 7 lines
07-03 18:43:20.003 5235 5235 D wpa_supplicant: wlan0: Control interface command 'SIGNAL_POLL'
07-03 18:43:21.120 11880 18760 I EventLogSendingHelper: Sending log events.
07-03 18:43:21.163 11880 11880 I MemoryTrimmer: Trimming objects from memory, since app is in the background.
07-03 18:43:23.064 5235 5235 D wpa_supplicant: wlan0: Control interface command 'SIGNAL_POLL'
07-03 18:43:25.476 1247 1707 I ActivityManager: Config changes=480 {1.0000004 334mcc30mnc [en_US,es_MX] ldltr sw399dp w663dp h376dp 288dpi nrml land finger -keyb/v/h -nav/h s.9}
07-03 18:43:25.540 1247 5184 I chatty : uid=1000(system) InputReader expire 7 lines
07-03 18:43:25.942 11431 11431 D GeckoApplication: onConfigurationChanged: en_US, background: false
07-03 18:43:25.999 5271 5271 I Choreographer: Skipped 30 frames! The application may be doing too much work on its main thread.
07-03 18:43:26.008 11431 11431 D GeckoLocales: No selected locale. No correction needed.
07-03 18:43:26.131 5235 5235 D wpa_supplicant: wlan0: Control interface command 'SIGNAL_POLL'
07-03 18:43:26.516 1247 1847 I WindowManager: Screen frozen for +1s101ms due to Window{eaef36a u0 StatusBar}
07-03 18:43:27.944 6261 12331 I Places : Converted 5 out of 10 WiFi scans
07-03 18:43:27.954 6261 18662 W ctxmgr : [AclManager]No 2 for (accnt=account#-1984679481#, com.google.android.gms(10013):UserLocationProducer, vrsn=11055000, 0, 3pPkg = null , 3pMdlId = null , pid = 6261). Was: 2 for 1, account#-1984679481#
07-03 18:43:28.535 1247 1847 I chatty : uid=1000(system) android.display expire 2 lines
07-03 18:43:29.183 5235 5235 D wpa_supplicant: wlan0: Control interface command 'SIGNAL_POLL'
07-03 18:43:30.642 6162 6162 E NEW_BHD : Open /sys/class/power_supply/gb_battery
07-03 18:43:30.658 5502 5502 D VideoCall_LowBattery: BatteryIntent received: android.intent.action.BATTERY_CHANGED
07-03 18:43:30.737 5502 5502 D VideoCall_LowBattery: allowVideoCallsInLowBattery: false isCarrierOneSupported: false mIsLowbattery: false
07-03 18:43:32.242 5235 5235 D wpa_supplicant: wlan0: Control interface command 'SIGNAL_POLL'
07-03 18:43:34.648 1247 1707 I ActivityManager: Config changes=480 {1.0000004 334mcc30mnc [en_US,es_MX] ldltr sw399dp w399dp h639dp 288dpi nrml port finger -keyb/v/h -nav/h s.10}
07-03 18:43:34.671 11431 11431 D GeckoApplication: onConfigurationChanged: en_US, background: false
07-03 18:43:34.671 11431 11431 D GeckoLocales: No selected locale. No correction needed.
07-03 18:43:34.803 5271 5289 I art : Background sticky concurrent mark sweep GC freed 84782(3MB) AllocSpace objects, 0(0B) LOS objects, 26% free, 11MB/15MB, paused 15.166ms total 98.215ms
07-03 18:43:35.028 1247 1847 I WindowManager: Screen frozen for +427ms due to Window{eaef36a u0 StatusBar}
07-03 18:43:35.050 1283 1698 D hardware_info: hw_info_append_hw_type : device_name = speaker
07-03 18:43:35.050 1283 1698 D audio_hw_primary: enable_snd_device: snd_device(2: speaker)
07-03 18:43:35.053 1283 1698 W audio_hw_utils: audio_extn_utils_update_stream_app_type_cfg: App type could not be selected. Falling back to default
07-03 18:43:35.053 1283 1698 I audio_hw_primary: select_devices Selected apptype: 69936
07-03 18:43:35.053 5271 5271 I SlideTouchEvent: vel=0.0, MinimumFlingVelocity=90
07-03 18:43:35.053 1283 1698 D ACDB-LOADER: ACDB -> send_audio_cal, acdb_id = 15, path = 0
07-03 18:43:35.053 1283 1698 D ACDB-LOADER: ACDB -> send_asm_topology
07-03 18:43:35.053 1283 1698 D ACDB-LOADER: ACDB -> ACDB_CMD_GET_AUDPROC_STREAM_TOPOLOGY_ID
07-03 18:43:35.053 1283 1698 D ACDB-LOADER: ACDB -> send_adm_topology
07-03 18:43:35.053 1283 1698 D ACDB-LOADER: ACDB -> ACDB_CMD_GET_AUDPROC_COMMON_TOPOLOGY_ID
07-03 18:43:35.053 1283 1698 D ACDB-LOADER: ACDB -> send_audtable
07-03 18:43:35.053 1283 1698 D ACDB-LOADER: ACDB -> ACDB_CMD_GET_AUDPROC_COMMON_TABLE
07-03 18:43:35.054 1283 1698 D ACDB-LOADER: ACDB -> AUDIO_SET_AUDPROC_CAL
07-03 18:43:35.054 1283 1698 D ACDB-LOADER: ACDB -> send_audvoltable
07-03 18:43:35.054 1283 1698 D ACDB-LOADER: ACDB -> ACDB_CMD_GET_AUDPROC_GAIN_DEP_STEP_TABLE
07-03 18:43:35.054 1283 1698 D ACDB-LOADER: ACDB -> AUDIO_SET_AUDPROC_VOL_CAL
07-03 18:43:35.054 1283 1698 D ACDB-LOADER: ACDB -> send_afe_cal
07-03 18:43:35.054 1283 1698 D ACDB-LOADER: ACDB -> ACDB_CMD_GET_AFE_COMMON_TABLE
07-03 18:43:35.054 1283 1698 D : Failed to fetch the lookup information of the device 0000000F
07-03 18:43:35.054 1283 1698 D ACDB-LOADER: ACDB -> AUDIO_SET_AFE_CAL
07-03 18:43:35.054 1283 1698 D ACDB-LOADER: ACDB -> send_hw_delay : acdb_id = 15 path = 0
07-03 18:43:35.054 1283 1698 D ACDB-LOADER: ACDB -> ACDB_AVSYNC_INFO: ACDB_CMD_GET_DEVICE_PROPERTY
07-03 18:43:35.054 1283 1698 I audio_hw_utils: audio_extn_utils_send_app_type_cfg: PLAYBACK app_type 69936, acdb_dev_id 15, sample_rate 48000
07-03 18:43:35.054 1283 1698 D audio_hw_primary: enable_audio_route: apply mixer and update path: low-latency-playback
07-03 18:43:35.054 1283 1698 D audio_hw_primary: select_devices: done
07-03 18:43:35.090 1283 1698 D msm8916_platform: platform_set_channel_map mixer_ctl_name:Playback Channel Map12
07-03 18:43:35.090 1283 1698 D msm8916_platform: platform_set_channel_map: set mapping(1 2 3 0 0 0 0 0) for channel:2
07-03 18:43:35.090 1283 1698 D audio_hw_primary: start_output_stream: exit
07-03 18:43:35.252 1247 5200 I chatty : uid=1000(system) WifiScanningSer expire 1 line
07-03 18:43:35.254 5235 5235 D wpa_supplicant: wlan0: Control interface command 'SCAN TYPE=ONLY'
07-03 18:43:35.254 5235 5235 D wpa_supplicant: wlan0: Setting scan request: 0.000000 sec
07-03 18:43:35.254 5235 5235 D wpa_supplicant: wlan0: Starting AP scan for wildcard SSID
07-03 18:43:35.254 5235 5235 D wpa_supplicant: wlan0: Add radio work 'scan'@0xb67161b0
07-03 18:43:35.254 5235 5235 D wpa_supplicant: wlan0: First radio work item in the queue - schedule start immediately
07-03 18:43:35.255 5235 5235 D wpa_supplicant: wlan0: Starting radio work 'scan'@0xb67161b0 after 0.000067 second wait
07-03 18:43:35.255 5235 5235 D wpa_supplicant: wlan0: nl80211: scan request
07-03 18:43:35.256 5235 5235 D wpa_supplicant: Scan requested (ret=0) - scan timeout 30 seconds
07-03 18:43:35.257 5235 5235 D wpa_supplicant: nl80211: Drv Event 33 (NL80211_CMD_TRIGGER_SCAN) received for wlan0
07-03 18:43:35.257 5235 5235 D wpa_supplicant: wlan0: nl80211: Scan trigger
07-03 18:43:35.257 5235 5235 D wpa_supplicant: wlan0: Event SCAN_STARTED (47) received
07-03 18:43:35.257 5235 5235 D wpa_supplicant: wlan0: Own scan request started a scan in 0.000302 seconds
07-03 18:43:35.296 5235 5235 D wpa_supplicant: wlan0: Control interface command 'SIGNAL_POLL'
07-03 18:43:35.859 5235 5235 D wpa_supplicant: nl80211: Drv Event 34 (NL80211_CMD_NEW_SCAN_RESULTS) received for wlan0
07-03 18:43:35.860 5235 5235 D wpa_supplicant: wlan0: nl80211: New scan results available
07-03 18:43:35.860 5235 5235 D wpa_supplicant: nl80211: Scan included frequencies: 2412 2417 2422 2427 2432 2437 2442 2447 2452 2457 2462 2467 2472
07-03 18:43:35.860 5235 5235 D wpa_supplicant: wlan0: Event SCAN_RESULTS (3) received
07-03 18:43:35.860 5235 5235 D wpa_supplicant: wlan0: Scan completed in 0.603110 seconds
07-03 18:43:35.860 5235 5235 D wpa_supplicant: nl80211: Associated on 2437 MHz
07-03 18:43:35.860 5235 5235 D wpa_supplicant: nl80211: Associated with 00:0c:43:53:92:00
07-03 18:43:35.861 5235 5235 D wpa_supplicant: nl80211: Received scan results (6 BSSes)
07-03 18:43:35.861 5235 5235 D wpa_supplicant: nl80211: Scan results indicate BSS status with 00:0c:43:53:92:00 as associated
07-03 18:43:35.861 5235 5235 D wpa_supplicant: wlan0: BSS: Start scan result update 37
07-03 18:43:35.861 5235 5235 D wpa_supplicant: BSS: last_scan_res_used=6/32
07-03 18:43:35.861 5235 5235 D wpa_supplicant: wlan0: Scan-only results received
07-03 18:43:35.863 5235 5235 D wpa_supplicant: wlan0: Radio work 'scan'@0xb67161b0 done in 0.608071 seconds
07-03 18:43:35.863 5235 5235 D wpa_supplicant: wlan0: radio_work_free('scan'@0xb67161b0: num_active_works --> 0
07-03 18:43:36.170 1247 6390 I ActivityManager: START u0 {cmp=org.libreoffice.impressremote/.activity.ComputerConnectionActivity (has extras)} from uid 10144 on display 0
07-03 18:43:36.321 1247 16829 I ActivityManager: START u0 {cmp=org.libreoffice.impressremote/.activity.SlideShowActivity} from uid 10144 on display 0
07-03 18:43:36.484 18714 18714 D AndroidRuntime: Shutting down VM
07-03 18:43:36.487 18714 18714 E AndroidRuntime: FATAL EXCEPTION: main
07-03 18:43:36.487 18714 18714 E AndroidRuntime: Process: org.libreoffice.impressremote, PID: 18714
07-03 18:43:36.487 18714 18714 E AndroidRuntime: android.os.NetworkOnMainThreadException
07-03 18:43:36.487 18714 18714 E AndroidRuntime: at android.os.StrictMode$AndroidBlockGuardPolicy.onNetwork(StrictMode.java:1303)
07-03 18:43:36.487 18714 18714 E AndroidRuntime: at java.net.SocketOutputStream.socketWrite(SocketOutputStream.java:111)
07-03 18:43:36.487 18714 18714 E AndroidRuntime: at java.net.SocketOutputStream.write(SocketOutputStream.java:157)
07-03 18:43:36.487 18714 18714 E AndroidRuntime: at sun.nio.cs.StreamEncoder.writeBytes(StreamEncoder.java:221)
07-03 18:43:36.487 18714 18714 E AndroidRuntime: at sun.nio.cs.StreamEncoder.implFlushBuffer(StreamEncoder.java:291)
07-03 18:43:36.487 18714 18714 E AndroidRuntime: at sun.nio.cs.StreamEncoder.implFlush(StreamEncoder.java:295)
07-03 18:43:36.487 18714 18714 E AndroidRuntime: at sun.nio.cs.StreamEncoder.flush(StreamEncoder.java:141)
07-03 18:43:36.487 18714 18714 E AndroidRuntime: at java.io.OutputStreamWriter.flush(OutputStreamWriter.java:229)
07-03 18:43:36.487 18714 18714 E AndroidRuntime: at java.io.BufferedWriter.flush(BufferedWriter.java:254)
07-03 18:43:36.487 18714 18714 E AndroidRuntime: at org.libreoffice.impressremote.communication.CommandsTransmitter.writeCommand(CommandsTransmitter.java:44)
07-03 18:43:36.487 18714 18714 E AndroidRuntime: at org.libreoffice.impressremote.communication.CommandsTransmitter.startPresentation(CommandsTransmitter.java:77)
07-03 18:43:36.487 18714 18714 E AndroidRuntime: at org.libreoffice.impressremote.activity.SlideShowActivity.startSlideShow(SlideShowActivity.java:174)
07-03 18:43:36.487 18714 18714 E AndroidRuntime: at org.libreoffice.impressremote.activity.SlideShowActivity.onServiceConnected(SlideShowActivity.java:158)
07-03 18:43:36.487 18714 18714 E AndroidRuntime: at android.app.LoadedApk$ServiceDispatcher.doConnected(LoadedApk.java:1453)
07-03 18:43:36.487 18714 18714 E AndroidRuntime: at android.app.LoadedApk$ServiceDispatcher$RunConnection.run(LoadedApk.java:1481)
07-03 18:43:36.487 18714 18714 E AndroidRuntime: at android.os.Handler.handleCallback(Handler.java:751)
07-03 18:43:36.487 18714 18714 E AndroidRuntime: at android.os.Handler.dispatchMessage(Handler.java:95)
07-03 18:43:36.487 18714 18714 E AndroidRuntime: at android.os.Looper.loop(Looper.java:154)
07-03 18:43:36.487 18714 18714 E AndroidRuntime: at android.app.ActivityThread.main(ActivityThread.java:6208)
07-03 18:43:36.487 18714 18714 E AndroidRuntime: at java.lang.reflect.Method.invoke(Native Method)
07-03 18:43:36.487 18714 18714 E AndroidRuntime: at com.android.internal.os.ZygoteInit$MethodAndArgsCaller.run(ZygoteInit.java:891)
07-03 18:43:36.487 18714 18714 E AndroidRuntime: at com.android.internal.os.ZygoteInit.main(ZygoteInit.java:781)
07-03 18:43:36.489 1247 7028 W ActivityManager: Force finishing activity org.libreoffice.impressremote/.activity.SlideShowActivity
07-03 18:43:36.498 1247 18797 W DropBoxManagerService: Dropping: data_app_crash (1864 > 0 bytes)
07-03 18:43:36.503 1247 7028 W ContextImpl: Calling a method in the system process without a qualified user: android.app.ContextImpl.sendBroadcast:877 com.android.server.am.AppErrors.crashApplicationInner:370 com.android.server.am.AppErrors.crashApplication:305 com.android.server.am.ActivityManagerService.handleApplicationCrashInner:13558 com.android.server.am.ActivityManagerService.handleApplicationCrash:13540
07-03 18:43:36.506 11514 11514 E AppCrashReceiver: 'org.libreoffice.impressremote' is repeatedly stopping...
07-03 18:43:36.506 11514 11514 E AppCrashReceiver: Now disabling all overlays for 'org.libreoffice.impressremote'...
07-03 18:43:36.510 18714 18714 I Process : Sending signal. PID: 18714 SIG: 9
07-03 18:43:36.543 1247 7033 I WindowManager: WIN DEATH: Window{7762a7c u0 org.libreoffice.impressremote/org.libreoffice.impressremote.activity.SlideShowActivity}
07-03 18:43:36.543 1247 6017 I chatty : uid=1000(system) Binder:1247_6 expire 1 line
07-03 18:43:36.543 1247 1627 I ActivityManager: Process org.libreoffice.impressremote (pid 18714) has died
07-03 18:43:36.544 1247 1627 D ActivityManager: cleanUpApplicationRecord -- 18714
07-03 18:43:36.544 1247 1627 W ActivityManager: Service crashed 2 times, stopping: ServiceRecord{4a38821 u0 org.libreoffice.impressremote/.communication.CommunicationServiceWear}
07-03 18:43:36.544 1247 1627 W ActivityManager: Service crashed 2 times, stopping: ServiceRecord{18ff3e3 u0 org.libreoffice.impressremote/.communication.CommunicationService}
07-03 18:43:36.549 1247 5183 I chatty : uid=1000(system) InputDispatcher expire 4 lines
07-03 18:43:36.550 1247 6433 I WindowManager: WIN DEATH: Window{dc9c783 u0 org.libreoffice.impressremote/org.libreoffice.impressremote.activity.ComputersActivity}
07-03 18:43:36.550 1247 6433 I chatty : uid=1000(system) Binder:1247_C expire 1 line
07-03 18:43:36.554 1247 7017 I WindowManager: WIN DEATH: Window{12573aa u0 org.libreoffice.impressremote/org.libreoffice.impressremote.activity.ComputerConnectionActivity}
07-03 18:43:36.555 1247 7017 I chatty : uid=1000(system) Binder:1247_D expire 1 line
07-03 18:43:36.567 1247 1627 W ActivityManager: Force removing ActivityRecord{617fcd u0 org.libreoffice.impressremote/.activity.ComputersActivity t3578}: app died, no saved state
07-03 18:43:36.699 11880 11880 W SessionLifecycleManager: Handover failed. Creating new session controller.
07-03 18:43:36.724 11880 11880 I OptInState: There is a new client and it does not support opt-in. Dropping request.
07-03 18:43:36.769 11880 11964 W LocationOracle: No location history returned by ContextManager
07-03 18:43:36.942 6261 12331 I PlaceInferenceEngine: [anon] Changed inference mode: 105
07-03 18:43:36.971 6261 6261 E ctxmgr : [WorkInfo]Attribution was already enqueued pkg=com.google.android.gms, lbl=PlacesProducer_receive, start=unspec, stop=unspec.
07-03 18:43:36.986 6261 18662 E ctxmgr : [WorkManager]Ongoing task not found: PlacesProducer_receive
07-03 18:43:37.005 6261 12331 I Places : ?: PlacesBleScanner start() with priority 2
07-03 18:43:37.006 6261 12331 I PlaceInferenceEngine: [anon] Changed inference mode: 102
07-03 18:43:37.009 6261 6261 D Error : ERR: exClass=android.os.StrictMode$StrictModeDiskReadViolation
07-03 18:43:37.010 6261 6261 D Error : ERR: exMsg=policy=23068679 violation=2
07-03 18:43:37.010 6261 6261 D Error : ERR: file=StrictMode.java
07-03 18:43:37.010 6261 6261 D Error : ERR: class=android.os.StrictMode$AndroidBlockGuardPolicy
07-03 18:43:37.010 6261 6261 D Error : ERR: method=onReadFromDisk line=1293
07-03 18:43:37.011 6261 6261 D Error : ERR: stack=android.os.StrictMode$StrictModeDiskReadViolation: policy=23068679 violation=2
07-03 18:43:37.011 6261 6261 D Error : at android.os.StrictMode$AndroidBlockGuardPolicy.onReadFromDisk(StrictMode.java:1293)
07-03 18:43:37.011 6261 6261 D Error : at java.io.UnixFileSystem.checkAccess(UnixFileSystem.java:249)
07-03 18:43:37.011 6261 6261 D Error : at java.io.File.exists(File.java:780)
07-03 18:43:37.011 6261 6261 D Error : at android.app.ContextImpl.ensurePrivateDirExists(ContextImpl.java:512)
07-03 18:43:37.011 6261 6261 D Error : at android.app.ContextImpl.getPreferencesDir(ContextImpl.java:468)
07-03 18:43:37.011 6261 6261 D Error : at android.app.ContextImpl.getSharedPreferencesPath(ContextImpl.java:627)
07-03 18:43:37.011 6261 6261 D Error : at android.app.ContextImpl.getSharedPreferences(ContextImpl.java:345)
07-03 18:43:37.011 6261 6261 D Error : at android.content.ContextWrapper.getSharedPreferences(ContextWrapper.java:164)
07-03 18:43:37.011 6261 6261 D Error : at android.content.ContextWrapper.getSharedPreferences(ContextWrapper.java:164)
07-03 18:43:37.011 6261 6261 D Error : at clo.(:com.google.android.gms:0)
07-03 18:43:37.011 6261 6261 D Error : at ckp.K(:com.google.android.gms:1)
07-03 18:43:37.011 6261 6261 D Error : at ckp.a(:com.google.android.gms:5)
07-03 18:43:37.011 6261 6261 D Error : at ckp.k(:com.google.android.gms:0)
07-03 18:43:37.011 6261 6261 D Error : at com.google.android.contextmanager.service.ContextManagerChimeraService.onCreate(:com.google.android.gms:2)
07-03 18:43:37.011 6261 6261 D Error : at byx.onCreate(:com.google.android.gms:0)
07-03 18:43:37.011 6261 6261 D Error : at jda.onCreate(:com.google.android.gms:4)
07-03 18:43:37.011 6261 6261 D Error : at android.app.ActivityThread.handleCreateService(ActivityThread.java:3210)
07-03 18:43:37.011 6261 6261 D Error : at android.app.ActivityThread.-wrap5(ActivityThread.java)
07-03 18:43:37.011 6261 6261 D Error : at android.app.ActivityThread$H.handleMessage(ActivityThread.java:1582)
07-03 18:43:37.011 6261 6261 D Error : at android.os.Handler.dispatchMessage(Handler.java:102)
07-03 18:43:37.011 6261 6261 D Error : at android.os.Looper.loop(Looper.java:154)
07-03 18:43:37.011 6261 6261 D Error : at android.app.ActivityThread.main(ActivityThread.java:6208)
07-03 18:43:37.011 6261 6261 D Error : at java.lang.reflect.Method.invoke(Native Method)
07-03 18:43:37.011 6261 6261 D Error : at com.android.internal.os.ZygoteInit$MethodAndArgsCaller.run(ZygoteInit.java:891)
07-03 18:43:37.011 6261 6261 D Error : at com.android.internal.os.ZygoteInit.main(ZygoteInit.java:781)
07-03 18:43:37.011 6261 6261 D Error : # via Binder call with stack:
07-03 18:43:37.011 6261 6261 D Error : android.os.StrictMode$LogStackTrace
07-03 18:43:37.011 6261 6261 D Error : at android.os.StrictMode.readAndHandleBinderCallViolations(StrictMode.java:1954)
07-03 18:43:37.011 6261 6261 D Error : at android.os.Parcel.readExceptionCode(Parcel.java:1665)
07-03 18:43:37.011 6261 6261 D Error : at android.os.Parcel.readException(Parcel.java:1634)
07-03 18:43:37.011 6261 6261 D Error : at oz.b(:com.google.android.gms.GoogleCertificates:9)
07-03 18:43:37.011 6261 6261 D Error : at os.a(:com.google.android.gms.GoogleCertificates:47)
07-03 18:43:37.011 6261 6261 D Error : at os.(:com.google.android.gms.GoogleCertificates:3)
07-03 18:43:37.011 6261 6261 D Error : at ot.createFromParcel(:com.google.android.gms.GoogleCertificates:71)
07-03 18:43:37.011 6261 6261 D Error : at pb.onTransact(:com.google.android.gms.GoogleCertificates:54)
07-03 18:43:37.011 6261 6261 D Error : at android.os.Binder.transact(Binder.java:499)
07-03 18:43:37.011 6261 6261 D Error : at kwl.isGoogleOrPlatformSigned(:com.google.android.gms:3)
07-03 18:43:37.011 6261 6261 D Error : at joo.a(:com.google.android.gms:25)
07-03 18:43:37.011 6261 6261 D Error : at joo.a(:com.google.android.gms:20)
07-03 18:43:37.011 6261 6261 D Error : at keq.b(:com.google.android.gms:3)
07-03 18:43:37.011 6261 6261 D Error : at keq.a(:com.google.android.gms:25)
07-03 18:43:37.011 6261 6261 D Error : at keq.b(:com.google.android.gms:16)
07-03 18:43:37.011 6261 6261 D Error : at keq.c(:com.google.android.gms:3)
07-03 18:43:37.011 6261 6261 D Error : at com.google.android.gms.auth.account.be.legacy.AccountChimeraContentProvider.call(:com.google.android.gms:1)
07-03 18:43:37.011 6261 6261 D Error : at bxn.call(:com.google.android.gms:0)
07-03 18:43:37.011 6261 6261 D Error : at android.content.ContentProvider$Transport.call(ContentProvider.java:400)
07-03 18:43:37.011 6261 6261 D Error : at android.content.ContentProviderClient.call(ContentProviderClient.java:456)
07-03 18:43:37.011 6261 6261 D Error : at dzg.f(:com.google.android.gms:1)
07-03 18:43:37.011 6261 6261 D Error : at dze.d(:com.google.android.gms:2)
07-03 18:43:37.011 6261 6261 D Error : at akvc.b(:com.google.android.gms:0)
07-03 18:43:37.011 6261 6261 D Error : at akvc.(:com.google.android.gms:2)
07-03 18:43:37.011 6261 6261 D Error : at akvc.a(:com.google.android.gms:0)
07-03 18:43:37.011 6261 6261 D Error : at akqa.a(:com.google.android.gms:1)
07-03 18:43:37.011 6261 6261 D Error : at com.google.android.location.reporting.service.ReportingAndroidChimeraService.onCreate(:com.google.android.gms:0)
07-03 18:43:37.011 6261 6261 D Error : at byx.onCreate(:com.google.android.gms:0)
07-03 18:43:37.011 6261 6261 D Error : at jda.onCreate(:com.google.android.gms:4)
07-03 18:43:37.011 6261 6261 D Error : at android.app.ActivityThread.handleCreateService(ActivityThread.java:3210)
07-03 18:43:37.011 6261 6261 D Error : at android.app.ActivityThread.-wrap5(ActivityThread.java)
07-03 18:43:37.011 6261 6261 D Error : at android.app.ActivityThread$H.handleMessage(ActivityThread.java:1582)
07-03 18:43:37.011 6261 6261 D Error : at android.os.Handler.dispatchMessage(Handler.java:102)
07-03 18:43:37.011 6261 6261 D Error : at android.os.Looper.loop(Looper.java:154)
07-03 18:43:37.011 6261 6261 D Error : at android.app.ActivityThread.main(ActivityThread.java:6208)
07-03 18:43:37.011 6261 6261 D Error : at java.lang.reflect.Method.invoke(Native Method)
07-03 18:43:37.011 6261 6261 D Error : at com.android.internal.os.ZygoteInit$MethodAndArgsCaller.run(ZygoteInit.java:891)
07-03 18:43:37.011 6261 6261 D Error : at com.android.internal.os.ZygoteInit.main(ZygoteInit.java:781)
07-03 18:43:37.011 6261 6261 D Error : # via Binder call with stack:
07-03 18:43:37.011 6261 6261 D Error : android.os.StrictMode$LogStackTrace
07-03 18:43:37.011 6261 6261 D Error : at android.os.StrictMode.readAndHandleBinderCallViolations(StrictMode.java:1954)
07-03 18:43:37.011 6261 6261 D Error : at android.os.Parcel.readExceptionCode(Pa
07-03 18:43:37.011 6261 6261 D Error : ERR: TOTAL BYTES WRITTEN: 41352
07-03 18:43:37.011 6261 6261 D Error : ERR: exClass=android.os.StrictMode$StrictModeDiskReadViolation
07-03 18:43:37.011 6261 6261 D Error : ERR: exMsg=policy=23068679 violation=2
07-03 18:43:37.011 6261 6261 D Error : ERR: file=StrictMode.java
07-03 18:43:37.011 6261 6261 D Error : ERR: class=android.os.StrictMode$AndroidBlockGuardPolicy
07-03 18:43:37.011 6261 6261 D Error : ERR: method=onReadFromDisk line=1293
07-03 18:43:37.012 6261 6261 D Error : ERR: stack=android.os.StrictMode$StrictModeDiskReadViolation: policy=23068679 violation=2
07-03 18:43:37.012 6261 6261 D Error : at android.os.StrictMode$AndroidBlockGuardPolicy.onReadFromDisk(StrictMode.java:1293)
07-03 18:43:37.012 6261 6261 D Error : at java.io.UnixFileSystem.checkAccess(UnixFileSystem.java:249)
07-03 18:43:37.012 6261 6261 D Error : at java.io.File.exists(File.java:780)
07-03 18:43:37.012 6261 6261 D Error : at android.app.ContextImpl.ensurePrivateDirExists(ContextImpl.java:512)
07-03 18:43:37.012 6261 6261 D Error : at android.app.ContextImpl.getDatabasesDir(ContextImpl.java:715)
07-03 18:43:37.012 6261 6261 D Error : at android.app.ContextImpl.getDatabasePath(ContextImpl.java:694)
07-03 18:43:37.012 6261 6261 D Error : at android.app.ContextImpl.openOrCreateDatabase(ContextImpl.java:644)
07-03 18:43:37.012 6261 6261 D Error : at android.content.ContextWrapper.openOrCreateDatabase(ContextWrapper.java:289)
07-03 18:43:37.012 6261 6261 D Error : at android.content.ContextWrapper.openOrCreateDatabase(ContextWrapper.java:289)
07-03 18:43:37.012 6261 6261 D Error : at android.database.sqlite.SQLiteOpenHelper.getDatabaseLocked(SQLiteOpenHelper.java:223)
07-03 18:43:37.012 6261 6261 D Error : at android.database.sqlite.SQLiteOpenHelper.getWritableDatabase(SQLiteOpenHelper.java:163)
07-03 18:43:37.012 6261 6261 D Error : at cqt.getWritableDatabase(:com.google.android.gms:0)
07-03 18:43:37.012 6261 6261 D Error : at cqp.a(:com.google.android.gms:3)
07-03 18:43:37.012 6261 6261 D Error : at crh.b(:com.google.android.gms:5)
07-03 18:43:37.012 6261 6261 D Error : at crh.a(:com.google.android.gms:132)
07-03 18:43:37.012 6261 6261 D Error : at ckp.N(:com.google.android.gms:1)
07-03 18:43:37.012 6261 6261 D Error : at ckp.n(:com.google.android.gms:0)
07-03 18:43:37.012 6261 6261 D Error : at che.a(:com.google.android.gms:12)
07-03 18:43:37.012 6261 6261 D Error : at crm.(:com.google.android.gms:1)
07-03 18:43:37.012 6261 6261 D Error : at cqw.(:com.google.android.gms:0)
07-03 18:43:37.012 6261 6261 D Error : at ckp.L(:com.google.android.gms:1)
07-03 18:43:37.012 6261 6261 D Error : at ckp.a(:com.google.android.gms:5)
07-03 18:43:37.012 6261 6261 D Error : at ckp.k(:com.google.android.gms:0)
07-03 18:43:37.012 6261 6261 D Error : at com.google.android.contextmanager.service.ContextManagerChimeraService.onCreate(:com.google.android.gms:2)
07-03 18:43:37.012 6261 6261 D Error : at byx.onCreate(:com.google.android.gms:0)
07-03 18:43:37.012 6261 6261 D Error : at jda.onCreate(:com.google.android.gms:4)
07-03 18:43:37.012 6261 6261 D Error : at android.app.ActivityThread.handleCreateService(ActivityThread.java:3210)
07-03 18:43:37.012 6261 6261 D Error : at android.app.ActivityThread.-wrap5(ActivityThread.java)
07-03 18:43:37.012 6261 6261 D Error : at android.app.ActivityThread$H.handleMessage(ActivityThread.java:1582)
07-03 18:43:37.012 6261 6261 D Error : at android.os.Handler.dispatchMessage(Handler.java:102)
07-03 18:43:37.012 6261 6261 D Error : at android.os.Looper.loop(Looper.java:154)
07-03 18:43:37.012 6261 6261 D Error : at android.app.ActivityThread.main(ActivityThread.java:6208)
07-03 18:43:37.012 6261 6261 D Error : at java.lang.reflect.Method.invoke(Native Method)
07-03 18:43:37.012 6261 6261 D Error : at com.android.internal.os.ZygoteInit$MethodAndArgsCaller.run(ZygoteInit.java:891)
07-03 18:43:37.012 6261 6261 D Error : at com.android.internal.os.ZygoteInit.main(ZygoteInit.java:781)
07-03 18:43:37.012 6261 6261 D Error : # via Binder call with stack:
07-03 18:43:37.012 6261 6261 D Error : android.os.StrictMode$LogStackTrace
07-03 18:43:37.012 6261 6261 D Error : at android.os.StrictMode.readAndHandleBinderCallViolations(StrictMode.java:1954)
07-03 18:43:37.012 6261 6261 D Error : at android.os.Parcel.readExceptionCode(Parcel.java:1665)
07-03 18:43:37.012 6261 6261 D Error : at android.os.Parcel.readException(Parcel.java:1634)
07-03 18:43:37.012 6261 6261 D Error : at oz.b(:com.google.android.gms.GoogleCertificates:9)
07-03 18:43:37.012 6261 6261 D Error : at os.a(:com.google.android.gms.GoogleCertificates:47)
07-03 18:43:37.012 6261 6261 D Error : at os.(:com.google.android.gms.GoogleCertificates:3)
07-03 18:43:37.012 6261 6261 D Error : at ot.createFromParcel(:com.google.android.gms.GoogleCertificates:71)
07-03 18:43:37.012 6261 6261 D Error : at pb.onTransact(:com.google.android.gms.GoogleCertificates:54)
07-03 18:43:37.012 6261 6261 D Error : at android.os.Binder.transact(Binder.java:499)
07-03 18:43:37.012 6261 6261 D Error : at kwl.isGoogleOrPlatformSigned(:com.google.android.gms:3)
07-03 18:43:37.012 6261 6261 D Error : at joo.a(:com.google.android.gms:25)
07-03 18:43:37.012 6261 6261 D Error : at joo.a(:com.google.android.gms:20)
07-03 18:43:37.012 6261 6261 D Error : at keq.b(:com.google.android.gms:3)
07-03 18:43:37.012 6261 6261 D Error : at keq.a(:com.google.android.gms:25)
07-03 18:43:37.012 6261 6261 D Error : at keq.b(:com.google.android.gms:16)
07-03 18:43:37.012 6261 6261 D Error : at keq.c(:com.google.android.gms:3)
07-03 18:43:37.012 6261 6261 D Error : at com.google.android.gms.auth.account.be.legacy.AccountChimeraContentProvider.call(:com.google.android.gms:1)
07-03 18:43:37.012 6261 6261 D Error : at bxn.call(:com.google.android.gms:0)
07-03 18:43:37.012 6261 6261 D Error : at android.content.ContentProvider$Transport.call(ContentProvider.java:400)
07-03 18:43:37.012 6261 6261 D Error : at android.content.ContentProviderClient.call(ContentProviderClient.java:456)
07-03 18:43:37.012 6261 6261 D Error : at dzg.f(:com.google.android.gms:1)
07-03 18:43:37.012 6261 6261 D Error : at dze.d(:com.google.android.gms:2)
07-03 18:43:37.012 6261 6261 D Error : at akvc.b(:com.google.android.gms:0)
07-03 18:43:37.012 6261 6261 D Error : at akvc.(:com.google.android.gms:2)
07-03 18:43:37.012 6261 6261 D Error : at akvc.a(:com.google.android.gms:0)
07-03 18:43:37.012 6261 6261 D Error : at akqa.a(:com.google.android.gms:1)
07-03 18:43:37.012 6261 6261 D Error : at com.google.android.location.reporting.service.ReportingAndroidChimeraService.onCreate(:com.google.android.gms:0)
07-03 18:43:37.012 6261 6261 D Error : at byx.onCreate(:com.google.android.gms:0)
07-03 18:43:37.012 6261 6261 D Error : at jda.onCreate(:com.google.android.gms:4)
07-03 18:43:37.012 6261 6261 D Error : at android.app.ActivityThread.handleCreateService(ActivityThread.java:3210)
07-03 18:43:37.012 6261 6261 D Error : at android.app.ActivityThread.-wrap5(ActivityThread.java)
07-03 18:43:37.012 6261 6261 D Error : at android.app.ActivityThread$H.handleMessage(ActivityThread.java:1582)
07-03 18:43:37.012 6261 6261 D Error : at android.os.Handler.dispatchMessage(Handler.java:102)
07-03 18:43:37.012 6261 6261 D Error : at
07-03 18:43:37.012 6261 6261 D Error : ERR: TOTAL BYTES WRITTEN: 41352
07-03 18:43:37.012 6261 6261 D Error : ERR: exClass=android.os.StrictMode$StrictModeDiskReadViolation
07-03 18:43:37.012 6261 6261 D Error : ERR: exMsg=policy=23068679 violation=2
07-03 18:43:37.012 6261 6261 D Error : ERR: file=StrictMode.java
07-03 18:43:37.012 6261 6261 D Error : ERR: class=android.os.StrictMode$AndroidBlockGuardPolicy
07-03 18:43:37.012 6261 6261 D Error : ERR: method=onReadFromDisk line=1293
07-03 18:43:37.013 6261 6261 D Error : ERR: stack=android.os.StrictMode$StrictModeDiskReadViolation: policy=23068679 violation=2
07-03 18:43:37.013 6261 6261 D Error : at android.os.StrictMode$AndroidBlockGuardPolicy.onReadFromDisk(StrictMode.java:1293)
07-03 18:43:37.013 6261 6261 D Error : at android.database.sqlite.SQLiteConnection.applyBlockGuardPolicy(SQLiteConnection.java:1041)
07-03 18:43:37.013 6261 6261 D Error : at android.database.sqlite.SQLiteConnection.executeForLong(SQLiteConnection.java:595)
07-03 18:43:37.013 6261 6261 D Error : at android.database.sqlite.SQLiteConnection.setPageSize(SQLiteConnection.java:251)
07-03 18:43:37.013 6261 6261 D Error : at android.database.sqlite.SQLiteConnection.open(SQLiteConnection.java:213)
07-03 18:43:37.013 6261 6261 D Error : at android.database.sqlite.SQLiteConnection.open(SQLiteConnection.java:193)
07-03 18:43:37.013 6261 6261 D Error : at android.database.sqlite.SQLiteConnectionPool.openConnectionLocked(SQLiteConnectionPool.java:463)
07-03 18:43:37.013 6261 6261 D Error : at android.database.sqlite.SQLiteConnectionPool.open(SQLiteConnectionPool.java:185)
07-03 18:43:37.013 6261 6261 D Error : at android.database.sqlite.SQLiteConnectionPool.open(SQLiteConnectionPool.java:177)
07-03 18:43:37.013 6261 6261 D Error : at android.database.sqlite.SQLiteDatabase.openInner(SQLiteDatabase.java:808)
07-03 18:43:37.013 6261 6261 D Error : at android.database.sqlite.SQLiteDatabase.open(SQLiteDatabase.java:793)
07-03 18:43:37.013 6261 6261 D Error : at android.database.sqlite.SQLiteDatabase.openDatabase(SQLiteDatabase.java:696)
07-03 18:43:37.013 6261 6261 D Error : at android.app.ContextImpl.openOrCreateDatabase(ContextImpl.java:652)
07-03 18:43:37.013 6261 6261 D Error : at android.content.ContextWrapper.openOrCreateDatabase(ContextWrapper.java:289)
07-03 18:43:37.013 6261 6261 D Error : at android.content.ContextWrapper.openOrCreateDatabase(ContextWrapper.java:289)
07-03 18:43:37.013 6261 6261 D Error : at android.database.sqlite.SQLiteOpenHelper.getDatabaseLocked(SQLiteOpenHelper.java:223)
07-03 18:43:37.013 6261 6261 D Error : at android.database.sqlite.SQLiteOpenHelper.getWritableDatabase(SQLiteOpenHelper.java:163)
07-03 18:43:37.013 6261 6261 D Error : at cqt.getWritableDatabase(:com.google.android.gms:0)
07-03 18:43:37.013 6261 6261 D Error : at cqp.a(:com.google.android.gms:3)
07-03 18:43:37.013 6261 6261 D Error : at crh.b(:com.google.android.gms:5)
07-03 18:43:37.013 6261 6261 D Error : at crh.a(:com.google.android.gms:132)
07-03 18:43:37.013 6261 6261 D Error : at ckp.N(:com.google.android.gms:1)
07-03 18:43:37.013 6261 6261 D Error : at ckp.n(:com.google.android.gms:0)
07-03 18:43:37.013 6261 6261 D Error : at che.a(:com.google.android.gms:12)
07-03 18:43:37.013 6261 6261 D Error : at crm.(:com.google.android.gms:1)
