07-03 18:34:05.760 6439 17254 W System.err: at com.android.org.conscrypt.OpenSSLSocketImpl.startHandshake(OpenSSLSocketImpl.java:357)
07-03 18:34:05.760 6439 17254 W System.err: at org.kde.kdeconnect.Backends.LanBackend.LanLinkProvider$4.run(LanLinkProvider.java:247)
07-03 18:34:05.760 6439 17254 W System.err: at java.lang.Thread.run(Thread.java:761)
07-03 18:34:06.242 17197 17236 W lrq : Application name is not set. Call Builder#setApplicationName.
07-03 18:34:06.284 5271 5271 I SlideTouchEvent: vel=0.0, MinimumFlingVelocity=90
07-03 18:34:06.560 5271 5271 I SlideTouchEvent: vel=0.0, MinimumFlingVelocity=90
07-03 18:34:06.661 15781 15781 W IInputConnectionWrapper: finishComposingText on inactive InputConnection
07-03 18:34:07.251 17197 17236 W SyncManagerImpl: Sync for AccountId 89b431c7 took 2840 ms
07-03 18:34:07.278 17197 17262 W SyncManagerImpl: Sync completed for AccountId 89b431c7 (com.google.android.apps.docs.editors.punch)
07-03 18:34:11.861 1247 16833 W InputMethodManagerService: Window already focused, ignoring focus gain of: com.android.internal.view.IInputMethodClient$Stub$Proxy@6b9ae2e attribute=null, token = android.os.BinderProxy@6500905
07-03 18:34:12.061 1247 1704 I ActivityManager: Waited long enough for: ServiceRecord{9674638 u0 com.whatsapp/.messaging.MessageService}
07-03 18:34:13.334 1247 6017 W InputMethodManagerService: Window already focused, ignoring focus gain of: com.android.internal.view.IInputMethodClient$Stub$Proxy@ac1665 attribute=android.view.inputmethod.EditorInfo@f367f3a, token = android.os.BinderProxy@6500905
07-03 18:34:16.269 1247 16833 I ActivityManager: START u0 {cmp=org.libreoffice.impressremote/.activity.ComputerCreationActivity} from uid 10144 on display 0
07-03 18:34:16.549 7207 7207 W ResourceType: No known package when getting value for resource number 0xff000000
07-03 18:34:16.549 7207 7207 W ResourceType: No known package when getting value for resource number 0xff000000
07-03 18:34:17.827 5235 5235 I chatty : uid=1010(wifi) /system/bin/wpa_supplicant expire 67 lines
07-03 18:34:18.169 1247 16833 I ActivityManager: Process com.google.android.googlequicksearchbox (pid 16506) has died
07-03 18:34:18.169 1247 16833 D ActivityManager: cleanUpApplicationRecord -- 16506
07-03 18:34:19.388 1283 1698 I chatty : uid=1041(audioserver) AudioOut_15 expire 38 lines
07-03 18:34:21.602 15781 15781 W IInputConnectionWrapper: finishComposingText on inactive InputConnection
07-03 18:34:21.618 15781 15781 W IInputConnectionWrapper: finishComposingText on inactive InputConnection
07-03 18:34:22.232 1247 6433 I ActivityManager: START u0 {cmp=org.libreoffice.impressremote/.activity.ComputerConnectionActivity (has extras)} from uid 10144 on display 0
07-03 18:34:23.433 1247 7028 I ActivityManager: Setting hasTopUi=true for pid=5271
07-03 18:34:23.446 5271 5271 D PhoneStatusBar: disable: < expand ICONS* alerts SYSTEM_INFO* back home recent clock search quick_settings
> 07-03 18:34:25.005 1247 6017 W InputMethodManagerService: Window already focused, ignoring focus gain of: com.android.internal.view.IInputMethodClient$Stub$Proxy@dff8387 attribute=null, token = android.os.BinderProxy@26787c0
07-03 18:34:25.018 1247 6388 I ActivityManager: Setting hasTopUi=false for pid=5271
07-03 18:34:25.020 5271 5271 D PhoneStatusBar: disable: < expand icons* alerts system_info* back home recent clock search quick_settings
> 07-03 18:34:25.539 1247 16829 I ActivityManager: Setting hasTopUi=true for pid=5271
07-03 18:34:25.543 5271 5271 D PhoneStatusBar: disable: < expand ICONS* alerts SYSTEM_INFO* back home recent clock search quick_settings
> 07-03 18:34:26.088 1247 16831 W InputMethodManagerService: Window already focused, ignoring focus gain of: com.android.internal.view.IInputMethodClient$Stub$Proxy@32b5c7f attribute=null, token = android.os.BinderProxy@26787c0
07-03 18:34:26.098 1247 6388 I ActivityManager: Setting hasTopUi=false for pid=5271
07-03 18:34:26.100 5271 5271 D PhoneStatusBar: disable: < expand icons* alerts system_info* back home recent clock search quick_settings
> 07-03 18:34:26.711 1247 6425 I ActivityManager: Process android.process.media (pid 16973) has died
07-03 18:34:26.711 1247 6425 D ActivityManager: cleanUpApplicationRecord -- 16973
07-03 18:34:26.719 1247 16831 I ActivityManager: Process com.google.android.apps.nexuslauncher (pid 16487) has died
07-03 18:34:26.719 1247 16831 D ActivityManager: cleanUpApplicationRecord -- 16487
07-03 18:34:26.745 1247 5988 I ActivityManager: Process net.dinglisch.android.tasker (pid 15548) has died
07-03 18:34:26.745 1247 5988 D ActivityManager: cleanUpApplicationRecord -- 15548
07-03 18:34:26.757 16865 16865 W NSApplication: Trimming memory to level 60
07-03 18:34:26.793 1247 7032 I ActivityManager: Process com.google.android.apps.plus (pid 16880) has died
07-03 18:34:26.794 1247 7032 D ActivityManager: cleanUpApplicationRecord -- 16880
07-03 18:34:26.875 9896 9896 I Finsky : [1] com.google.android.finsky.utils.ay.onTrimMemory(2): Memory trim requested to level 80
07-03 18:34:26.899 16865 17353 D ApplicationLoaders: ignored Vulkan layer search path /data/app/com.android.chrome-1/lib/arm:/data/app/com.android.chrome-1/base.apk!/lib/armeabi-v7a for namespace 0xb6dbe0d0
07-03 18:34:26.929 16865 17353 I WebViewFactory: Loading com.android.chrome version 59.0.3071.125 (code 307112502)
07-03 18:34:27.074 16865 17353 I cr_LibraryLoader: Time to load native libraries: 10 ms (timestamps 2740-2750)
07-03 18:34:27.097 16865 17353 I chromium: [INFO:library_loader_hooks.cc(144)] Chromium logging enabled: level = 0, default verbosity = 0
07-03 18:34:27.098 16865 17353 I cr_LibraryLoader: Expected native library version number "59.0.3071.125", actual native library version number "59.0.3071.125"
07-03 18:34:43.382 16865 17380 I SyncAdapterService: Ignoring sync request because background disallowed: not charging
07-03 18:34:43.396 16865 16865 W NSApplication: Trimming memory to level 80
07-03 18:34:44.412 5235 5235 I chatty : uid=1010(wifi) /system/bin/wpa_supplicant expire 10 lines
07-03 18:34:56.217 1247 1707 I ActivityManager: Config changes=480 {1.0000004 334mcc30mnc [en_US,es_MX] ldltr sw399dp w663dp h376dp 288dpi nrml land finger -keyb/v/h -nav/h s.7}
07-03 18:34:56.233 1247 5184 I chatty : uid=1000(system) InputReader expire 10 lines
07-03 18:34:56.966 5271 5271 I Choreographer: Skipped 42 frames! The application may be doing too much work on its main thread.
07-03 18:34:57.196 11431 11431 D GeckoApplication: onConfigurationChanged: en_US, background: false
07-03 18:34:57.314 11431 11431 D GeckoLocales: No selected locale. No correction needed.
07-03 18:34:57.627 1247 1847 I WindowManager: Screen frozen for +1s468ms due to Window{eaef36a u0 StatusBar}
07-03 18:34:59.076 6162 6162 E NEW_BHD : Open /sys/class/power_supply/gb_battery
07-03 18:34:59.092 5502 5502 D VideoCall_LowBattery: BatteryIntent received: android.intent.action.BATTERY_CHANGED
07-03 18:34:59.162 5502 5502 D VideoCall_LowBattery: allowVideoCallsInLowBattery: false isCarrierOneSupported: false mIsLowbattery: false
07-03 18:35:00.214 1247 1707 I ActivityManager: Config changes=480 {1.0000004 334mcc30mnc [en_US,es_MX] ldltr sw399dp w399dp h639dp 288dpi nrml port finger -keyb/v/h -nav/h s.8}
07-03 18:35:00.252 11431 11431 D GeckoApplication: onConfigurationChanged: en_US, background: false
07-03 18:35:00.252 11431 11431 D GeckoLocales: No selected locale. No correction needed.
07-03 18:35:00.632 1247 5464 I WindowManager: Screen frozen for +454ms due to Window{eaef36a u0 StatusBar}
07-03 18:35:00.971 15829 15829 D HeadsetPhoneState: sendDeviceStateChanged. mService=1 mSignal=5 mRoam=0 mBatteryCharge=2
07-03 18:35:01.253 5271 5271 I SlideTouchEvent: vel=0.0, MinimumFlingVelocity=90
07-03 18:35:05.144 1247 1847 I WindowManager: Screen frozen for +53ms due to Window{eaef36a u0 StatusBar}
07-03 18:35:06.397 1283 1698 I chatty : uid=1041(audioserver) AudioOut_15 expire 34 lines
07-03 18:35:12.340 6162 6162 E NEW_BHD : Open /sys/class/power_supply/gb_battery
07-03 18:35:12.382 5502 5502 D VideoCall_LowBattery: BatteryIntent received: android.intent.action.BATTERY_CHANGED
07-03 18:35:12.390 1247 1717 I chatty : uid=1000(system) batterystats-sy expire 2 lines
07-03 18:35:12.412 5502 5502 D VideoCall_LowBattery: allowVideoCallsInLowBattery: false isCarrierOneSupported: false mIsLowbattery: false
07-03 18:35:12.440 6162 6162 E NEW_BHD : Open /sys/class/power_supply/gb_battery
07-03 18:35:12.481 1247 1717 E BatteryStatsService: modem info is invalid: ModemActivityInfo{ mTimestamp=0 mSleepTimeMs=0 mIdleTimeMs=0 mTxTimeMs[]=[0, 0, 0, 0, 0] mRxTimeMs=0 mEnergyUsed=0}
07-03 18:35:14.982 5235 5235 I chatty : uid=1010(wifi) /system/bin/wpa_supplicant expire 12 lines
07-03 18:35:14.989 9896 12533 I PlayCommon: [344] com.google.android.play.a.g.e(220): Preparing logs for uploading
07-03 18:35:14.991 9896 12533 I PlayCommon: [344] com.google.android.play.a.g.e(224): No file ready to send
07-03 18:35:18.267 15829 15829 D HeadsetPhoneState: sendDeviceStateChanged. mService=1 mSignal=4 mRoam=0 mBatteryCharge=2
07-03 18:35:29.250 1231 1231 I rmt_storage: rmt_storage_connect_cb: clnt_h=0x7 conn_h=0xb6b09128
07-03 18:35:29.250 1231 1231 I rmt_storage: rmt_storage_rw_iovec_cb: /boot/modem_fs1: clnt_h=0x1: req_h=0xb msg_id=3: R/W request received
07-03 18:35:29.250 1231 1231 I rmt_storage: rw_iovec client->path = /boot/modem_fs1
07-03 18:35:29.251 1231 1231 I rmt_storage: wakelock acquired: 1, error no: 42
07-03 18:35:29.251 1231 1332 I rmt_storage: rmt_storage_client_thread: /boot/modem_fs1: clnt_h=0x1 Unblock worker thread (th_id: -1230898912)
07-03 18:35:29.295 1231 1332 I rmt_storage: rmt_storage_client_thread: /boot/modem_fs1: clnt_h=0x1: req_h=0xb msg_id=3: Bytes written = 917504
07-03 18:35:29.295 1231 1332 I rmt_storage: rmt_storage_client_thread: /boot/modem_fs1: clnt_h=0x1: req_h=0xb msg_id=3: Send response: res=0 err=0
07-03 18:35:29.296 1231 1332 I rmt_storage: rmt_storage_client_thread: /boot/modem_fs1: clnt_h=0x1 About to block rmt_storage client thread (th_id: -1230898912) wakelock released: 1, error no: 22
07-03 18:35:29.296 1231 1332 I rmt_storage:
07-03 18:35:29.298 1231 1231 I rmt_storage: rmt_storage_disconnect_cb: clnt_h=0x7 conn_h=0xb6b09128
07-03 18:35:33.478 6261 6965 W AlarmManager: Unrecognized alarm listener lie@1ac8392
07-03 18:35:33.561 1247 5480 I chatty : uid=1000(system) FLP Service Cal expire 6 lines
07-03 18:35:49.389 5235 5235 I chatty : uid=1010(wifi) /system/bin/wpa_supplicant expire 37 lines
07-03 18:35:49.676 16865 17474 I SyncAdapterService: Ignoring sync request because background disallowed: not charging
07-03 18:35:49.691 16865 16865 W NSApplication: Trimming memory to level 80
07-03 18:35:56.884 17006 17484 I SubscribedFeeds: Received message
07-03 18:35:56.989 17197 17487 W SyncManagerImpl: Initiating sync for AccountId 89b431c7 (com.google.android.apps.docs.editors.punch)
07-03 18:35:57.012 16865 16865 W NSApplication: Trimming memory to level 80
07-03 18:35:57.040 17197 17236 W SyncManagerImpl: Started sync for AccountId 89b431c7
07-03 18:35:57.064 17197 17236 W Flag : Duration spec must be at least 2 characters long:
07-03 18:35:57.216 17197 17236 W lrq : Application name is not set. Call Builder#setApplicationName.
07-03 18:35:57.913 17197 17236 W SyncManagerImpl: Sync for AccountId 89b431c7 took 725 ms
07-03 18:35:57.924 17197 17487 W SyncManagerImpl: Sync completed for AccountId 89b431c7 (com.google.android.apps.docs.editors.punch)
07-03 18:36:05.938 1247 1851 I PowerManagerService: Going to sleep due to screen timeout (uid 1000)...
07-03 18:36:05.996 5271 5271 W FingerprintManager: isFingerprintHardwareDetected(): Service not connected!
07-03 18:36:06.032 1247 1851 I chatty : uid=1000(system) PowerManagerSer expire 10 lines
07-03 18:36:06.586 1247 1704 I VrManagerService: VR mode is disallowed
07-03 18:36:06.621 1247 1847 I DisplayManagerService: Display device changed state: "Built-in Screen", OFF
07-03 18:36:06.801 1221 1762 I chatty : uid=1000(system) hwcVsyncThread expire 24 lines
07-03 18:36:06.807 1247 5219 I chatty : uid=1000(system) PhotonicModulat expire 4 lines
07-03 18:36:06.818 1247 1851 I PowerManagerService: Sleeping (uid 1000)...
07-03 18:36:06.828 5271 5271 W FingerprintManager: isFingerprintHardwareDetected(): Service not connected!
07-03 18:36:06.891 1283 1710 I chatty : uid=1041(audioserver) Binder:1283_1 expire 1 line
07-03 18:36:06.892 5235 5235 I chatty : uid=1010(wifi) /system/bin/wpa_supplicant expire 10 lines
07-03 18:36:07.007 6261 10295 D BluetoothLeScanner: could not find callback wrapper
07-03 18:36:07.021 1247 1707 I WindowManager: OverscanTimeout run
07-03 18:36:12.635 1247 16833 I ActivityManager: Setting hasTopUi=true for pid=5271
07-03 18:36:12.775 5271 5271 D PhoneStatusBar: disable: < expand ICONS* alerts SYSTEM_INFO* back home recent clock search quick_settings
> 07-03 18:36:12.840 5271 5271 W FingerprintManager: isFingerprintHardwareDetected(): Service not connected!
07-03 18:36:12.848 5271 5271 W FingerprintManager: isFingerprintHardwareDetected(): Service not connected!
07-03 18:36:14.077 5271 5271 W FingerprintManager: isFingerprintHardwareDetected(): Service not connected!
07-03 18:36:14.078 5271 5271 D PhoneStatusBar: disable: < expand ICONS alerts SYSTEM_INFO back HOME* RECENT* clock SEARCH* quick_settings
> 07-03 18:36:19.818 1247 5184 I PowerManagerService: Waking up from sleep (uid 1000)...
07-03 18:36:19.819 1247 1247 I chatty : uid=1000 system_server expire 2 lines
07-03 18:36:19.822 1247 5184 I chatty : uid=1000(system) InputReader expire 5 lines
07-03 18:36:19.849 1247 1851 I DisplayPowerController: Blocking screen on until initial contents have been drawn.
07-03 18:36:19.851 5271 5271 W FingerprintManager: isFingerprintHardwareDetected(): Service not connected!
07-03 18:36:19.854 1247 1847 I DisplayManagerService: Display device changed state: "Built-in Screen", ON
07-03 18:36:19.856 1221 1221 I chatty : uid=1000(system) /system/bin/surfaceflinger expire 11 lines
07-03 18:36:19.874 1283 1283 I chatty : uid=1041(audioserver) /system/bin/audioserver expire 1 line
07-03 18:36:19.927 5235 5235 I chatty : uid=1010(wifi) /system/bin/wpa_supplicant expire 35 lines
07-03 18:36:19.951 1247 5176 I chatty : uid=1000(system) SensorService expire 7 lines
07-03 18:36:19.954 1247 6386 I chatty : uid=1000(system) Binder:1247_7 expire 2 lines
07-03 18:36:20.025 1247 1851 I DisplayPowerController: Unblocked screen on after 176 ms
07-03 18:36:20.043 6261 10295 D BluetoothLeScanner: could not find callback wrapper
07-03 18:36:20.047 6261 10295 I BeaconBle: Client requested scan, settings=BleSettings [scanMode=LOW_LATENCY, callbackType=ALL_MATCHES, reportDelayMillis=0, 6 filters, 0 clients, callingClientName=Nearby]
07-03 18:36:20.091 6261 10295 I BeaconBle: 'L' hardware scan: 6 filters, scanMode=2, reportdelay=0, callback type=1, #clients=1
07-03 18:36:20.094 1221 1762 I chatty : uid=1000(system) hwcVsyncThread expire 24 lines
07-03 18:36:20.095 6261 10295 I BeaconBle: Starting scan on OS scanner. BT state: 12
07-03 18:36:20.124 15829 15911 D BtGatt.GattService: registerClient() - UUID=aec0662f-eec4-41c3-afd3-1b886e8fc7c9
07-03 18:36:20.128 6261 7518 E ctxmgr : [ProducerActiveIntervalImpl]addNewAppInterval: already contained:appKey=cdy@71c1b10a,appInterval=cdw@a20f1e9,record=cjy{key=cka{com.google.android.googlequicksearchbox, 10035, account#-1984679481#, com.google.android.apps.gsa.staticplugins.proactive.GmsContextManagerClientHelper, fa0d6da6-058d-4fbd-a6c7-d5b3b35b2007}, t=1499123967350, name=1, lifetime=2, production=null, retention=null, dispatch=1, consumer=cfq@cc84dc52-246562135}
07-03 18:36:20.128 6439 11451 I KDE/LanLinkProvider: Identity package received from a TCP connection from gabriel@Desktop
07-03 18:36:20.128 6439 11451 I KDE/LanLinkProvider: Starting SSL handshake with gabriel@Desktop trusted:true
07-03 18:36:20.135 15829 15852 D BtGatt.GattService: onClientRegistered() - UUID=aec0662f-eec4-41c3-afd3-1b886e8fc7c9, clientIf=5
07-03 18:36:20.141 6261 6821 D BluetoothLeScanner: onClientRegistered() - status=0 clientIf=5 mClientIf=0
07-03 18:36:20.144 15829 15855 D BtGatt.GattService: start scan with filters
07-03 18:36:20.154 15829 15856 D BtGatt.ScanManager: handling starting scan
07-03 18:36:20.178 15829 15852 D BtGatt.GattService: onScanFilterEnableDisabled() - clientIf=5, status=0, action=1
07-03 18:36:20.178 15829 15852 D BtGatt.ScanManager: callback done for clientIf - 5 status - 0
07-03 18:36:20.180 15829 15856 D BtGatt.ScanManager: addFilterToController: 5
07-03 18:36:20.188 15829 15852 D BtGatt.GattService: onScanFilterConfig() - clientIf=5, action = 0 status = 0, filterType=5, availableSpace=31
07-03 18:36:20.188 15829 15852 D BtGatt.ScanManager: callback done for clientIf - 5 status - 0
07-03 18:36:20.189 15829 15856 D BtGatt.ScanManager: configureFilterParamter 500 10000 1 0
07-03 18:36:20.205 15829 15852 D BtGatt.GattService: onScanFilterParamsConfigured() - clientIf=5, status=0, action=0, availableSpace=15
07-03 18:36:20.205 15829 15852 D BtGatt.ScanManager: callback done for clientIf - 5 status - 0
07-03 18:36:20.205 15829 15856 D BtGatt.ScanManager: addFilterToController: 2
07-03 18:36:20.208 15829 15852 D BtGatt.GattService: onScanFilterConfig() - clientIf=5, action = 0 status = 0, filterType=2, availableSpace=31
07-03 18:36:20.208 15829 15852 D BtGatt.ScanManager: callback done for clientIf - 5 status - 0
07-03 18:36:20.209 15829 15856 D BtGatt.ScanManager: configureFilterParamter 500 10000 1 0
07-03 18:36:20.214 15829 15852 D BtGatt.GattService: onScanFilterParamsConfigured() - clientIf=5, status=0, action=0, availableSpace=14
07-03 18:36:20.214 15829 15852 D BtGatt.ScanManager: callback done for clientIf - 5 status - 0
07-03 18:36:20.215 15829 15856 D BtGatt.ScanManager: addFilterToController: 5
07-03 18:36:20.219 15829 15852 D BtGatt.GattService: onScanFilterConfig() - clientIf=5, action = 0 status = 0, filterType=5, availableSpace=30
07-03 18:36:20.219 15829 15852 D BtGatt.ScanManager: callback done for clientIf - 5 status - 0
07-03 18:36:20.220 15829 15856 D BtGatt.ScanManager: configureFilterParamter 500 10000 1 0
07-03 18:36:20.224 15829 15852 D BtGatt.GattService: onScanFilterParamsConfigured() - clientIf=5, status=0, action=0, availableSpace=13
07-03 18:36:20.226 15829 15852 D BtGatt.ScanManager: callback done for clientIf - 5 status - 0
07-03 18:36:20.227 15829 15856 D BtGatt.ScanManager: addFilterToController: 5
07-03 18:36:20.233 15829 15852 D BtGatt.GattService: onScanFilterConfig() - clientIf=5, action = 0 status = 0, filterType=5, availableSpace=29
07-03 18:36:20.233 15829 15852 D BtGatt.ScanManager: callback done for clientIf - 5 status - 0
07-03 18:36:20.233 15829 15856 D BtGatt.ScanManager: configureFilterParamter 500 10000 1 0
07-03 18:36:20.234 6439 11451 I KDE/LanLinkProvider: Identity package received from a TCP connection from gabriel@Laptop
07-03 18:36:20.234 6439 11451 I KDE/LanLinkProvider: Starting SSL handshake with gabriel@Laptop trusted:true
07-03 18:36:20.241 15829 15852 D BtGatt.GattService: onScanFilterParamsConfigured() - clientIf=5, status=0, action=0, availableSpace=12
07-03 18:36:20.241 15829 15852 D BtGatt.ScanManager: callback done for clientIf - 5 status - 0
07-03 18:36:20.241 15829 15856 D BtGatt.ScanManager: addFilterToController: 2
07-03 18:36:20.245 15829 15852 D BtGatt.GattService: onScanFilterConfig() - clientIf=5, action = 0 status = 0, filterType=2, availableSpace=30
07-03 18:36:20.245 15829 15852 D BtGatt.ScanManager: callback done for clientIf - 5 status - 0
07-03 18:36:20.248 15829 15856 D BtGatt.ScanManager: configureFilterParamter 500 10000 1 0
07-03 18:36:20.251 15829 15852 D BtGatt.GattService: onScanFilterParamsConfigured() - clientIf=5, status=0, action=0, availableSpace=11
07-03 18:36:20.251 15829 15852 D BtGatt.ScanManager: callback done for clientIf - 5 status - 0
07-03 18:36:20.252 15829 15856 D BtGatt.ScanManager: addFilterToController: 2
07-03 18:36:20.259 15829 15852 D BtGatt.GattService: onScanFilterConfig() - clientIf=5, action = 0 status = 0, filterType=2, availableSpace=29
07-03 18:36:20.259 15829 15852 D BtGatt.ScanManager: callback done for clientIf - 5 status - 0
07-03 18:36:20.259 15829 15856 D BtGatt.ScanManager: configureFilterParamter 500 10000 1 0
07-03 18:36:20.265 15829 15852 D BtGatt.GattService: onScanFilterParamsConfigured() - clientIf=5, status=0, action=0, availableSpace=10
07-03 18:36:20.265 15829 15852 D BtGatt.ScanManager: callback done for clientIf - 5 status - 0
07-03 18:36:20.266 15829 15856 D BtGatt.ScanManager: configureRegularScanParams() - queue=1
07-03 18:36:20.266 15829 15856 D BtGatt.ScanManager: configureRegularScanParams() - ScanSetting Scan mode=2 mLastConfiguredScanSetting=-2147483648
07-03 18:36:20.266 15829 15856 D BtGatt.ScanManager: configureRegularScanParams - scanInterval = 8000configureRegularScanParams - scanWindow = 8000
07-03 18:36:20.268 15829 15852 D BtGatt.GattService: onScanParamSetupCompleted : 0
07-03 18:36:20.275 6439 17137 I LanLink : Socket closed: 170462028. Reason: End of stream
07-03 18:36:20.278 6439 17602 I KDE/LanLinkProvider: Handshake as client successful with gabriel@Desktop secured with TLS_ECDHE_RSA_WITH_AES_128_CBC_SHA
07-03 18:36:20.278 6439 17602 I KDE/LanLinkProvider: Reusing same link for device _bab2e3c1_979c_428d_8d62_3e88818a2b89_
07-03 18:36:20.283 6261 6277 I art : Background sticky concurrent mark sweep GC freed 13524(764KB) AllocSpace objects, 2(40KB) LOS objects, 12% free, 8MB/9MB, paused 7.237ms total 44.065ms
07-03 18:36:20.297 6439 11451 I KDE/LanLinkProvider: Identity package received from a TCP connection from motorola
07-03 18:36:20.297 6439 11451 I KDE/LanLinkProvider: Starting SSL handshake with motorola trusted:false
07-03 18:36:20.304 6261 14474 E ctxmgr : [AppIntervalImpl]closeInterval: ongoing
07-03 18:36:20.353 6439 11451 I KDE/LanLinkProvider: Identity package received from a TCP connection from motorola
07-03 18:36:20.353 6439 11451 I KDE/LanLinkProvider: Starting SSL handshake with motorola trusted:false
07-03 18:36:20.473 6439 17294 I LanLink : Socket closed: 252677630. Reason: End of stream
07-03 18:36:20.475 6439 17604 I KDE/LanLinkProvider: Handshake as client successful with gabriel@Laptop secured with TLS_ECDHE_RSA_WITH_AES_128_CBC_SHA
07-03 18:36:20.475 6439 17604 I KDE/LanLinkProvider: Reusing same link for device _8a6ac7e0_0c75_4fd2_84b5_5e62da85d79e_
07-03 18:36:20.919 6439 17607 I KDE/LanLinkProvider: Handshake as client successful with motorola secured with TLS_ECDHE_RSA_WITH_AES_128_CBC_SHA
07-03 18:36:20.919 6439 17607 I KDE/LanLinkProvider: Reusing same link for device 59f71baf6e44aee9
07-03 18:36:20.920 6439 17606 I KDE/LanLinkProvider: Handshake as client successful with motorola secured with TLS_ECDHE_RSA_WITH_AES_128_CBC_SHA
07-03 18:36:20.920 6439 17606 I KDE/LanLinkProvider: Reusing same link for device 59f71baf6e44aee9
07-03 18:36:20.921 6439 17143 I LanLink : Socket closed: 123144543. Reason: End of stream
07-03 18:36:20.925 6439 17610 I LanLink : Socket closed: 56893356. Reason: Socket is closed
07-03 18:36:23.047 6261 10295 D BluetoothLeScanner: could not find callback wrapper
07-03 18:36:23.049 6261 10295 I BeaconBle: Client requested scan, settings=BleSettings [scanMode=ZERO_POWER, callbackType=ALL_MATCHES, reportDelayMillis=0, 6 filters, 0 clients, callingClientName=Nearby]
07-03 18:36:23.061 6261 10295 I BeaconBle: Stopping scan on delegate scanner. BT state: 12
07-03 18:36:23.069 15829 15908 D BtGatt.GattService: stopScan() - queue size =1
07-03 18:36:23.070 15829 15856 D BtGatt.ScanManager: stop scan
07-03 18:36:23.072 15829 15841 D BtGatt.GattService: unregisterClient() - clientIf=5
07-03 18:36:23.074 6261 10295 I BeaconBle: Resetting - new scanner available: true
07-03 18:36:23.075 6261 10295 I BeaconBle: ZERO_POWER is disabled.
07-03 18:36:23.075 6261 10295 I BeaconBle: 'L' hardware scan: scan stopped, no powered clients
07-03 18:36:23.080 15829 15852 D BtGatt.GattService: onScanFilterParamsConfigured() - clientIf=5, status=0, action=1, availableSpace=11
07-03 18:36:23.080 15829 15852 D BtGatt.ScanManager: callback done for clientIf - 5 status - 0
07-03 18:36:23.084 15829 15852 D BtGatt.GattService: onScanFilterParamsConfigured() - clientIf=5, status=0, action=1, availableSpace=12
07-03 18:36:23.085 15829 15852 D BtGatt.ScanManager: callback done for clientIf - 5 status - 0
07-03 18:36:23.089 15829 15852 D BtGatt.GattService: onScanFilterParamsConfigured() - clientIf=5, status=0, action=1, availableSpace=13
07-03 18:36:23.089 15829 15852 D BtGatt.ScanManager: callback done for clientIf - 5 status - 0
07-03 18:36:23.093 15829 15852 D BtGatt.GattService: onScanFilterParamsConfigured() - clientIf=5, status=0, action=1, availableSpace=14
07-03 18:36:23.093 15829 15852 D BtGatt.ScanManager: callback done for clientIf - 5 status - 0
07-03 18:36:23.096 15829 15852 D BtGatt.GattService: onScanFilterParamsConfigured() - clientIf=5, status=0, action=1, availableSpace=15
07-03 18:36:23.096 15829 15852 D BtGatt.ScanManager: callback done for clientIf - 5 status - 0
07-03 18:36:23.100 15829 15852 D BtGatt.GattService: onScanFilterParamsConfigured() - clientIf=5, status=0, action=1, availableSpace=16
07-03 18:36:23.100 15829 15852 D BtGatt.ScanManager: callback done for clientIf - 5 status - 0
07-03 18:36:23.101 15829 15856 D BtGatt.ScanManager: configureRegularScanParams() - queue=0
07-03 18:36:23.101 15829 15856 D BtGatt.ScanManager: configureRegularScanParams() - ScanSetting Scan mode=-2147483648 mLastConfiguredScanSetting=2
07-03 18:36:23.101 15829 15856 D BtGatt.ScanManager: configureRegularScanParams() - queue emtpy, scan stopped
07-03 18:36:23.641 6162 6162 E NEW_BHD : Open /sys/class/power_supply/gb_battery
07-03 18:36:23.670 5502 5502 D VideoCall_LowBattery: BatteryIntent received: android.intent.action.BATTERY_CHANGED
07-03 18:36:23.701 5502 5502 D VideoCall_LowBattery: allowVideoCallsInLowBattery: false isCarrierOneSupported: false mIsLowbattery: false
07-03 18:36:29.032 1247 1847 I WindowManager: Screen frozen for +63ms due to Window{eaef36a u0 StatusBar}
07-03 18:36:29.095 1247 5194 I chatty : uid=1000(system) WifiStateMachin expire 10 lines
07-03 18:36:29.376 5271 5271 D PhoneStatusBar: disable: < expand ICONS alerts SYSTEM_INFO back HOME RECENT clock SEARCH quick_settings
> 07-03 18:36:29.390 5271 5271 W FingerprintManager: isFingerprintHardwareDetected(): Service not connected!
07-03 18:36:30.128 1283 1698 I chatty : uid=1041(audioserver) AudioOut_15 expire 64 lines
07-03 18:36:30.779 1309 1309 I : calling unlock when already unlocked, ignoring.
07-03 18:36:30.781 1247 5251 I LockSettingsService: Unlocking user 0 with token length 69
07-03 18:36:30.787 5271 5271 W FingerprintManager: isFingerprintHardwareDetected(): Service not connected!
07-03 18:36:30.787 5271 5271 W FingerprintManager: resetTimeout(): Service not connected!
07-03 18:36:30.793 1247 5251 I chatty : uid=1000(system) Binder:1247_3 expire 1 line
07-03 18:36:30.793 1247 5251 W ActivityManager: Expected user 0 in state RUNNING_LOCKED but was in state RUNNING_UNLOCKED
07-03 18:36:31.063 1247 1704 I VrManagerService: VR mode is allowed
07-03 18:36:31.096 5271 5271 D PhoneStatusBar: disable: < expand icons* alerts system_info* back HOME RECENT clock SEARCH quick_settings
> 07-03 18:36:31.146 5271 5271 D PhoneStatusBar: disable: < expand ICONS* alerts SYSTEM_INFO* back HOME RECENT clock SEARCH quick_settings
> 07-03 18:36:31.149 5271 5271 W FingerprintManager: isFingerprintHardwareDetected(): Service not connected!
07-03 18:36:31.274 5271 5271 D PhoneStatusBar: disable: < expand ICONS alerts SYSTEM_INFO back home* recent* clock search* quick_settings
> 07-03 18:36:31.274 1247 1627 I ActivityManager: Start proc 17633:com.opera.mini.native/u0a109 for broadcast com.opera.mini.native/com.opera.android.news.newsfeed.internal.NewsFeedSystemReceiver
07-03 18:36:31.306 6532 17638 I Authzen : [DeviceStateSyncManager] The server is in sync with current state. Nothing to do
07-03 18:36:31.313 6532 7193 I CastDatabase: Opening the database
07-03 18:36:31.386 5235 5235 I chatty : uid=1010(wifi) /system/bin/wpa_supplicant expire 36 lines
07-03 18:36:31.393 6532 7193 I SQLiteCastStore: 0 CastNetworkInfo instances loaded, 0 CastDeviceInfo instances loaded, 0 paired guest mode devices loaded.
07-03 18:36:31.394 6532 17632 I DiscoveryManager: WifiGuestModeDeviceScanner enabled.
07-03 18:36:31.886 17633 17633 I era.mini.native: type=1400 audit(0.0:79): avc: denied { getattr } for uid=10109 path="/mnt/media_rw" dev="tmpfs" ino=6591 scontext=u:r:untrusted_app:s0:c512,c768 tcontext=u:object_r:mnt_media_rw_file:s0 tclass=dir permissive=1
07-03 18:36:32.005 1247 16831 I chatty : uid=1000(system) Binder:1247_13 expire 3 lines
07-03 18:36:32.099 6261 14474 W GCM : Mismatched messenger
07-03 18:36:32.297 6261 14474 W Conscrypt: Could not set socket write timeout:
07-03 18:36:32.335 6261 14474 W Conscrypt: java.lang.reflect.Method.invoke(Native Method)
07-03 18:36:32.336 6261 14474 W Conscrypt: wrp.a(:com.google.android.gms:58)
07-03 18:36:32.534 6261 14474 W Conscrypt: Could not set socket write timeout:
07-03 18:36:32.535 6261 14474 W Conscrypt: java.lang.reflect.Method.invoke(Native Method)
07-03 18:36:32.535 6261 14474 W Conscrypt: wrp.a(:com.google.android.gms:58)
07-03 18:36:32.742 6261 6277 I art : Background partial concurrent mark sweep GC freed 63685(3MB) AllocSpace objects, 4(124KB) LOS objects, 39% free, 6MB/10MB, paused 1.154ms total 104.072ms
07-03 18:36:32.922 1247 5464 W InputMethodManagerService: Window already focused, ignoring focus gain of: com.android.internal.view.IInputMethodClient$Stub$Proxy@3af40db attribute=android.view.inputmethod.EditorInfo@bc38778, token = android.os.BinderProxy@6500905
07-03 18:36:32.988 1247 16829 I ActivityManager: START u0 {act=android.intent.action.MAIN cat=[android.intent.category.LAUNCHER] flg=0x10000000 pkg=org.documentfoundation.libreoffice cmp=org.documentfoundation.libreoffice/org.libreoffice.ui.LibreOfficeUIActivity} from uid 10010 on display 0
07-03 18:36:33.038 1247 7035 I ActivityManager: Start proc 17689:org.documentfoundation.libreoffice/u0a146 for activity org.documentfoundation.libreoffice/org.libreoffice.ui.LibreOfficeUIActivity
07-03 18:36:33.072 17633 17664 D NetworkSecurityConfig: No Network Security Config specified, using platform default
07-03 18:36:33.144 9896 9896 I Finsky : [1] com.google.android.finsky.externalreferrer.f.c(9): Package first launch for org.documentfoundation.libreoffice
07-03 18:36:33.173 9896 9896 I Finsky : [1] com.google.android.finsky.externalreferrer.d.run(52): Backfilling empty external referrer for org.documentfoundation.libreoffice
07-03 18:36:33.277 1247 16829 I ActivityManager: Process com.ifttt.ifttt (pid 16599) has died
07-03 18:36:33.278 1247 16829 D ActivityManager: cleanUpApplicationRecord -- 16599
07-03 18:36:33.288 9896 9896 I Finsky : [1] com.google.android.finsky.utils.ay.onTrimMemory(2): Memory trim requested to level 80
07-03 18:36:33.303 17689 17689 D NetworkUtils: Searching known-servers store at /data/user/0/org.documentfoundation.libreoffice/files/knownServers.bks
07-03 18:36:33.305 1247 16831 I ActivityManager: Setting hasTopUi=false for pid=5271
07-03 18:36:33.307 5271 5271 D PhoneStatusBar: disable: < expand icons* alerts system_info* back home recent clock search quick_settings
> 07-03 18:36:33.307 17689 17689 D NetworkSecurityConfig: No Network Security Config specified, using platform default
07-03 18:36:33.335 17689 17689 D OwnCloudClient #0: Creating OwnCloudClient
07-03 18:36:33.458 17689 17689 I AppCompatViewInflater: app:theme is now deprecated. Please move to using android:theme instead.
07-03 18:36:33.578 17689 17689 D LibreOfficeUIActivity: onStart
07-03 18:36:33.583 17689 17689 D LibreOfficeUIActivity: onResume
07-03 18:36:33.583 17689 17689 D LibreOfficeUIActivity: sortMode=0 filterMode=-1
07-03 18:36:33.585 17689 17689 I AppCompatViewInflater: app:theme is now deprecated. Please move to using android:theme instead.
07-03 18:36:33.614 17689 17712 D FileUtilities: doAccept : main.key mode -1 byFilename
07-03 18:36:33.688 17689 17713 I Adreno-EGL: : EGL 1.4 QUALCOMM build: (Ifd751822f5)
07-03 18:36:33.688 17689 17713 I Adreno-EGL: OpenGL ES Shader Compiler Version: XE031.06.00.05
07-03 18:36:33.688 17689 17713 I Adreno-EGL: Build Date: 01/26/16 Tue 07-03 18:36:33.688 17689 17713 I Adreno-EGL: Local Branch: AU12_SBA
07-03 18:36:33.688 17689 17713 I Adreno-EGL: Remote Branch:
07-03 18:36:33.688 17689 17713 I Adreno-EGL: Local Patches:
07-03 18:36:33.688 17689 17713 I Adreno-EGL: Reconstruct Branch:
07-03 18:36:33.697 17689 17713 I OpenGLRenderer: Initialized EGL, version 1.4
07-03 18:36:33.697 17689 17713 D OpenGLRenderer: Swap behavior 1
07-03 18:36:33.700 17689 17689 I RenderThread: type=1400 audit(0.0:80): avc: denied { read } for uid=10146 name="gpuclk" dev="sysfs" ino=11450 scontext=u:r:untrusted_app:s0:c512,c768 tcontext=u:object_r:sysfs:s0 tclass=file permissive=1
07-03 18:36:33.700 17689 17689 I RenderThread: type=1400 audit(0.0:81): avc: denied { open } for uid=10146 path="/sys/devices/soc.0/1c00000.qcom,kgsl-3d0/kgsl/kgsl-3d0/gpuclk" dev="sysfs" ino=11450 scontext=u:r:untrusted_app:s0:c512,c768 tcontext=u:object_r:sysfs:s0 tclass=file permissive=1
07-03 18:36:33.700 17689 17689 I RenderThread: type=1400 audit(0.0:82): avc: denied { getattr } for uid=10146 path="/sys/devices/soc.0/1c00000.qcom,kgsl-3d0/kgsl/kgsl-3d0/gpuclk" dev="sysfs" ino=11450 scontext=u:r:untrusted_app:s0:c512,c768 tcontext=u:object_r:sysfs:s0 tclass=file permissive=1
07-03 18:36:33.898 17689 17689 D GridItemAdapter: currentDirectory.getName(): 0
07-03 18:36:33.923 17689 17718 D FileUtilities: doAccept : main.key mode -1 byFilename
07-03 18:36:34.022 17689 17689 D GridItemAdapter: currentDirectory.getName(): 0
07-03 18:36:35.088 1247 1847 I chatty : uid=1000(system) android.display expire 9 lines
07-03 18:36:37.531 17689 17725 W o*.a*.j*.w*.x*.DomUtil: Secure XML processing is not supported
07-03 18:36:37.531 17689 17725 W o*.a*.j*.w*.x*.DomUtil: javax.xml.parsers.ParserConfigurationException: http://javax.xml.XMLConstants/feature/secure-processing
07-03 18:36:37.531 17689 17725 W o*.a*.j*.w*.x*.DomUtil: at org.apache.harmony.xml.parsers.DocumentBuilderFactoryImpl.setFeature(DocumentBuilderFactoryImpl.java:101)
07-03 18:36:37.531 17689 17725 W o*.a*.j*.w*.x*.DomUtil: at org.apache.jackrabbit.webdav.xml.DomUtil.createFactory(DomUtil.java:71)
07-03 18:36:37.531 17689 17725 W o*.a*.j*.w*.x*.DomUtil: at org.apache.jackrabbit.webdav.xml.DomUtil.(DomUtil.java:62)
07-03 18:36:37.531 17689 17725 W o*.a*.j*.w*.x*.DomUtil: at org.apache.jackrabbit.webdav.xml.DomUtil.createDocument(DomUtil.java:107)
07-03 18:36:37.531 17689 17725 W o*.a*.j*.w*.x*.DomUtil: at org.apache.jackrabbit.webdav.client.methods.PropFindMethod.(PropFindMethod.java:82)
07-03 18:36:37.531 17689 17725 W o*.a*.j*.w*.x*.DomUtil: at org.apache.jackrabbit.webdav.client.methods.PropFindMethod.(PropFindMethod.java:69)
07-03 18:36:37.531 17689 17725 W o*.a*.j*.w*.x*.DomUtil: at com.owncloud.android.lib.resources.files.ReadRemoteFileOperation.run(ReadRemoteFileOperation.java:78)
07-03 18:36:37.531 17689 17725 W o*.a*.j*.w*.x*.DomUtil: at com.owncloud.android.lib.common.operations.RemoteOperation.execute(RemoteOperation.java:130)
07-03 18:36:37.531 17689 17725 W o*.a*.j*.w*.x*.DomUtil: at org.libreoffice.storage.owncloud.OwnCloudProvider.createFromUri(OwnCloudProvider.java:83)
07-03 18:36:37.531 17689 17725 W o*.a*.j*.w*.x*.DomUtil: at org.libreoffice.storage.owncloud.OwnCloudProvider.getRootDirectory(OwnCloudProvider.java:76)
07-03 18:36:37.531 17689 17725 W o*.a*.j*.w*.x*.DomUtil: at org.libreoffice.ui.LibreOfficeUIActivity$5.doInBackground(LibreOfficeUIActivity.java:291)
07-03 18:36:37.531 17689 17725 W o*.a*.j*.w*.x*.DomUtil: at org.libreoffice.ui.LibreOfficeUIActivity$5.doInBackground(LibreOfficeUIActivity.java:283)
07-03 18:36:37.531 17689 17725 W o*.a*.j*.w*.x*.DomUtil: at android.os.AsyncTask$2.call(AsyncTask.java:305)
07-03 18:36:37.531 17689 17725 W o*.a*.j*.w*.x*.DomUtil: at java.util.concurrent.FutureTask.run(FutureTask.java:237)
07-03 18:36:37.531 17689 17725 W o*.a*.j*.w*.x*.DomUtil: at android.os.AsyncTask$SerialExecutor$1.run(AsyncTask.java:243)
07-03 18:36:37.531 17689 17725 W o*.a*.j*.w*.x*.DomUtil: at java.util.concurrent.ThreadPoolExecutor.runWorker(ThreadPoolExecutor.java:1133)
07-03 18:36:37.531 17689 17725 W o*.a*.j*.w*.x*.DomUtil: at java.util.concurrent.ThreadPoolExecutor$Worker.run(ThreadPoolExecutor.java:607)
07-03 18:36:37.531 17689 17725 W o*.a*.j*.w*.x*.DomUtil: at java.lang.Thread.run(Thread.java:761)
07-03 18:36:37.660 17689 17725 D OwnCloudClient #0: REQUEST PROPFIND /remote.php/webdav/
07-03 18:36:37.665 17689 17725 W System.err: java.lang.IllegalArgumentException: host parameter is null
07-03 18:36:37.665 17689 17725 W System.err: at org.apache.commons.httpclient.HttpConnection.(HttpConnection.java:206)
07-03 18:36:37.665 17689 17725 W System.err: at org.apache.commons.httpclient.HttpConnection.(HttpConnection.java:155)
07-03 18:36:37.665 17689 17725 W System.err: at org.apache.commons.httpclient.MultiThreadedHttpConnectionManager$HttpConnectionWithReference.(MultiThreadedHttpConnectionManager.java:1145)
07-03 18:36:37.666 17689 17725 W System.err: at org.apache.commons.httpclient.MultiThreadedHttpConnectionManager$ConnectionPool.createConnection(MultiThreadedHttpConnectionManager.java:762)
07-03 18:36:37.666 17689 17725 W System.err: at org.apache.commons.httpclient.MultiThreadedHttpConnectionManager.doGetConnection(MultiThreadedHttpConnectionManager.java:476)
07-03 18:36:37.666 17689 17725 W System.err: at org.apache.commons.httpclient.MultiThreadedHttpConnectionManager.getConnectionWithTimeout(MultiThreadedHttpConnectionManager.java:416)
07-03 18:36:37.666 17689 17725 W System.err: at org.apache.commons.httpclient.HttpMethodDirector.executeMethod(HttpMethodDirector.java:153)
07-03 18:36:37.666 17689 17725 W System.err: at org.apache.commons.httpclient.HttpClient.executeMethod(HttpClient.java:397)
07-03 18:36:37.666 17689 17725 W System.err: at org.apache.commons.httpclient.HttpClient.executeMethod(HttpClient.java:323)
07-03 18:36:37.666 17689 17725 W System.err: at com.owncloud.android.lib.common.OwnCloudClient.executeMethod(OwnCloudClient.java:217)
07-03 18:36:37.666 17689 17725 W System.err: at com.owncloud.android.lib.common.OwnCloudClient.executeMethod(OwnCloudClient.java:187)
07-03 18:36:37.666 17689 17725 W System.err: at com.owncloud.android.lib.resources.files.ReadRemoteFileOperation.run(ReadRemoteFileOperation.java:82)
07-03 18:36:37.666 17689 17725 W System.err: at com.owncloud.android.lib.common.operations.RemoteOperation.execute(RemoteOperation.java:130)
07-03 18:36:37.666 17689 17725 W System.err: at org.libreoffice.storage.owncloud.OwnCloudProvider.createFromUri(OwnCloudProvider.java:83)
07-03 18:36:37.666 17689 17725 W System.err: at org.libreoffice.storage.owncloud.OwnCloudProvider.getRootDirectory(OwnCloudProvider.java:76)
07-03 18:36:37.666 17689 17725 W System.err: at org.libreoffice.ui.LibreOfficeUIActivity$5.doInBackground(LibreOfficeUIActivity.java:291)
07-03 18:36:37.666 17689 17725 W System.err: at org.libreoffice.ui.LibreOfficeUIActivity$5.doInBackground(LibreOfficeUIActivity.java:283)
07-03 18:36:37.666 17689 17725 W System.err: at android.os.AsyncTask$2.call(AsyncTask.java:305)
07-03 18:36:37.666 17689 17725 W System.err: at java.util.concurrent.FutureTask.run(FutureTask.java:237)
07-03 18:36:37.666 17689 17725 W System.err: at android.os.AsyncTask$SerialExecutor$1.run(AsyncTask.java:243)
07-03 18:36:37.666 17689 17725 W System.err: at java.util.concurrent.ThreadPoolExecutor.runWorker(ThreadPoolExecutor.java:1133)
07-03 18:36:37.666 17689 17725 W System.err: at java.util.concurrent.ThreadPoolExecutor$Worker.run(ThreadPoolExecutor.java:607)
07-03 18:36:37.666 17689 17725 W System.err: at java.lang.Thread.run(Thread.java:761)
07-03 18:36:37.668 17689 17725 E ReadRemoteFileOperation: Synchronizing file /: Unexpected exception
07-03 18:36:37.668 17689 17725 E ReadRemoteFileOperation: java.lang.IllegalArgumentException: host parameter is null
07-03 18:36:37.668 17689 17725 E ReadRemoteFileOperation: at org.apache.commons.httpclient.HttpConnection.(HttpConnection.java:206)
07-03 18:36:37.668 17689 17725 E ReadRemoteFileOperation: at org.apache.commons.httpclient.HttpConnection.(HttpConnection.java:155)
07-03 18:36:37.668 17689 17725 E ReadRemoteFileOperation: at org.apache.commons.httpclient.MultiThreadedHttpConnectionManager$HttpConnectionWithReference.(MultiThreadedHttpConnectionManager.java:1145)
07-03 18:36:37.668 17689 17725 E ReadRemoteFileOperation: at org.apache.commons.httpclient.MultiThreadedHttpConnectionManager$ConnectionPool.createConnection(MultiThreadedHttpConnectionManager.java:762)
07-03 18:36:37.668 17689 17725 E ReadRemoteFileOperation: at org.apache.commons.httpclient.MultiThreadedHttpConnectionManager.doGetConnection(MultiThreadedHttpConnectionManager.java:476)
07-03 18:36:37.668 17689 17725 E ReadRemoteFileOperation: at org.apache.commons.httpclient.MultiThreadedHttpConnectionManager.getConnectionWithTimeout(MultiThreadedHttpConnectionManager.java:416)
07-03 18:36:37.668 17689 17725 E ReadRemoteFileOperation: at org.apache.commons.httpclient.HttpMethodDirector.executeMethod(HttpMethodDirector.java:153)
07-03 18:36:37.668 17689 17725 E ReadRemoteFileOperation: at org.apache.commons.httpclient.HttpClient.executeMethod(HttpClient.java:397)
07-03 18:36:37.668 17689 17725 E ReadRemoteFileOperation: at org.apache.commons.httpclient.HttpClient.executeMethod(HttpClient.java:323)
07-03 18:36:37.668 17689 17725 E ReadRemoteFileOperation: at com.owncloud.android.lib.common.OwnCloudClient.executeMethod(OwnCloudClient.java:217)
07-03 18:36:37.668 17689 17725 E ReadRemoteFileOperation: at com.owncloud.android.lib.common.OwnCloudClient.executeMethod(OwnCloudClient.java:187)
07-03 18:36:37.668 17689 17725 E ReadRemoteFileOperation: at com.owncloud.android.lib.resources.files.ReadRemoteFileOperation.run(ReadRemoteFileOperation.java:82)
07-03 18:36:37.668 17689 17725 E ReadRemoteFileOperation: at com.owncloud.android.lib.common.operations.RemoteOperation.execute(RemoteOperation.java:130)
07-03 18:36:37.668 17689 17725 E ReadRemoteFileOperation: at org.libreoffice.storage.owncloud.OwnCloudProvider.createFromUri(OwnCloudProvider.java:83)
07-03 18:36:37.668 17689 17725 E ReadRemoteFileOperation: at org.libreoffice.storage.owncloud.OwnCloudProvider.getRootDirectory(OwnCloudProvider.java:76)
07-03 18:36:37.668 17689 17725 E ReadRemoteFileOperation: at org.libreoffice.ui.LibreOfficeUIActivity$5.doInBackground(LibreOfficeUIActivity.java:291)
07-03 18:36:37.668 17689 17725 E ReadRemoteFileOperation: at org.libreoffice.ui.LibreOfficeUIActivity$5.doInBackground(LibreOfficeUIActivity.java:283)
07-03 18:36:37.668 17689 17725 E ReadRemoteFileOperation: at android.os.AsyncTask$2.call(AsyncTask.java:305)
07-03 18:36:37.668 17689 17725 E ReadRemoteFileOperation: at java.util.concurrent.FutureTask.run(FutureTask.java:237)
07-03 18:36:37.668 17689 17725 E ReadRemoteFileOperation: at android.os.AsyncTask$SerialExecutor$1.run(AsyncTask.java:243)
07-03 18:36:37.668 17689 17725 E ReadRemoteFileOperation: at java.util.concurrent.ThreadPoolExecutor.runWorker(ThreadPoolExecutor.java:1133)
07-03 18:36:37.668 17689 17725 E ReadRemoteFileOperation: at java.util.concurrent.ThreadPoolExecutor$Worker.run(ThreadPoolExecutor.java:607)
07-03 18:36:37.668 17689 17725 E ReadRemoteFileOperation: at java.lang.Thread.run(Thread.java:761)
07-03 18:36:37.669 17689 17725 E LibreOfficeUIActivity: Unspecified error connecting to ownCloud server. Check your configuration and/or try later.
07-03 18:36:37.703 17689 17689 D GridItemAdapter: currentDirectory.getName(): 0
07-03 18:36:39.716 1247 1247 W WindowManager: Attempted to remove non-existing token: android.os.Binder@a9e16b5
07-03 18:36:40.211 17689 17712 E LibreOfficeUIActivity: Invalid root file. Check your configuration.
07-03 18:36:40.220 17689 17689 D GridItemAdapter: currentDirectory.getName(): 0
07-03 18:36:41.145 17689 17718 D FileUtilities: doAccept : main.key mode -1 byFilename
07-03 18:36:41.151 17689 17689 D GridItemAdapter: currentDirectory.getName(): 0
07-03 18:36:42.188 17689 17689 W art : Before Android 4.1, method int android.support.v7.widget.ListViewCompat.lookForSelectablePosition(int, boolean) would have incorrectly overridden the package-private method in android.widget.ListView
07-03 18:36:42.225 1247 1247 W WindowManager: Attempted to remove non-existing token: android.os.Binder@226b597
07-03 18:36:42.266 17689 17694 I art : Do partial code cache collection, code=21KB, data=30KB
07-03 18:36:42.267 17689 17694 I art : After code cache collection, code=21KB, data=30KB
07-03 18:36:42.267 17689 17694 I art : Increasing code cache capacity to 128KB
07-03 18:36:43.265 1247 6388 W InputMethodManagerService: Window already focused, ignoring focus gain of: com.android.internal.view.IInputMethodClient$Stub$Proxy@4ed53f0 attribute=null, token = android.os.BinderProxy@bcea5f2
07-03 18:36:43.701 17689 17689 D GridItemAdapter: currentDirectory.getName(): Documents
07-03 18:36:44.340 5235 5235 I chatty : uid=1010(wifi) /system/bin/wpa_supplicant expire 47 lines
07-03 18:36:46.952 1247 16832 I ActivityManager: START u0 {cmp=org.documentfoundation.libreoffice/org.libreoffice.SettingsActivity} from uid 10146 on display 0
07-03 18:36:46.984 17689 17689 D LibreOfficeUIActivity: onPause
07-03 18:36:47.311 17689 17713 D OpenGLRenderer: endAllActiveAnimators on 0x9bc53100 (ListPopupWindow$DropDownListView) with handle 0x9b7f43a0
07-03 18:36:47.566 17689 17689 D LibreOfficeUIActivity: org.libreoffice.storage.local.LocalFile@16d0cf2-10
07-03 18:36:47.566 17689 17689 D LibreOfficeUIActivity: savedInstanceState
07-03 18:36:47.568 17689 17689 D LibreOfficeUIActivity: onStop
07-03 18:36:48.308 5271 5271 I SlideTouchEvent: vel=0.0, MinimumFlingVelocity=90
07-03 18:36:48.328 17689 17689 D LibreOfficeUIActivity: onStart
07-03 18:36:48.331 17689 17689 D LibreOfficeUIActivity: onResume
07-03 18:36:48.331 17689 17689 D LibreOfficeUIActivity: sortMode=0 filterMode=-1
07-03 18:36:48.335 17689 17689 I AppCompatViewInflater: app:theme is now deprecated. Please move to using android:theme instead.
07-03 18:36:48.391 17689 17689 W View : requestLayout() improperly called by android.widget.ListView{62f9f16 IFED.VC.. ......ID -432,0-0,1050 #7f0e0071 app:id/left_drawer} during layout: running second layout pass
07-03 18:36:48.446 17689 17689 D GridItemAdapter: currentDirectory.getName(): Documents
07-03 18:36:49.577 6532 17756 I EventLogChimeraService: Opted in for usage reporting
07-03 18:36:49.580 6532 17756 I EventLogChimeraService: Aggregate from 1499123989533 (log), 1499123205601 (data)
07-03 18:36:49.642 1247 1626 W DropBoxManagerService: Dropping: event_data (63 > 0 bytes)
07-03 18:36:49.680 1247 5251 I ActivityManager: START u0 {cmp=org.documentfoundation.libreoffice/org.libreoffice.storage.DocumentProviderSettingsActivity} from uid 10146 on display 0
07-03 18:36:49.704 17689 17689 D LibreOfficeUIActivity: onPause
07-03 18:36:49.977 17689 17713 D OpenGLRenderer: endAllActiveAnimators on 0x9c445f00 (ListPopupWindow$DropDownListView) with handle 0x9b7f43a0
07-03 18:36:50.127 17689 17689 D LibreOfficeUIActivity: org.libreoffice.storage.local.LocalFile@16d0cf2-10
07-03 18:36:50.127 17689 17689 D LibreOfficeUIActivity: savedInstanceState
07-03 18:36:50.133 17689 17689 D LibreOfficeUIActivity: onStop
07-03 18:36:51.202 5271 5271 I SlideTouchEvent: vel=0.0, MinimumFlingVelocity=90
07-03 18:36:51.230 17689 17689 D LibreOfficeUIActivity: onStart
07-03 18:36:51.230 17689 17689 D LibreOfficeUIActivity: onResume
07-03 18:36:51.230 17689 17689 D LibreOfficeUIActivity: sortMode=0 filterMode=-1
07-03 18:36:51.232 17689 17689 I AppCompatViewInflater: app:theme is now deprecated. Please move to using android:theme instead.
07-03 18:36:51.287 17689 17689 W View : requestLayout() improperly called by android.widget.ListView{d4a8cc2 IFED.VC.. ......ID -432,0-0,1050 #7f0e0071 app:id/left_drawer} during layout: running second layout pass
07-03 18:36:51.319 17689 17689 D GridItemAdapter: currentDirectory.getName(): Documents
07-03 18:36:52.334 1247 6433 I ActivityManager: START u0 {cmp=org.documentfoundation.libreoffice/org.libreoffice.SettingsActivity} from uid 10146 on display 0
07-03 18:36:52.364 17689 17689 D LibreOfficeUIActivity: onPause
07-03 18:36:52.591 17689 17713 D OpenGLRenderer: endAllActiveAnimators on 0x9af52200 (ListPopupWindow$DropDownListView) with handle 0x9c47ffe0
07-03 18:36:52.806 17689 17689 D LibreOfficeUIActivity: org.libreoffice.storage.local.LocalFile@16d0cf2-10
07-03 18:36:52.806 17689 17689 D LibreOfficeUIActivity: savedInstanceState
07-03 18:36:52.807 17689 17689 D LibreOfficeUIActivity: onStop
07-03 18:36:54.555 1247 17754 W DropBoxManagerService: Dropping: system_app_strictmode (2017 > 0 bytes)
07-03 18:36:56.967 1283 1698 I chatty : uid=1041(audioserver) AudioOut_15 expire 10 lines
07-03 18:37:10.694 15829 15829 D HeadsetPhoneState: sendDeviceStateChanged. mService=1 mSignal=5 mRoam=0 mBatteryCharge=2
07-03 18:37:17.187 1283 1698 I chatty : uid=1041(audioserver) AudioOut_15 expire 58 lines
07-03 18:37:17.214 5271 5271 I SlideTouchEvent: vel=0.0, MinimumFlingVelocity=90
07-03 18:37:17.234 17689 17689 D LibreOfficeUIActivity: onStart
07-03 18:37:17.235 17689 17689 D LibreOfficeUIActivity: onResume
07-03 18:37:17.235 17689 17689 D LibreOfficeUIActivity: sortMode=0 filterMode=-1
07-03 18:37:17.238 17689 17689 I AppCompatViewInflater: app:theme is now deprecated. Please move to using android:theme instead.
