06-22 09:43:57.284 307 1217 D audio_hw_primary: out_set_parameters: enter: usecase(1: low-latency-playback) kvpairs: routing=2
06-22 09:43:57.296 861 872 I ActivityManager: START u0 {act=android.intent.action.VIEW dat=file:///storage/emulated/0/ras.odt cmp=org.example.libreoffice/org.libreoffice.LibreOfficeMainActivity (has extras)} from uid 10273 on display 0
06-22 09:43:57.296 307 1217 D audio_hw_primary: select_devices: out_snd_device(2: speaker) in_snd_device(0: none)
06-22 09:43:57.296 307 1217 D msm8974_platform: platform_send_audio_calibration: sending audio calibration for snd_device(2) acdb_id(15)
06-22 09:43:57.296 307 1217 D audio_hw_primary: enable_snd_device: snd_device(2: speaker)
06-22 09:43:57.298 307 1217 D audio_hw_primary: enable_audio_route: apply and update mixer path: low-latency-playback speaker
06-22 09:43:57.309 4768 4768 D LibreOfficeUIActivity: onPause
06-22 09:43:57.324 4768 4768 W LibreOfficeMainActivity: onCreate..
06-22 09:43:57.333 4768 4768 I AppCompatViewInflater: app:theme is now deprecated. Please move to using android:theme instead.
06-22 09:43:57.335 4768 4768 I AppCompatViewInflater: app:theme is now deprecated. Please move to using android:theme instead.
06-22 09:43:57.383 4768 4768 D LibreOfficeMainActivity: SCHEME_FILE: getPath(): /storage/emulated/0/ras.odt
06-22 09:43:57.411 4768 4768 W linker : /data/app/org.example.libreoffice-1/lib/arm/liblo-native-code.so: is missing DT_SONAME will use basename as a replacement: "liblo-native-code.so"
06-22 09:43:57.795 4768 4768 I GeckoAxis: Prefs: 0.96174634,0.99271643,2.4,0.012,0.461843,0.3,0.5
06-22 09:43:57.805 4768 4768 E org.mozilla.gecko.gfx.LayerView: ### Creating GL thread!
06-22 09:43:57.828 4768 4768 I LibreOfficeMainActivity: onStart..
06-22 09:43:57.829 4768 4768 I LibreOfficeMainActivity: onResume..
06-22 09:43:57.830 4768 4799 I lo-bootstrap: putenv(SAL_LOG=+WARN+INFO)
06-22 09:43:57.831 4768 4799 I LibreOfficeKit: Initializing LibreOfficeKit, dataDir=/data/user/0/org.example.libreoffice
06-22 09:43:57.831 4768 4799 I lo-bootstrap: redirect_stdio: stdout pipe: [30,34], stderr pipe: [39,40]
06-22 09:43:57.832 4768 4799 I lo-bootstrap: putenv(OOO_DISABLE_RECOVERY=1)
06-22 09:43:57.832 4768 4799 I lo-bootstrap: putenv(FONTCONFIG_FILE=/data/user/0/org.example.libreoffice/etc/fonts/fonts.conf)
06-22 09:43:57.832 4768 4799 I lo-bootstrap: putenv(TMPDIR=/data/user/0/org.example.libreoffice/cache)
06-22 09:43:57.834 4768 4768 I Choreographer: Skipped 30 frames! The application may be doing too much work on its main thread.
06-22 09:43:57.940 861 880 I ActivityManager: Displayed org.example.libreoffice/org.libreoffice.LibreOfficeMainActivity: +629ms
06-22 09:43:57.988 4768 4785 D OpenGLRenderer: endAllStagingAnimators on 0xaa2bb100 (GridView) with handle 0xaa737630
06-22 09:43:58.282 4768 4805 I LibreOffice: New sal thread started and attached res=0
06-22 09:43:58.283 4768 4805 I LibreOffice/androidinst: Android: CreateSalInstance!
06-22 09:43:58.283 4768 4805 I LibreOffice/androidinst: AttachCurrentThread res=0 env=0x91f1d120
06-22 09:43:58.314 4768 4768 D LibreOfficeUIActivity: org.libreoffice.storage.local.LocalFile@e38a28b-10
06-22 09:43:58.314 4768 4768 D LibreOfficeUIActivity: savedInstanceState
06-22 09:43:58.315 4768 4768 D LibreOfficeUIActivity: onStop
06-22 09:44:00.320 1590 1590 I DownloadManagerWrapper: onReceive() : Charging = true
06-22 09:44:00.333 26381 26381 I NewsWeather: Last usage 0, idle 1466603040 seconds, sync interval 2160000 seconds
06-22 09:44:00.350 26381 26381 I NewsWeather: Last usage 0, idle 1466603040 seconds, sync interval 2160000 seconds
06-22 09:44:00.351 26381 26381 I NewsWeather: setPeriodicSync in 2160000 seconds
06-22 09:44:00.360 26381 26381 I NewsWeather: Last usage 1466512730308, idle 90310 seconds, sync interval 21600 seconds
06-22 09:44:00.360 26381 26381 I NewsWeather: Last usage 1466512730308, idle 90310 seconds, sync interval 21600 seconds
06-22 09:44:00.361 26381 26381 I NewsWeather: setPeriodicSync in 21600 seconds
06-22 09:44:00.588 307 1217 D audio_hw_primary: disable_audio_route: reset and update mixer path: low-latency-playback speaker
06-22 09:44:00.592 307 1217 D audio_hw_primary: disable_snd_device: snd_device(2: speaker)
06-22 09:44:02.642 17223 17223 D HeadsetPhoneState: sendDeviceStateChanged. mService=1 mSignal=5 mRoam=0 mBatteryCharge=4
06-22 09:44:03.171 4805 4805 W Thread-5049: type=1400 audit(0.0:850): avc: denied { link } for name="3336a65c52528c9c368e942d3dd307f8-arm.cache-3.TMP-OV5t7s" dev="mmcblk0p42" ino=525688 scontext=u:r:untrusted_app:s0:c512,c768 tcontext=u:object_r:app_data_file:s0:c512,c768 tclass=file permissive=0
06-22 09:44:05.375 1590 1590 I DownloadManagerWrapper: onReceive() : Charging = true
06-22 09:44:05.378 26381 26381 I NewsWeather: Last usage 0, idle 1466603045 seconds, sync interval 2160000 seconds
06-22 09:44:05.391 26381 26381 I NewsWeather: Last usage 0, idle 1466603045 seconds, sync interval 2160000 seconds
06-22 09:44:05.391 26381 26381 I NewsWeather: setPeriodicSync in 2160000 seconds
06-22 09:44:05.395 1590 1590 I DownloadManagerWrapper: onReceive() : Charging = true
06-22 09:44:05.405 26381 26381 I NewsWeather: Last usage 1466512730308, idle 90315 seconds, sync interval 21600 seconds
06-22 09:44:05.405 26381 26381 I NewsWeather: Last usage 1466512730308, idle 90315 seconds, sync interval 21600 seconds
06-22 09:44:05.405 26381 26381 I NewsWeather: setPeriodicSync in 21600 seconds
06-22 09:44:05.421 4805 4805 W Thread-5049: type=1400 audit(0.0:851): avc: denied { link } for name="73bdbee0f1b98be33353d76299cf000c-arm.cache-3.TMP-a2aK5V" dev="mmcblk0p42" ino=525688 scontext=u:r:untrusted_app:s0:c512,c768 tcontext=u:object_r:app_data_file:s0:c512,c768 tclass=file permissive=0
06-22 09:44:05.440 26381 26381 I NewsWeather: Last usage 0, idle 1466603045 seconds, sync interval 2160000 seconds
06-22 09:44:05.456 26381 26381 I NewsWeather: Last usage 0, idle 1466603045 seconds, sync interval 2160000 seconds
06-22 09:44:05.456 26381 26381 I NewsWeather: setPeriodicSync in 2160000 seconds
06-22 09:44:05.463 26381 26381 I NewsWeather: Last usage 1466512730308, idle 90315 seconds, sync interval 21600 seconds
06-22 09:44:05.463 26381 26381 I NewsWeather: Last usage 1466512730308, idle 90315 seconds, sync interval 21600 seconds
06-22 09:44:05.463 26381 26381 I NewsWeather: setPeriodicSync in 21600 seconds
06-22 09:44:05.502 4768 4799 I LibreOfficeKit: LibreOfficeKit successfully initialized
06-22 09:44:05.503 4768 4799 I LOKitTileProvider: ====> Loading file '/storage/emulated/0/ras.odt'
06-22 09:44:05.861 4768 4807 I LibreOffice: New sal thread started and attached res=0
06-22 09:44:06.113 4768 4807 I LibreOffice: Detached finished sal thread res=0
06-22 09:44:06.129 4768 4799 I LOKitTileProvider: ====> mOffice.documentLoad() returned null, trying to restart 'Office' and loading again
06-22 09:44:06.148 4768 4805 I LibreOffice/androidinst: DetachCurrentThread res=0
06-22 09:44:06.148 4768 4805 I LibreOffice/androidinst: destroyed Android Sal Instance
06-22 09:44:06.149 4768 4805 I LibreOffice: Detached finished sal thread res=-1
06-22 09:44:06.149 4768 4799 I LOKitTileProvider: ====> mOffice.destroy() done
06-22 09:44:06.313 861 1692 I WindowState: WIN DEATH: Window{6c6a8e1 u0 org.example.libreoffice/org.libreoffice.LibreOfficeMainActivity}
06-22 09:44:06.314 861 1692 W WindowManager: Force-removing child win Window{ae4a260 u0 SurfaceView} from container Window{6c6a8e1 u0 org.example.libreoffice/org.libreoffice.LibreOfficeMainActivity}
06-22 09:44:06.315 861 1695 D GraphicsStats: Buffer count: 16
06-22 09:44:06.341 861 1281 W InputDispatcher: channel 'f7b8d30 org.example.libreoffice/org.libreoffice.ui.LibreOfficeUIActivity (server)' ~ Consumer closed input channel or an error occurred. events=0x9
06-22 09:44:06.342 861 1281 E InputDispatcher: channel 'f7b8d30 org.example.libreoffice/org.libreoffice.ui.LibreOfficeUIActivity (server)' ~ Channel is unrecoverably broken and will be disposed!
06-22 09:44:06.344 321 321 I Zygote : Process 4768 exited due to signal (11)
06-22 09:44:06.345 861 1707 I ActivityManager: Process org.example.libreoffice (pid 4768) has died
06-22 09:44:06.345 861 1707 W ActivityManager: Force removing ActivityRecord{900bb65 u0 org.example.libreoffice/org.libreoffice.LibreOfficeMainActivity t12161}: app died, no saved state
06-22 09:44:06.352 861 1355 W WindowManager: Failed looking up window
06-22 09:44:06.352 861 1355 W WindowManager: java.lang.IllegalArgumentException: Requested window android.os.BinderProxy@910a606 does not exist
06-22 09:44:06.352 861 1355 W WindowManager: at com.android.server.wm.WindowManagerService.windowForClientLocked(WindowManagerService.java:8736)
06-22 09:44:06.352 861 1355 W WindowManager: at com.android.server.wm.WindowManagerService.windowForClientLocked(WindowManagerService.java:8727)
06-22 09:44:06.352 861 1355 W WindowManager: at com.android.server.wm.WindowState$DeathRecipient.binderDied(WindowState.java:1209)
06-22 09:44:06.352 861 1355 W WindowManager: at android.os.BinderProxy.sendDeathNotice(Binder.java:558)
06-22 09:44:06.352 861 1355 I WindowState: WIN DEATH: null
06-22 09:44:06.353 861 3370 I WindowState: WIN DEATH: Window{f7b8d30 u0 org.example.libreoffice/org.libreoffice.ui.LibreOfficeUIActivity}
06-22 09:44:06.353 861 3370 W InputDispatcher: Attempted to unregister already unregistered input channel 'f7b8d30 org.example.libreoffice/org.libreoffice.ui.LibreOfficeUIActivity (server)'
06-22 09:44:06.380 4809 4809 I art : Late-enabling -Xcheck:jni
06-22 09:44:06.381 861 1707 I ActivityManager: Start proc 4809:org.example.libreoffice/u0a273 for activity org.example.libreoffice/org.libreoffice.ui.LibreOfficeUIActivity
06-22 09:44:06.490 4809 4809 D NetworkUtils: Searching known-servers store at /data/user/0/org.example.libreoffice/files/knownServers.bks
06-22 09:44:06.499 4809 4809 D OwnCloudClient #0: Creating OwnCloudClient
06-22 09:44:06.554 4809 4809 I AppCompatViewInflater: app:theme is now deprecated. Please move to using android:theme instead.
06-22 09:44:06.594 4809 4809 D LibreOfficeUIActivity: onStart
06-22 09:44:06.595 4809 4809 D LibreOfficeUIActivity: onRestoreInstanceState - documentProvider is null
06-22 09:44:06.595 4809 4809 D LibreOfficeUIActivity: onRestoreInstanceState
06-22 09:44:06.595 4809 4809 D LibreOfficeUIActivity: org.libreoffice.storage.local.LocalFile@73c8359-10
06-22 09:44:06.596 4809 4809 D LibreOfficeUIActivity: onResume
06-22 09:44:06.596 4809 4809 D LibreOfficeUIActivity: sortMode=0 filterMode=-1
06-22 09:44:06.597 4809 4809 I AppCompatViewInflater: app:theme is now deprecated. Please move to using android:theme instead.
06-22 09:44:06.621 4809 4827 D OpenGLRenderer: Use EGL_SWAP_BEHAVIOR_PRESERVED: true
06-22 09:44:06.628 4809 4826 D FileUtilities: doAccept : ras.odt mode -1 byFilename
06-22 09:44:06.631 4809 4826 D FileUtilities: doAccept : ut2.ods mode -1 byFilename
06-22 09:44:06.647 4809 4809 D GridItemAdapter: currentDirectory.getName(): 0
06-22 09:44:06.720 4809 4827 I Adreno : QUALCOMM build : 52af4d2, I8366cd0437
06-22 09:44:06.720 4809 4827 I Adreno : Build Date : 10/20/15
06-22 09:44:06.720 4809 4827 I Adreno : OpenGL ES Shader Compiler Version: XE031.05.13.02
06-22 09:44:06.720 4809 4827 I Adreno : Local Branch : M14
06-22 09:44:06.720 4809 4827 I Adreno : Remote Branch :
06-22 09:44:06.720 4809 4827 I Adreno : Remote Branch :
06-22 09:44:06.720 4809 4827 I Adreno : Reconstruct Branch :
06-22 09:44:06.735 4809 4827 I OpenGLRenderer: Initialized EGL, version 1.4
06-22 09:44:06.931 861 880 I ActivityManager: Displayed org.example.libreoffice/org.libreoffice.ui.LibreOfficeUIActivity: +569ms
06-22 09:44:06.933 861 3371 W InputMethodManagerService: Got RemoteException sending setActive(false) notification to pid 4768 uid 10273
06-22 09:44:06.971 4809 4831 D FileUtilities: doAccept : ras.odt mode -1 byFilename
06-22 09:44:06.972 4809 4831 D FileUtilities: doAccept : ut2.ods mode -1 byFilename
06-22 09:44:06.973 4809 4809 D GridItemAdapter: currentDirectory.getName(): 0