I/Timeline( 9532): Timeline: Activity_launch_request id:org.example.libreoffice time:33071984
I/ActivityManager( 6884): START u0 {act=android.intent.action.MAIN cat=[android.intent.category.LAUNCHER] flg=0x10200000 cmp=org.example.libreoffice/org.libreoffice.ui.LibreOfficeUIActivity (has extras)} from uid 10033 on display 0
D/LibreOfficeUIActivity(30374): onStart
D/LibreOfficeUIActivity(30374): onResume
D/LibreOfficeUIActivity(30374): sortMode=0 filterMode=-1
I/AppCompatViewInflater(30374): app:theme is now deprecated. Please move to using android:theme instead.
W/View (30374): requestLayout() improperly called by android.widget.ListView{32524f32 IFED.VC. ......ID -480,0-0,1022 #7f0d0070 app:id/left_drawer} during layout: running second layout pass
I/Timeline(30374): Timeline: Activity_idle id: android.os.BinderProxy@10dd307 time:33072146
D/FileUtilities(30374): doAccept : redacted.docx mode -1 byFilename
D/FileUtilities(30374): doAccept : redacted.docx mode -1 byFilename
D/FileUtilities(30374): doAccept : redacted.docx mode -1 byFilename
D/GridItemAdapter(30374): currentDirectory.getName(): 0
D/FileUtilities(30374): extn : redacted.docx -> 0
D/FileUtilities(30374): extn : redacted.docx -> 0
D/LBSSystemMonitorService( 6884): handleMessage what - 4
D/Wiper_jni( 6884): Send Network Location.
I/Timeline( 6884): Timeline: Activity_windows_visible id: ActivityRecord{17c59a21 u0 org.example.libreoffice/org.libreoffice.ui.LibreOfficeUIActivity t2859} time:33072568
I/Timeline(30374): Timeline: Activity_launch_request id:org.example.libreoffice time:33077574
I/ActivityManager( 6884): START u0 {act=android.intent.action.VIEW dat=file:///storage/emulated/0/redacted.docx cmp=org.example.libreoffice/org.libreoffice.LibreOfficeMainActivity (has extras)} from uid 10112 on display 0
V/WindowManager( 6884): addAppToken: AppWindowToken{31392f0c token=Token{de33a3f ActivityRecord{371c765e u0 org.example.libreoffice/org.libreoffice.LibreOfficeMainActivity t2859}}} to stack=1 task=2859 at 1
D/LibreOfficeUIActivity(30374): onPause
W/LibreOfficeMainActivity(30374): onCreate..
I/AppCompatViewInflater(30374): app:theme is now deprecated. Please move to using android:theme instead.
I/AppCompatViewInflater(30374): app:theme is now deprecated. Please move to using android:theme instead.
I/AppCompatViewInflater(30374): app:theme is now deprecated. Please move to using android:theme instead.
D/LibreOfficeMainActivity(30374): SCHEME_FILE: getPath(): /storage/emulated/0/redacted.docx
I/GeckoAxis(30374): Prefs: 0.96174634,0.99271643,2.4,0.012,0.461843,0.3,0.5
E/org.mozilla.gecko.gfx.LayerView(30374): ### Creating GL thread!
I/LibreOfficeMainActivity(30374): onStart..
I/LibreOfficeMainActivity(30374): onResume..
I/lo-bootstrap(30374): putenv(SAL_LOG=+WARN+INFO)
I/LibreOfficeKit(30374): Initializing LibreOfficeKit, dataDir=/data/data/org.example.libreoffice
I/lo-bootstrap(30374): redirect_stdio: stdout pipe: [33,34], stderr pipe: [43,44]
D/LibreOfficeKit(30374): deleting cacheDir recursively - this is only a workaround - fixme please
D/LibreOfficeKit(30374): deleting cacheDir recursively - this is only a workaround - fixme please
D/LibreOfficeKit(30374): deleting cacheDir recursively - this is only a workaround - fixme please
D/LibreOfficeKit(30374): deleting cacheDir recursively - this is only a workaround - fixme please
I/lo-bootstrap(30374): putenv(OOO_DISABLE_RECOVERY=1)
I/lo-bootstrap(30374): putenv(FONTCONFIG_FILE=/data/data/org.example.libreoffice/etc/fonts/fonts.conf)
I/lo-bootstrap(30374): putenv(TMPDIR=/data/data/org.example.libreoffice/cache)
V/WindowManager( 6884): Adding window Window{8359a6a u0 org.example.libreoffice/org.libreoffice.LibreOfficeMainActivity} at 9 of 15 (after Window{87cbe1b u0 org.example.libreoffice/org.libreoffice.ui.LibreOfficeUIActivity})
V/WindowManager( 6884): Adding window Window{3bd02ff8 u0 SurfaceView} at 9 of 16 (before Window{8359a6a u0 org.example.libreoffice/org.libreoffice.LibreOfficeMainActivity})
I/ActivityManager( 6884): Displayed org.example.libreoffice/org.libreoffice.LibreOfficeMainActivity: +372ms
I/Timeline(30374): Timeline: Activity_idle id: android.os.BinderProxy@2af0637f time:33078024
I/LibreOffice(30374): New sal thread started and attached res=0
I/LibreOffice(30374): New sal thread started and attached res=0
I/LibreOffice/androidinst(30374): Android: CreateSalInstance!
I/LibreOffice/androidinst(30374): AttachCurrentThread res=0 env=0xab5a7d70
I/LibreOffice/sofficemain(30374): Unhandled UNO exception: 'component context fails to supply singleton com.sun.star.task.OfficeRestartManager of type com.sun.star.task.XRestartManager'
I/stderr (30374): terminate called after throwing an instance of 'com::sun::star::uno::DeploymentException'
F/libc (30374): Fatal signal 6 (SIGABRT) in tid 473 (Thread-204)
I/DEBUG ( 5269): property debug.db.uid not set; NOT waiting for gdb.
I/DEBUG ( 5269): HINT: adb shell setprop debug.db.uid 100000
I/DEBUG ( 5269): HINT: adb forward tcp:5039 tcp:5039
I/DEBUG ( 5269): *** *** *** *** *** *** *** *** *** *** *** *** *** *** *** ***
I/DEBUG ( 5269): Build fingerprint: 'Wileyfox/Swift/crackling:5.1.1/LMY48B/YOG4PAS1T1:user/release-keys'
I/DEBUG ( 5269): Revision: '0'
I/DEBUG ( 5269): ABI: 'arm'
I/DEBUG ( 5269): pid: 30374, tid: 473, name: Thread-204 >>> org.example.libreoffice <<<
I/DEBUG ( 5269): signal 6 (SIGABRT), code 0 (SI_USER), fault addr --------
I/DEBUG ( 5269): r0 00000000 r1 000001d9 r2 00000006 r3 00000000
I/DEBUG ( 5269): r4 e339ddd8 r5 00000006 r6 00000002 r7 0000010c
I/DEBUG ( 5269): r8 e339dd18 r9 ab6ef150 sl f725dddd fp e339dcec
I/DEBUG ( 5269): ip 000001d9 sp e339dc80 lr f725e615 pc f7283c9c cpsr 600f0010
I/DEBUG ( 5269):
I/DEBUG ( 5269): backtrace:
I/DEBUG ( 5269): #00 pc 00039c9c /system/lib/libc.so (tgkill+12)
I/DEBUG ( 5269): #01 pc 00014611 /system/lib/libc.so (pthread_kill+52)
I/DEBUG ( 5269): #02 pc 00015373 /system/lib/libc.so (raise+10)
I/DEBUG ( 5269): #03 pc 000119bd /system/lib/libc.so (__libc_android_abort+36)
I/DEBUG ( 5269): #04 pc 0000f5cc /system/lib/libc.so (abort+4)
I/DEBUG ( 5269): #05 pc 02591760 /data/app/org.example.libreoffice-1/lib/arm/liblo-native-code.so
I/DEBUG ( 5269): #06 pc 025634b4 /data/app/org.example.libreoffice-1/lib/arm/liblo-native-code.so
I/DEBUG ( 5269): #07 pc 02563518 /data/app/org.example.libreoffice-1/lib/arm/liblo-native-code.so
I/DEBUG ( 5269): #08 pc 025636bc /data/app/org.example.libreoffice-1/lib/arm/liblo-native-code.so
I/DEBUG ( 5269): #09 pc 0248beb1 /data/app/org.example.libreoffice-1/lib/arm/liblo-native-code.so
I/DEBUG ( 5269): #10 pc 01b210e9 /data/app/org.example.libreoffice-1/lib/arm/liblo-native-code.so
I/DEBUG ( 5269): #11 pc 00013dfb /system/lib/libc.so (__pthread_start(void*)+30)
I/DEBUG ( 5269): #12 pc 00011d27 /system/lib/libc.so (__start_thread+6)
I/Timeline( 6884): Timeline: Activity_windows_visible id: ActivityRecord{371c765e u0 org.example.libreoffice/org.libreoffice.LibreOfficeMainActivity t2859} time:33078351
D/ConnectivityManager.CallbackHandler( 9048): CM callback handler got msg 524290
W/ActivityManager( 6884): Force finishing activity 1 org.example.libreoffice/org.libreoffice.LibreOfficeMainActivity
I/DEBUG ( 5269):
I/DEBUG ( 5269): Tombstone written to: /data/tombstones/tombstone_04
D/LogFetchServiceManager(10442): Received entry added
I/OpenGLRenderer( 6884): Initialized EGL, version 1.4
I/WindowState( 6884): WIN DEATH: Window{87cbe1b u0 org.example.libreoffice/org.libreoffice.ui.LibreOfficeUIActivity}
I/WindowState( 6884): WIN DEATH: Window{8359a6a u0 org.example.libreoffice/org.libreoffice.LibreOfficeMainActivity}
I/Zygote ( 5284): Process 30374 exited due to signal (6)
I/WindowState( 6884): WIN DEATH: Window{3bd02ff8 u0 SurfaceView}
I/ActivityManager( 6884): Process org.example.libreoffice (pid 30374) has died
W/ActivityManager( 6884): Force removing ActivityRecord{17c59a21 u0 org.example.libreoffice/org.libreoffice.ui.LibreOfficeUIActivity t2859}: app died, no saved state